{"id":1409,"date":"2021-09-07T19:22:34","date_gmt":"2021-09-07T19:22:34","guid":{"rendered":"http:\/\/mdwtalentlab.at.w01326d2.kasserver.com\/?page_id=1409"},"modified":"2023-06-05T09:50:23","modified_gmt":"2023-06-05T09:50:23","slug":"young-masters","status":"publish","type":"page","link":"https:\/\/www.mdw.ac.at\/talentlab\/angebot\/young-masters\/","title":{"rendered":"Young Masters Programm"},"content":{"rendered":"<div class=\"fusion-fullwidth fullwidth-box fusion-builder-row-1 fusion-flex-container nonhundred-percent-fullwidth non-hundred-percent-height-scrolling\" style=\"background-color: rgba(255,255,255,0);background-position: center center;background-repeat: no-repeat;border-width: 0px 0px 0px 0px;border-color:#eae9e9;border-style:solid;\" ><div class=\"fusion-builder-row fusion-row fusion-flex-align-items-flex-start\" style=\"max-width:calc( 1240px + 120px );margin-left: calc(-120px \/ 2 );margin-right: calc(-120px \/ 2 );\"><div class=\"fusion-layout-column fusion_builder_column fusion-builder-column-0 fusion_builder_column_1_1 1_1 fusion-flex-column\"><div class=\"fusion-column-wrapper fusion-flex-justify-content-flex-start fusion-content-layout-column\" style=\"background-position:left top;background-repeat:no-repeat;-webkit-background-size:cover;-moz-background-size:cover;-o-background-size:cover;background-size:cover;padding: 0px 0px 0px 0px;\"><style type=\"text\/css\">.fusion-breadcrumbs.fusion-breadcrumbs-1{font-size:20;}.fusion-breadcrumbs.fusion-breadcrumbs-1 span a:hover{color:#333333 !important;}.fusion-breadcrumbs.fusion-breadcrumbs-1{color:#333333;}.fusion-breadcrumbs.fusion-breadcrumbs-1 a{color:#333333;}<\/style><div class=\"fusion-breadcrumbs fusion-breadcrumbs-1\" style=\"margin-bottom:30px;\"><span class=\"fusion-breadcrumb-item\"><a href=\"https:\/\/www.mdw.ac.at\/talentlab\" class=\"fusion-breadcrumb-link\"><span >Startseite<\/span><\/a><\/span><span class=\"fusion-breadcrumb-sep\">\/<\/span><\/div><div class=\"fusion-text fusion-text-1\"><p>YOUNG MASTERS ist ein Programm zur F\u00f6rderung musikalisch hochbegabter Kinder und Jugendlichen der Universit\u00e4t f\u00fcr Musik und darstellende Kunst Wien in Kooperation mit der Johann Sebastian Bach Musikschule.<\/p>\n<p>Das Programm bietet interessierten und begeisterten Talenten beider Institutionen ein erweitertes und gemeinsames Angebot zu Erg\u00e4nzung ihrer jeweiligen Ausbildungen am Hauptinstrument. Das vielf\u00e4ltige Angebot unterst\u00fctzt junge Talente auf ihrem individuellen Weg in die Welt der Musik.<\/p>\n<p>Das YOUNG MASTERS Programm beinhaltet<\/p>\n<\/div><ul class=\"fusion-checklist fusion-checklist-1\" style=\"font-size:19px;line-height:32.3px;\"><li style=\"background-color:rgba(255,255,255,0);\" class=\"fusion-li-item\"><span style=\"background-color:#e94d18;font-size:16.72px;height:32.3px;width:32.3px;margin-right:13.3px;\" class=\"icon-wrapper circle-yes\"><i class=\"fusion-li-icon fa-music fas\" style=\"color:#ffffff;\" aria-hidden=\"true\"><\/i><\/span><div class=\"fusion-li-item-content\" style=\"margin-left:45.6px;color:#000000;\">Thematische Workshops (Improvisation, Gesundheit, Neue Musik etc.)<\/div><\/li><li style=\"background-color:rgba(255,255,255,0);\" class=\"fusion-li-item\"><span style=\"background-color:#e94d18;font-size:16.72px;height:32.3px;width:32.3px;margin-right:13.3px;\" class=\"icon-wrapper circle-yes\"><i class=\"fusion-li-icon fa-music fas\" style=\"color:#ffffff;\" aria-hidden=\"true\"><\/i><\/span><div class=\"fusion-li-item-content\" style=\"margin-left:45.6px;color:#000000;\">Masterclasses<\/div><\/li><li style=\"background-color:rgba(255,255,255,0);\" class=\"fusion-li-item\"><span style=\"background-color:#e94d18;font-size:16.72px;height:32.3px;width:32.3px;margin-right:13.3px;\" class=\"icon-wrapper circle-yes\"><i class=\"fusion-li-icon fa-music fas\" style=\"color:#ffffff;\" aria-hidden=\"true\"><\/i><\/span><div class=\"fusion-li-item-content\" style=\"margin-left:45.6px;color:#000000;\">Kammermusik- und Orchesterprojekte<\/div><\/li><li style=\"background-color:rgba(255,255,255,0);\" class=\"fusion-li-item\"><span style=\"background-color:#e94d18;font-size:16.72px;height:32.3px;width:32.3px;margin-right:13.3px;\" class=\"icon-wrapper circle-yes\"><i class=\"fusion-li-icon fa-music fas\" style=\"color:#ffffff;\" aria-hidden=\"true\"><\/i><\/span><div class=\"fusion-li-item-content\" style=\"margin-left:45.6px;color:#000000;\">\n<p>Internationale Projekte (Konzertreisen, Austauschkonzerte)<\/p>\n<\/div><\/li><li style=\"background-color:rgba(255,255,255,0);\" class=\"fusion-li-item\"><span style=\"background-color:#e94d18;font-size:16.72px;height:32.3px;width:32.3px;margin-right:13.3px;\" class=\"icon-wrapper circle-yes\"><i class=\"fusion-li-icon fa-music fas\" style=\"color:#ffffff;\" aria-hidden=\"true\"><\/i><\/span><div class=\"fusion-li-item-content\" style=\"margin-left:45.6px;color:#000000;\">\n<p>Wissenschaftliche Evaluierung (Young Masters Research)<\/p>\n<\/div><\/li><li style=\"background-color:rgba(255,255,255,0);\" class=\"fusion-li-item\"><span style=\"background-color:#e94d18;font-size:16.72px;height:32.3px;width:32.3px;margin-right:13.3px;\" class=\"icon-wrapper circle-yes\"><i class=\"fusion-li-icon fa-music fas\" style=\"color:#ffffff;\" aria-hidden=\"true\"><\/i><\/span><div class=\"fusion-li-item-content\" style=\"margin-left:45.6px;color:#000000;\">Karitative Projekte (Benefizkonzerte)<\/div><\/li><\/ul><div class=\"fusion-separator fusion-full-width-sep\" style=\"align-self: center;margin-left: auto;margin-right: auto;margin-top:20px;width:100%;\"><\/div><div class=\"fusion-video fusion-youtube\" style=\"max-width:755px;max-height:459px;align-self:center; width:100%\"><div class=\"video-shortcode\"><lite-youtube videoid=\"6bs7zjoIYek\" params=\"wmode=transparent&autoplay=1\" title=\"YouTube video player 1\"><\/lite-youtube><\/div><\/div><div class=\"fusion-text fusion-text-2\"><p>Mehr Informationen zum Young Masters Programm und seinen Projekten finden Sie unter <a href=\"https:\/\/youngmasters.at\/\">https:\/\/youngmasters.at\/<\/a><\/p>\n<\/div><\/div><style type=\"text\/css\">.fusion-body .fusion-builder-column-0{width:100% !important;margin-top : 0px;margin-bottom : 0px;}.fusion-builder-column-0 > .fusion-column-wrapper {padding-top : 0px !important;padding-right : 0px !important;margin-right : 60px;padding-bottom : 0px !important;padding-left : 0px !important;margin-left : 60px;}@media only screen and (max-width:1024px) {.fusion-body .fusion-builder-column-0{width:100% !important;}.fusion-builder-column-0 > .fusion-column-wrapper {margin-right : 60px;margin-left : 60px;}}@media only screen and (max-width:640px) {.fusion-body .fusion-builder-column-0{width:100% !important;}.fusion-builder-column-0 > .fusion-column-wrapper {margin-right : 60px;margin-left : 60px;}}<\/style><\/div><\/div><style type=\"text\/css\">.fusion-body .fusion-flex-container.fusion-builder-row-1{ padding-top : ;margin-top : 0px;padding-right : ;padding-bottom : ;margin-bottom : 0px;padding-left : ;}<\/style><\/div>\n","protected":false},"excerpt":{"rendered":"","protected":false},"author":1,"featured_media":949,"parent":2273,"menu_order":0,"comment_status":"closed","ping_status":"closed","template":"100-width.php","meta":{"_links_to":"","_links_to_target":""},"_links":{"self":[{"href":"https:\/\/www.mdw.ac.at\/talentlab\/wp-json\/wp\/v2\/pages\/1409"}],"collection":[{"href":"https:\/\/www.mdw.ac.at\/talentlab\/wp-json\/wp\/v2\/pages"}],"about":[{"href":"https:\/\/www.mdw.ac.at\/talentlab\/wp-json\/wp\/v2\/types\/page"}],"author":[{"embeddable":true,"href":"https:\/\/www.mdw.ac.at\/talentlab\/wp-json\/wp\/v2\/users\/1"}],"replies":[{"embeddable":true,"href":"https:\/\/www.mdw.ac.at\/talentlab\/wp-json\/wp\/v2\/comments?post=1409"}],"version-history":[{"count":16,"href":"https:\/\/www.mdw.ac.at\/talentlab\/wp-json\/wp\/v2\/pages\/1409\/revisions"}],"predecessor-version":[{"id":4239,"href":"https:\/\/www.mdw.ac.at\/talentlab\/wp-json\/wp\/v2\/pages\/1409\/revisions\/4239"}],"up":[{"embeddable":true,"href":"https:\/\/www.mdw.ac.at\/talentlab\/wp-json\/wp\/v2\/pages\/2273"}],"wp:featuredmedia":[{"embeddable":true,"href":"https:\/\/www.mdw.ac.at\/talentlab\/wp-json\/wp\/v2\/media\/949"}],"wp:attachment":[{"href":"https:\/\/www.mdw.ac.at\/talentlab\/wp-json\/wp\/v2\/media?parent=1409"}],"curies":[{"name":"wp","href":"https:\/\/api.w.org\/{rel}","templated":true}]}}