{"id":522,"date":"2021-02-08T14:48:14","date_gmt":"2021-02-08T13:48:14","guid":{"rendered":"https:\/\/www.mdw.ac.at\/mdwpress\/wordpress\/?page_id=522"},"modified":"2025-09-01T12:47:05","modified_gmt":"2025-09-01T10:47:05","slug":"kontakt","status":"publish","type":"page","link":"https:\/\/www.mdw.ac.at\/mdwpress\/kontakt\/","title":{"rendered":"Kontakt"},"content":{"rendered":"<p>&nbsp;<\/p>\r\n\r\n<p><strong>Bei allen Fragen zu mdwPress wenden Sie sich bitte an:<\/strong><br \/>Christian Keitel, <a href=\"mailto:mdwpress@mdw.ac.at\">mdwpress@mdw.ac.at<\/a>, +43 1 71155 &#8211; 8122<\/p>\r\n<hr \/>\r\n<h4>Verlagsleitung:<\/h4>\r\n<p>Therese Kaufmann <a href=\"https:\/\/orcid.org\/0000-0002-5160-8652\"><img loading=\"lazy\" decoding=\"async\" class=\"alignnone wp-image-600\" src=\"https:\/\/www.mdw.ac.at\/mdwpress\/wordpress\/wp-content\/uploads\/2021\/02\/orcid.png\" alt=\"orcid\" width=\"19\" height=\"19\" \/><\/a><br \/>Leiterin der <a href=\"https:\/\/mdw.ac.at\/forschungsfoerderung\/\" target=\"_blank\" rel=\"noreferrer noopener\">Forschungsf\u00f6rderung an der mdw<\/a><\/p>\r\n<p>Michael Staudinger<br \/>Leiter der <a href=\"https:\/\/ub.mdw.ac.at\/\" target=\"_blank\" rel=\"noreferrer noopener\">Universit\u00e4tsbibliothek der mdw<\/a><\/p>\r\n<h4>Verlagsmanagement:<\/h4>\r\n<p>Christian Keitel<br \/><a href=\"https:\/\/ub.mdw.ac.at\/open-access\" target=\"_blank\" rel=\"noreferrer noopener\">Open-Access-Publikationsunterst\u00fctzung an der mdw<\/a><\/p>\r\n<p>Kathrin Heinrich <a href=\"https:\/\/orcid.org\/0000-0003-4734-1120\"><img loading=\"lazy\" decoding=\"async\" class=\"alignnone wp-image-600\" src=\"https:\/\/www.mdw.ac.at\/mdwpress\/wordpress\/wp-content\/uploads\/2021\/02\/orcid.png\" alt=\"orcid\" width=\"19\" height=\"19\" \/><\/a><br \/><a href=\"https:\/\/mdw.ac.at\/forschungsfoerderung\" target=\"_blank\" rel=\"noreferrer noopener\">Forschungsf\u00f6rderung<\/a><\/p>\r\n<p>Jana Diewald<br \/>Verlagsassistenz<\/p>\r\n<h3><strong>Post- und Besuchsadresse<\/strong><\/h3>\r\n<p>mdwPress<br \/>Universit\u00e4tsbibliothek<br \/>Anton-von-Webern-Platz 1<br \/>1030 Wien<br \/>\u00d6sterreich<\/p>\r\n<p><!-- \/wp:post-content -->\r\n\r\n<!-- wp:paragraph --><\/p>\r\n<span class='bdaia-btns bdaia-btn-medium' style=\"background:#e6e1e1 !important;color:#000000 !important;\"><a href=\"https:\/\/www.mdw.ac.at\/mdwpress\/imprint\/\" target=\"_blank\" rel=\"nofollow\" style=\"color:#000000 !important;\">Impressum<\/a><\/span>\r\n<!-- \/wp:paragraph -->\r\n<p>&nbsp;<\/p>","protected":false},"excerpt":{"rendered":"<p>&nbsp; Bei allen Fragen zu mdwPress wenden Sie sich bitte an:Christian Keitel, mdwpress@mdw.ac.at, +43 1 71155 &#8211; 8122 Verlagsleitung: Therese Kaufmann Leiterin der Forschungsf\u00f6rderung an der mdw Michael StaudingerLeiter der Universit\u00e4tsbibliothek der mdw Verlagsmanagement: Christian KeitelOpen-Access-Publikationsunterst\u00fctzung an der mdw Kathrin Heinrich Forschungsf\u00f6rderung Jana DiewaldVerlagsassistenz Post- und Besuchsadresse mdwPressUniversit\u00e4tsbibliothekAnton-von-Webern-Platz 11030 Wien\u00d6sterreich &nbsp;<\/p>\n","protected":false},"author":1,"featured_media":0,"parent":0,"menu_order":0,"comment_status":"closed","ping_status":"closed","template":"","meta":{"inline_featured_image":false,"footnotes":""},"class_list":["post-522","page","type-page","status-publish","hentry"],"yoast_head":"<!-- This site is optimized with the Yoast SEO plugin v26.9 - https:\/\/yoast.com\/product\/yoast-seo-wordpress\/ -->\n<title>Kontakt<\/title>\n<meta name=\"robots\" content=\"index, follow, max-snippet:-1, max-image-preview:large, max-video-preview:-1\" \/>\n<link rel=\"canonical\" href=\"https:\/\/www.mdw.ac.at\/mdwpress\/kontakt\/\" \/>\n<meta property=\"og:locale\" content=\"de_DE\" \/>\n<meta property=\"og:type\" content=\"article\" \/>\n<meta property=\"og:title\" content=\"[:de]Kontakt[:en]Contact &#8211; mdwPress\" \/>\n<meta property=\"og:description\" content=\"&nbsp; Bei allen Fragen zu mdwPress wenden Sie sich bitte an:Christian Keitel, mdwpress@mdw.ac.at, +43 1 71155 &#8211; 8122 Verlagsleitung: Therese Kaufmann Leiterin der Forschungsf\u00f6rderung an der mdw Michael StaudingerLeiter der Universit\u00e4tsbibliothek der mdw Verlagsmanagement: Christian KeitelOpen-Access-Publikationsunterst\u00fctzung an der mdw Kathrin Heinrich Forschungsf\u00f6rderung Jana DiewaldVerlagsassistenz Post- und Besuchsadresse mdwPressUniversit\u00e4tsbibliothekAnton-von-Webern-Platz 11030 Wien\u00d6sterreich &nbsp;\" \/>\n<meta property=\"og:url\" content=\"https:\/\/www.mdw.ac.at\/mdwpress\/kontakt\/\" \/>\n<meta property=\"og:site_name\" content=\"mdwPress\" \/>\n<meta property=\"article:modified_time\" content=\"2025-09-01T10:47:05+00:00\" \/>\n<meta property=\"og:image\" content=\"https:\/\/www.mdw.ac.at\/mdwpress\/wordpress\/wp-content\/uploads\/2021\/02\/orcid.png\" \/>\n<meta name=\"twitter:card\" content=\"summary_large_image\" \/>\n<meta name=\"twitter:label1\" content=\"Gesch\u00e4tzte Lesezeit\" \/>\n\t<meta name=\"twitter:data1\" content=\"1\u00a0Minute\" \/>\n<script type=\"application\/ld+json\" class=\"yoast-schema-graph\">{\"@context\":\"https:\/\/schema.org\",\"@graph\":[{\"@type\":\"WebPage\",\"@id\":\"https:\/\/www.mdw.ac.at\/mdwpress\/kontakt\/\",\"url\":\"https:\/\/www.mdw.ac.at\/mdwpress\/kontakt\/\",\"name\":\"[:de]Kontakt[:en]Contact &#8211; mdwPress\",\"isPartOf\":{\"@id\":\"https:\/\/www.mdw.ac.at\/mdwpress\/en\/#website\"},\"primaryImageOfPage\":{\"@id\":\"https:\/\/www.mdw.ac.at\/mdwpress\/kontakt\/#primaryimage\"},\"image\":{\"@id\":\"https:\/\/www.mdw.ac.at\/mdwpress\/kontakt\/#primaryimage\"},\"thumbnailUrl\":\"https:\/\/www.mdw.ac.at\/mdwpress\/wordpress\/wp-content\/uploads\/2021\/02\/orcid.png\",\"datePublished\":\"2021-02-08T13:48:14+00:00\",\"dateModified\":\"2025-09-01T10:47:05+00:00\",\"breadcrumb\":{\"@id\":\"https:\/\/www.mdw.ac.at\/mdwpress\/kontakt\/#breadcrumb\"},\"inLanguage\":\"de\",\"potentialAction\":[{\"@type\":\"ReadAction\",\"target\":[\"https:\/\/www.mdw.ac.at\/mdwpress\/kontakt\/\"]}]},{\"@type\":\"ImageObject\",\"inLanguage\":\"de\",\"@id\":\"https:\/\/www.mdw.ac.at\/mdwpress\/kontakt\/#primaryimage\",\"url\":\"https:\/\/www.mdw.ac.at\/mdwpress\/wp-content\/uploads\/2021\/02\/orcid.png\",\"contentUrl\":\"https:\/\/www.mdw.ac.at\/mdwpress\/wp-content\/uploads\/2021\/02\/orcid.png\",\"width\":64,\"height\":64,\"caption\":\"orcid\"},{\"@type\":\"BreadcrumbList\",\"@id\":\"https:\/\/www.mdw.ac.at\/mdwpress\/kontakt\/#breadcrumb\",\"itemListElement\":[{\"@type\":\"ListItem\",\"position\":1,\"name\":\"Startseite\",\"item\":\"https:\/\/www.mdw.ac.at\/mdwpress\/en\/\"},{\"@type\":\"ListItem\",\"position\":2,\"name\":\"Kontakt\"}]},{\"@type\":\"WebSite\",\"@id\":\"https:\/\/www.mdw.ac.at\/mdwpress\/en\/#website\",\"url\":\"https:\/\/www.mdw.ac.at\/mdwpress\/en\/\",\"name\":\"mdwPress\",\"description\":\"Der Open-Access-Universit\u00e4tsverlag der mdw\",\"publisher\":{\"@id\":\"https:\/\/www.mdw.ac.at\/mdwpress\/en\/#organization\"},\"potentialAction\":[{\"@type\":\"SearchAction\",\"target\":{\"@type\":\"EntryPoint\",\"urlTemplate\":\"https:\/\/www.mdw.ac.at\/mdwpress\/en\/?s={search_term_string}\"},\"query-input\":{\"@type\":\"PropertyValueSpecification\",\"valueRequired\":true,\"valueName\":\"search_term_string\"}}],\"inLanguage\":\"de\"},{\"@type\":\"Organization\",\"@id\":\"https:\/\/www.mdw.ac.at\/mdwpress\/en\/#organization\",\"name\":\"mdwPress\",\"url\":\"https:\/\/www.mdw.ac.at\/mdwpress\/en\/\",\"logo\":{\"@type\":\"ImageObject\",\"inLanguage\":\"de\",\"@id\":\"https:\/\/www.mdw.ac.at\/mdwpress\/en\/#\/schema\/logo\/image\/\",\"url\":\"https:\/\/www.mdw.ac.at\/mdwpress\/wordpress\/wp-content\/uploads\/2021\/02\/mdwpress-logo-schwarz.svg\",\"contentUrl\":\"https:\/\/www.mdw.ac.at\/mdwpress\/wordpress\/wp-content\/uploads\/2021\/02\/mdwpress-logo-schwarz.svg\",\"width\":\"1024\",\"height\":\"1024\",\"caption\":\"mdwPress\"},\"image\":{\"@id\":\"https:\/\/www.mdw.ac.at\/mdwpress\/en\/#\/schema\/logo\/image\/\"}}]}<\/script>\n<!-- \/ Yoast SEO plugin. -->","yoast_head_json":{"title":"[:de]Kontakt[:en]Contact &#8211; mdwPress","robots":{"index":"index","follow":"follow","max-snippet":"max-snippet:-1","max-image-preview":"max-image-preview:large","max-video-preview":"max-video-preview:-1"},"canonical":"https:\/\/www.mdw.ac.at\/mdwpress\/kontakt\/","og_locale":"de_DE","og_type":"article","og_title":"[:de]Kontakt[:en]Contact &#8211; mdwPress","og_description":"&nbsp; Bei allen Fragen zu mdwPress wenden Sie sich bitte an:Christian Keitel, mdwpress@mdw.ac.at, +43 1 71155 &#8211; 8122 Verlagsleitung: Therese Kaufmann Leiterin der Forschungsf\u00f6rderung an der mdw Michael StaudingerLeiter der Universit\u00e4tsbibliothek der mdw Verlagsmanagement: Christian KeitelOpen-Access-Publikationsunterst\u00fctzung an der mdw Kathrin Heinrich Forschungsf\u00f6rderung Jana DiewaldVerlagsassistenz Post- und Besuchsadresse mdwPressUniversit\u00e4tsbibliothekAnton-von-Webern-Platz 11030 Wien\u00d6sterreich &nbsp;","og_url":"https:\/\/www.mdw.ac.at\/mdwpress\/kontakt\/","og_site_name":"mdwPress","article_modified_time":"2025-09-01T10:47:05+00:00","og_image":[{"url":"https:\/\/www.mdw.ac.at\/mdwpress\/wordpress\/wp-content\/uploads\/2021\/02\/orcid.png","type":"","width":"","height":""}],"twitter_card":"summary_large_image","twitter_misc":{"Gesch\u00e4tzte Lesezeit":"1\u00a0Minute"},"schema":{"@context":"https:\/\/schema.org","@graph":[{"@type":"WebPage","@id":"https:\/\/www.mdw.ac.at\/mdwpress\/kontakt\/","url":"https:\/\/www.mdw.ac.at\/mdwpress\/kontakt\/","name":"[:de]Kontakt[:en]Contact &#8211; mdwPress","isPartOf":{"@id":"https:\/\/www.mdw.ac.at\/mdwpress\/en\/#website"},"primaryImageOfPage":{"@id":"https:\/\/www.mdw.ac.at\/mdwpress\/kontakt\/#primaryimage"},"image":{"@id":"https:\/\/www.mdw.ac.at\/mdwpress\/kontakt\/#primaryimage"},"thumbnailUrl":"https:\/\/www.mdw.ac.at\/mdwpress\/wordpress\/wp-content\/uploads\/2021\/02\/orcid.png","datePublished":"2021-02-08T13:48:14+00:00","dateModified":"2025-09-01T10:47:05+00:00","breadcrumb":{"@id":"https:\/\/www.mdw.ac.at\/mdwpress\/kontakt\/#breadcrumb"},"inLanguage":"de","potentialAction":[{"@type":"ReadAction","target":["https:\/\/www.mdw.ac.at\/mdwpress\/kontakt\/"]}]},{"@type":"ImageObject","inLanguage":"de","@id":"https:\/\/www.mdw.ac.at\/mdwpress\/kontakt\/#primaryimage","url":"https:\/\/www.mdw.ac.at\/mdwpress\/wp-content\/uploads\/2021\/02\/orcid.png","contentUrl":"https:\/\/www.mdw.ac.at\/mdwpress\/wp-content\/uploads\/2021\/02\/orcid.png","width":64,"height":64,"caption":"orcid"},{"@type":"BreadcrumbList","@id":"https:\/\/www.mdw.ac.at\/mdwpress\/kontakt\/#breadcrumb","itemListElement":[{"@type":"ListItem","position":1,"name":"Startseite","item":"https:\/\/www.mdw.ac.at\/mdwpress\/en\/"},{"@type":"ListItem","position":2,"name":"Kontakt"}]},{"@type":"WebSite","@id":"https:\/\/www.mdw.ac.at\/mdwpress\/en\/#website","url":"https:\/\/www.mdw.ac.at\/mdwpress\/en\/","name":"mdwPress","description":"Der Open-Access-Universit\u00e4tsverlag der mdw","publisher":{"@id":"https:\/\/www.mdw.ac.at\/mdwpress\/en\/#organization"},"potentialAction":[{"@type":"SearchAction","target":{"@type":"EntryPoint","urlTemplate":"https:\/\/www.mdw.ac.at\/mdwpress\/en\/?s={search_term_string}"},"query-input":{"@type":"PropertyValueSpecification","valueRequired":true,"valueName":"search_term_string"}}],"inLanguage":"de"},{"@type":"Organization","@id":"https:\/\/www.mdw.ac.at\/mdwpress\/en\/#organization","name":"mdwPress","url":"https:\/\/www.mdw.ac.at\/mdwpress\/en\/","logo":{"@type":"ImageObject","inLanguage":"de","@id":"https:\/\/www.mdw.ac.at\/mdwpress\/en\/#\/schema\/logo\/image\/","url":"https:\/\/www.mdw.ac.at\/mdwpress\/wordpress\/wp-content\/uploads\/2021\/02\/mdwpress-logo-schwarz.svg","contentUrl":"https:\/\/www.mdw.ac.at\/mdwpress\/wordpress\/wp-content\/uploads\/2021\/02\/mdwpress-logo-schwarz.svg","width":"1024","height":"1024","caption":"mdwPress"},"image":{"@id":"https:\/\/www.mdw.ac.at\/mdwpress\/en\/#\/schema\/logo\/image\/"}}]}},"_links":{"self":[{"href":"https:\/\/www.mdw.ac.at\/mdwpress\/wp-json\/wp\/v2\/pages\/522","targetHints":{"allow":["GET"]}}],"collection":[{"href":"https:\/\/www.mdw.ac.at\/mdwpress\/wp-json\/wp\/v2\/pages"}],"about":[{"href":"https:\/\/www.mdw.ac.at\/mdwpress\/wp-json\/wp\/v2\/types\/page"}],"author":[{"embeddable":true,"href":"https:\/\/www.mdw.ac.at\/mdwpress\/wp-json\/wp\/v2\/users\/1"}],"replies":[{"embeddable":true,"href":"https:\/\/www.mdw.ac.at\/mdwpress\/wp-json\/wp\/v2\/comments?post=522"}],"version-history":[{"count":56,"href":"https:\/\/www.mdw.ac.at\/mdwpress\/wp-json\/wp\/v2\/pages\/522\/revisions"}],"predecessor-version":[{"id":5659,"href":"https:\/\/www.mdw.ac.at\/mdwpress\/wp-json\/wp\/v2\/pages\/522\/revisions\/5659"}],"wp:attachment":[{"href":"https:\/\/www.mdw.ac.at\/mdwpress\/wp-json\/wp\/v2\/media?parent=522"}],"curies":[{"name":"wp","href":"https:\/\/api.w.org\/{rel}","templated":true}]}}