{"id":518,"date":"2021-02-08T14:45:44","date_gmt":"2021-02-08T13:45:44","guid":{"rendered":"https:\/\/www.mdw.ac.at\/mdwpress\/wordpress\/?page_id=518"},"modified":"2026-03-25T10:09:17","modified_gmt":"2026-03-25T09:09:17","slug":"for-authors","status":"publish","type":"page","link":"https:\/\/www.mdw.ac.at\/mdwpress\/for-authors\/","title":{"rendered":"Informationen f\u00fcr Autor_innen"},"content":{"rendered":"<h3><strong>Einreichungsvoraussetzungen<\/strong><\/h3>\r\n<p>mdwPress ist offen f\u00fcr alle wissenschaftlichen Publikationsformate, auch f\u00fcr Zeitschriften und f\u00fcr innovative Web-Publikationen. Zum Zeitpunkt der Antragstellung muss mindestens ein_e Herausgeber_in (bei redaktionellen Projekten) oder ein_e Autor_in (bei eigenst\u00e4ndigen Werken) mdw-Angeh\u00f6rige_r sein.<\/p>\r\n<p>Die mdwPress-Koordination bittet Autor_innen und Herausgeber_innen, die mit mdwPress publizieren wollen, vor der Antragstellung einen <a href=\"https:\/\/www.mdw.ac.at\/mdwpress\/contact\/\" data-type=\"page\" data-id=\"522\">Beratungstermin zu vereinbaren<\/a>. Hierbei k\u00f6nnen ein erster Zeit- und Finanzplan entwickelt und Fragen zu <a href=\"https:\/\/www.mdw.ac.at\/mdwpress\/oa\/\">Open Access und Lizenzen<\/a> gekl\u00e4rt werden. Im Antrag soll die Bedeutung der Publikation f\u00fcr die Fachcommunity bzw. die breitere \u00d6ffentlichkeit deutlich werden. Die Einhaltung hoher fachgerechter wissenschaftlicher Standards ist zu erl\u00e4utern. Dar\u00fcber hinaus soll detailliert beschrieben werden, welche Methode zur Qualit\u00e4tssicherung die Antragsteller_innen dem <a href=\"https:\/\/www.mdw.ac.at\/mdwpress\/quality\" data-type=\"page\" data-id=\"514\">mdwPress-Kuratorium<\/a> vorschlagen.<\/p>\r\n<p>Auch an der mdw abgeschlossene und als ausgezeichnet beurteilte Dissertationen k\u00f6nnen als Buchprojekte eingereicht werden. Dem Antrag m\u00fcssen sowohl die Gutachten aus dem Pr\u00fcfungsverfahren als auch das Buchmanuskript beigelegt werden. Das fertige Manuskript wird nach der Bef\u00fcrwortung durch das Kuratorium in ein doppeltes, externes Peer Review gegeben, was im Normalfall eine gr\u00fcndliche \u00dcberarbeitung der eingereichten Dissertation voraussetzt.<\/p>\r\n<span class='bdaia-btns bdaia-btn-medium' style=\"background:#e6e1e1 !important;color:#000000 !important;\"><a href=\"https:\/\/forms.mdw.ac.at\/frontend-server\/form\/provide\/128\/\" target=\"_blank\" rel=\"nofollow\" style=\"color:#000000 !important;\">Online-Antrag<\/a><\/span>\r\n\r\n<h3>Annahmeverfahren<\/h3>\r\n<p>Das <a href=\"https:\/\/www.mdw.ac.at\/mdwpress\/quality\/\" data-type=\"page\" data-id=\"514\">mdwPress-Kuratorium<\/a> trifft sich mindestens dreimal im Jahr um Einreichungen zu diskutieren. Diese m\u00fcssen mindestens einen Monat im Voraus vorliegen. In dringenden F\u00e4llen kann das Kuratorium auch zwischen den Sitzungen \u00fcber Einreichungen entscheiden. Die Entscheidung wird den Antragsteller_innen innerhalb von zwei Wochen nach der jeweiligen Sitzung mitgeteilt.<\/p>\r\n\r\n<h3>Leistungsbeschreibung<\/h3>\r\n<p>mdwPress bietet umfassende Verlagsleistungen f\u00fcr <b>Open-Access-Publikationen<\/b> (PDF und HTML) mit optionaler Printausgabe. Unser Service umfasst<\/p>\r\n<ul>\r\n <li>die pers\u00f6nliche Betreuung des gesamte Publikationsprojekts,<\/li>\r\n <li>die Organisation qualit\u00e4tssichernder Ma\u00dfnahmen,<\/li>\r\n <li>Layout und Satz,<\/li>\r\n <li>die Herstellung der verschiedenen Publikationsformate sowie<\/li>\r\n <li>Vertrieb und Marketing.<\/l>\r\n<\/ul>\r\n<p>Als Verlag direkt an der mdw erm\u00f6glichen wir einen <b>pers\u00f6nlichen Austausch<\/b> und k\u00f6nnen so gezielt auf die Anliegen sowie individuellen Bed\u00fcrfnisse und W\u00fcnsche von Autor_innen und Herausgeber_innen eingehen.<\/p>\r\n<p>F\u00fcr Printausgaben kooperieren wir mit dem  <a href=\"https:\/\/www.transcript-verlag.de\/unsere-leistungen\" data-type=\"page\" data-id=\"514\">transcript Verlag<\/a> und profitieren dabei nicht nur von einem exzellenten Vertriebsnetz im deutschsprachigen Raum, sondern auch von einem <b>internationalen Vertrieb<\/b> f\u00fcr englischsprachige Publikationen.\r\n<\/p>\r\n<!-- \/wp:post-content -->\r\n\r\n<!-- wp:paragraph -->\r\n<p>Als aktiver Teil der Open-Access-Bestrebungen in der \u00f6sterreichischen Wissenschaftslandschaft und der internationalen Bewegung f\u00fcr <b>nicht-kommerzielle Publikationsservices<\/b> ist mdwPress hervorragend vernetzt und baut sein Leistungsspektrum kontinuierlich aus.<\/p>\r\n<!-- \/wp:paragraph -->\r\n\r\n<!-- wp:heading {\"level\":3} -->\r\n<h3>Publikationskosten<\/h3>\r\n<!-- \/wp:heading -->\r\n\r\n<!-- wp:paragraph -->\r\n<p>W\u00e4hrend weder f\u00fcr Autor_innen noch Herausgeber_innen von mdwPress-Zeitschriften Geb\u00fchren anfallen, ist die Produktion von Print-Ausgaben in Kooperation mit transcript mit Kosten verbunden, die je nach Umfang und Ausstattung des Buchs unterschiedlich hoch ausfallen. Eine F\u00f6rderung aus dem <a href=\"https:\/\/www.mdw.ac.at\/forschungsfoerderung\/open-access-foerderung-der-mdw\/\" target=\"_blank\" rel=\"noreferrer noopener\">OA-Publikationsfonds der mdw<\/a> ist m\u00f6glich. Unter den gleichen Bedingungen werden innovative Publikationsprojekte gef\u00f6rdert, falls f\u00fcr ihre Realisierung spezielle Infrastrukturen und Expertise kostenpflichtig in Anspruch genommen werden m\u00fcssen.<\/p>\r\n<h3>\u00dcbersicht der Leistungen im Detail<\/h3>\r\n<div class=\"bdaia-toggle close\"><h4 class=\"bdaia-toggle-head toggle-head-open\"><span class=\"bdaia-sio bdaia-sio-angle-up\"><\/span><span class=\"txt\">Leistungen f\u00fcr alle Publikationsprojekte<\/span><\/h4><h4 class=\"bdaia-toggle-head toggle-head-close\"><span class=\"bdaia-sio bdaia-sio-angle-down\"><\/span><span class=\"txt\">Leistungen f\u00fcr alle Publikationsprojekte<\/span><\/h4><div class=\"toggle-content\"><p>\r\n<ul>\r\n<li><a href=\"https:\/\/www.mdw.ac.at\/mdwpress\/oa\/\">Open Access<\/a> mit flexibler Creative-Commons\u2010Lizenzierung<\/li>\r\n<li>Autor_innenfreundlicher <a href=\"https:\/\/www.mdw.ac.at\/mdwpress\/wordpress\/wp-content\/uploads\/2023\/06\/mdwpress-autor_innenvereinb_2022.pdf\">Verlagsvertrag<\/a><\/li>\r\n<li>Pers\u00f6nliche Betreuung und Unterst\u00fctzung an der mdw von der Idee bis zur \u00d6ffentlichkeitsarbeit in allen formalen, technischen und organisatorischen Fragen, z.B. zu<br \/>\r\n<ul>\r\n<li>F\u00f6rderm\u00f6glichkeiten (durch die <a href=\"https:\/\/www.mdw.ac.at\/forschungsfoerderung\/foerderungen-uebersicht\/\">Forschungsf\u00f6rderung der mdw<\/a>)<\/li>\r\n<li>Qualit\u00e4tssicherungsprozessen<\/li>\r\n<li>Suche nach externen Dienstleister_innen (z.B.<br \/>\u00dcbersetzung, Korrektorat, etc.)<\/li>\r\n<li>Neuerscheinungspr\u00e4sentationen an der UB (<a href=\"https:\/\/ub.mdw.ac.at\/ubmdw-fotos\/\">siehe Bilder vom Geb\u00e4ude<\/a>)<\/li>\r\n<\/ul>\r\n<\/li>\r\n<li>DOI &amp; Schnittstellen f\u00fcr den Metadatenexport<\/li>\r\n<li>Sichere Langzeitverf\u00fcgbarkeit: zus\u00e4tzlich zur Archivierung im <a href=\"https:\/\/www.mdw.ac.at\/repository\/\">mdw Repository<\/a> werden Zeitschriftenartikel im <a href=\"https:\/\/slubarchiv.slub-dresden.de\/\">Repository der SLUB<\/a> (PDF) und <a href=\"https:\/\/www.babs-muenchen.de\/\">der Bayrischen Staatsbibliothek<\/a> (HTML) archiviert, sowie B\u00fccher in Vertriebskooperation mit transcript durch <a href=\"https:\/\/www.portico.org\/\">Portico<\/a><\/li>\r\n<\/ul>\r\n<\/p><\/div><\/div>\r\n<div class=\"bdaia-toggle close\"><h4 class=\"bdaia-toggle-head toggle-head-open\"><span class=\"bdaia-sio bdaia-sio-angle-up\"><\/span><span class=\"txt\">Zus\u00e4tzliche Leistungen f\u00fcr alle Buchpublikationen<\/span><\/h4><h4 class=\"bdaia-toggle-head toggle-head-close\"><span class=\"bdaia-sio bdaia-sio-angle-down\"><\/span><span class=\"txt\">Zus\u00e4tzliche Leistungen f\u00fcr alle Buchpublikationen<\/span><\/h4><div class=\"toggle-content\"><p>\r\n<p>Individuelle Umschlaggestaltung im mdwPress\u2010Design<\/p>\r\n<ul>\r\n<li>Layout und Satz (LaTeX\u2010basiert, im Einzelfall mit InDesign)<\/li>\r\n<li>Formate: PDF, EPUB, HTML<\/li>\r\n<li>Elektronische Korrekturfahnen &amp; Belegexemplare<\/li>\r\n<li>Vertrieb &amp; Verkaufsauswertungen<\/li>\r\n<li>Metadatenexport zum <a href=\"https:\/\/directory.doabooks.org\/browse?type=publisher&amp;value=transcript+Verlag\">DOAB<\/a> und damit in alle bedeutenden Bibliotheksportale<\/li>\r\n<\/ul>\r\n<\/p><\/div><\/div>\r\n<div class=\"bdaia-toggle close\"><h4 class=\"bdaia-toggle-head toggle-head-open\"><span class=\"bdaia-sio bdaia-sio-angle-up\"><\/span><span class=\"txt\">Zus\u00e4tzliche Leistungen f\u00fcr Print-B\u00fccher<\/span><\/h4><h4 class=\"bdaia-toggle-head toggle-head-close\"><span class=\"bdaia-sio bdaia-sio-angle-down\"><\/span><span class=\"txt\">Zus\u00e4tzliche Leistungen f\u00fcr Print-B\u00fccher<\/span><\/h4><div class=\"toggle-content\"><p>\r\n<ul>\r\n<li>Verf\u00fcgbarkeit im <a href=\"https:\/\/www.transcript-verlag.de\/mdwpress\/\">transcript\u2010Online\u2010Shop<\/a><\/li>\r\n<li>Vertrieb durch internationale Partner_innen (<a href=\"https:\/\/cup.columbia.edu\/distributed-press\/transcript-publishing\">Columbia University Press<\/a>, <a href=\"https:\/\/www.degruyter.com\/search?query=transcript\">DeGruyter<\/a>)<\/li>\r\n<li>Print\u2010Werbemedien wie Flyer &amp; Vorschauhefte<\/li>\r\n<li>Beteiligung an Messen<\/li>\r\n<\/ul>\r\n<\/p><\/div><\/div>\r\n<div class=\"bdaia-toggle close\"><h4 class=\"bdaia-toggle-head toggle-head-open\"><span class=\"bdaia-sio bdaia-sio-angle-up\"><\/span><span class=\"txt\">Zus\u00e4tzliche Leistungen f\u00fcr Zeitschriften<\/span><\/h4><h4 class=\"bdaia-toggle-head toggle-head-close\"><span class=\"bdaia-sio bdaia-sio-angle-down\"><\/span><span class=\"txt\">Zus\u00e4tzliche Leistungen f\u00fcr Zeitschriften<\/span><\/h4><div class=\"toggle-content\"><p>\r\n<ul>\r\n<li><a href=\"https:\/\/ojs-de.net\/ueber-ojs\">Open Journal Systems<\/a>, gehostet von der <a href=\"https:\/\/musiconn.qucosa.de\/zeitschriften\/\">SLUB Dresden<\/a> im Rahmen des Fachinformationsdienstes <a href=\"https:\/\/www.musiconn.de\/servicemenue\/ueber-uns\">musiconn<\/a><\/li>\r\n<li>OJS-Einf\u00fchrung &amp; Support<\/li>\r\n<li>Beratung &amp; Unterst\u00fctzung, z.B. bez\u00fcglich\r\n<ul>\r\n<li>Community\u2010Standards<\/li>\r\n<li>Metadatenlieferung an Suchplattformen<\/li>\r\n<li>Dateiformate &amp; Konvertierung<\/li>\r\n<\/ul>\r\n<\/li>\r\n<li>Nachweis in der <a href=\"https:\/\/www.musikbibliographie.de\">Bibliographie des Musikschrifttums<\/a> (BMS), im <a href=\"https:\/\/www.rilm.org\">R\u00e9pertoire International de Litt\u00e9rature Musicale<\/a> (RILM) und in Google Scholar<\/li>\r\n<\/ul>\r\n<\/p><\/div><\/div>\r\n<!-- \/wp:paragraph -->\r\n<p>&nbsp;<\/p>\r\n<p>&nbsp;<\/p>\r\n<p>&nbsp;<\/p>","protected":false},"excerpt":{"rendered":"<p>Einreichungsvoraussetzungen mdwPress ist offen f\u00fcr alle wissenschaftlichen Publikationsformate, auch f\u00fcr Zeitschriften und f\u00fcr innovative Web-Publikationen. Zum Zeitpunkt der Antragstellung muss mindestens ein_e Herausgeber_in (bei redaktionellen Projekten) oder ein_e Autor_in (bei eigenst\u00e4ndigen Werken) mdw-Angeh\u00f6rige_r sein. Die mdwPress-Koordination bittet Autor_innen und Herausgeber_innen, die mit mdwPress publizieren wollen, vor der Antragstellung einen Beratungstermin zu vereinbaren. Hierbei k\u00f6nnen ein &hellip;<\/p>\n","protected":false},"author":1,"featured_media":0,"parent":0,"menu_order":0,"comment_status":"closed","ping_status":"closed","template":"","meta":{"inline_featured_image":false,"footnotes":""},"class_list":["post-518","page","type-page","status-publish","hentry"],"yoast_head":"<!-- This site is optimized with the Yoast SEO plugin v26.9 - https:\/\/yoast.com\/product\/yoast-seo-wordpress\/ -->\n<title>Informationen f\u00fcr Autor_innen &#8211; mdwPress<\/title>\n<meta name=\"robots\" content=\"index, follow, max-snippet:-1, max-image-preview:large, max-video-preview:-1\" \/>\n<link rel=\"canonical\" href=\"https:\/\/www.mdw.ac.at\/mdwpress\/for-authors\/\" \/>\n<meta property=\"og:locale\" content=\"de_DE\" \/>\n<meta property=\"og:type\" content=\"article\" \/>\n<meta property=\"og:title\" content=\"Informationen f\u00fcr Autor_innen &#8211; mdwPress\" \/>\n<meta property=\"og:description\" content=\"Einreichungsvoraussetzungen mdwPress ist offen f\u00fcr alle wissenschaftlichen Publikationsformate, auch f\u00fcr Zeitschriften und f\u00fcr innovative Web-Publikationen. Zum Zeitpunkt der Antragstellung muss mindestens ein_e Herausgeber_in (bei redaktionellen Projekten) oder ein_e Autor_in (bei eigenst\u00e4ndigen Werken) mdw-Angeh\u00f6rige_r sein. Die mdwPress-Koordination bittet Autor_innen und Herausgeber_innen, die mit mdwPress publizieren wollen, vor der Antragstellung einen Beratungstermin zu vereinbaren. Hierbei k\u00f6nnen ein &hellip;\" \/>\n<meta property=\"og:url\" content=\"https:\/\/www.mdw.ac.at\/mdwpress\/for-authors\/\" \/>\n<meta property=\"og:site_name\" content=\"mdwPress\" \/>\n<meta property=\"article:modified_time\" content=\"2026-03-25T09:09:17+00:00\" \/>\n<meta name=\"twitter:card\" content=\"summary_large_image\" \/>\n<meta name=\"twitter:label1\" content=\"Gesch\u00e4tzte Lesezeit\" \/>\n\t<meta name=\"twitter:data1\" content=\"7\u00a0Minuten\" \/>\n<script type=\"application\/ld+json\" class=\"yoast-schema-graph\">{\"@context\":\"https:\/\/schema.org\",\"@graph\":[{\"@type\":\"WebPage\",\"@id\":\"https:\/\/www.mdw.ac.at\/mdwpress\/for-authors\/\",\"url\":\"https:\/\/www.mdw.ac.at\/mdwpress\/for-authors\/\",\"name\":\"Informationen f\u00fcr Autor_innen &#8211; mdwPress\",\"isPartOf\":{\"@id\":\"https:\/\/www.mdw.ac.at\/mdwpress\/en\/#website\"},\"datePublished\":\"2021-02-08T13:45:44+00:00\",\"dateModified\":\"2026-03-25T09:09:17+00:00\",\"breadcrumb\":{\"@id\":\"https:\/\/www.mdw.ac.at\/mdwpress\/for-authors\/#breadcrumb\"},\"inLanguage\":\"de\",\"potentialAction\":[{\"@type\":\"ReadAction\",\"target\":[\"https:\/\/www.mdw.ac.at\/mdwpress\/for-authors\/\"]}]},{\"@type\":\"BreadcrumbList\",\"@id\":\"https:\/\/www.mdw.ac.at\/mdwpress\/for-authors\/#breadcrumb\",\"itemListElement\":[{\"@type\":\"ListItem\",\"position\":1,\"name\":\"Startseite\",\"item\":\"https:\/\/www.mdw.ac.at\/mdwpress\/en\/\"},{\"@type\":\"ListItem\",\"position\":2,\"name\":\"Informationen f\u00fcr Autor_innen\"}]},{\"@type\":\"WebSite\",\"@id\":\"https:\/\/www.mdw.ac.at\/mdwpress\/en\/#website\",\"url\":\"https:\/\/www.mdw.ac.at\/mdwpress\/en\/\",\"name\":\"mdwPress\",\"description\":\"Der Open-Access-Universit\u00e4tsverlag der mdw\",\"publisher\":{\"@id\":\"https:\/\/www.mdw.ac.at\/mdwpress\/en\/#organization\"},\"potentialAction\":[{\"@type\":\"SearchAction\",\"target\":{\"@type\":\"EntryPoint\",\"urlTemplate\":\"https:\/\/www.mdw.ac.at\/mdwpress\/en\/?s={search_term_string}\"},\"query-input\":{\"@type\":\"PropertyValueSpecification\",\"valueRequired\":true,\"valueName\":\"search_term_string\"}}],\"inLanguage\":\"de\"},{\"@type\":\"Organization\",\"@id\":\"https:\/\/www.mdw.ac.at\/mdwpress\/en\/#organization\",\"name\":\"mdwPress\",\"url\":\"https:\/\/www.mdw.ac.at\/mdwpress\/en\/\",\"logo\":{\"@type\":\"ImageObject\",\"inLanguage\":\"de\",\"@id\":\"https:\/\/www.mdw.ac.at\/mdwpress\/en\/#\/schema\/logo\/image\/\",\"url\":\"https:\/\/www.mdw.ac.at\/mdwpress\/wordpress\/wp-content\/uploads\/2021\/02\/mdwpress-logo-schwarz.svg\",\"contentUrl\":\"https:\/\/www.mdw.ac.at\/mdwpress\/wordpress\/wp-content\/uploads\/2021\/02\/mdwpress-logo-schwarz.svg\",\"width\":\"1024\",\"height\":\"1024\",\"caption\":\"mdwPress\"},\"image\":{\"@id\":\"https:\/\/www.mdw.ac.at\/mdwpress\/en\/#\/schema\/logo\/image\/\"}}]}<\/script>\n<!-- \/ Yoast SEO plugin. -->","yoast_head_json":{"title":"Informationen f\u00fcr Autor_innen &#8211; mdwPress","robots":{"index":"index","follow":"follow","max-snippet":"max-snippet:-1","max-image-preview":"max-image-preview:large","max-video-preview":"max-video-preview:-1"},"canonical":"https:\/\/www.mdw.ac.at\/mdwpress\/for-authors\/","og_locale":"de_DE","og_type":"article","og_title":"Informationen f\u00fcr Autor_innen &#8211; mdwPress","og_description":"Einreichungsvoraussetzungen mdwPress ist offen f\u00fcr alle wissenschaftlichen Publikationsformate, auch f\u00fcr Zeitschriften und f\u00fcr innovative Web-Publikationen. Zum Zeitpunkt der Antragstellung muss mindestens ein_e Herausgeber_in (bei redaktionellen Projekten) oder ein_e Autor_in (bei eigenst\u00e4ndigen Werken) mdw-Angeh\u00f6rige_r sein. Die mdwPress-Koordination bittet Autor_innen und Herausgeber_innen, die mit mdwPress publizieren wollen, vor der Antragstellung einen Beratungstermin zu vereinbaren. Hierbei k\u00f6nnen ein &hellip;","og_url":"https:\/\/www.mdw.ac.at\/mdwpress\/for-authors\/","og_site_name":"mdwPress","article_modified_time":"2026-03-25T09:09:17+00:00","twitter_card":"summary_large_image","twitter_misc":{"Gesch\u00e4tzte Lesezeit":"7\u00a0Minuten"},"schema":{"@context":"https:\/\/schema.org","@graph":[{"@type":"WebPage","@id":"https:\/\/www.mdw.ac.at\/mdwpress\/for-authors\/","url":"https:\/\/www.mdw.ac.at\/mdwpress\/for-authors\/","name":"Informationen f\u00fcr Autor_innen &#8211; mdwPress","isPartOf":{"@id":"https:\/\/www.mdw.ac.at\/mdwpress\/en\/#website"},"datePublished":"2021-02-08T13:45:44+00:00","dateModified":"2026-03-25T09:09:17+00:00","breadcrumb":{"@id":"https:\/\/www.mdw.ac.at\/mdwpress\/for-authors\/#breadcrumb"},"inLanguage":"de","potentialAction":[{"@type":"ReadAction","target":["https:\/\/www.mdw.ac.at\/mdwpress\/for-authors\/"]}]},{"@type":"BreadcrumbList","@id":"https:\/\/www.mdw.ac.at\/mdwpress\/for-authors\/#breadcrumb","itemListElement":[{"@type":"ListItem","position":1,"name":"Startseite","item":"https:\/\/www.mdw.ac.at\/mdwpress\/en\/"},{"@type":"ListItem","position":2,"name":"Informationen f\u00fcr Autor_innen"}]},{"@type":"WebSite","@id":"https:\/\/www.mdw.ac.at\/mdwpress\/en\/#website","url":"https:\/\/www.mdw.ac.at\/mdwpress\/en\/","name":"mdwPress","description":"Der Open-Access-Universit\u00e4tsverlag der mdw","publisher":{"@id":"https:\/\/www.mdw.ac.at\/mdwpress\/en\/#organization"},"potentialAction":[{"@type":"SearchAction","target":{"@type":"EntryPoint","urlTemplate":"https:\/\/www.mdw.ac.at\/mdwpress\/en\/?s={search_term_string}"},"query-input":{"@type":"PropertyValueSpecification","valueRequired":true,"valueName":"search_term_string"}}],"inLanguage":"de"},{"@type":"Organization","@id":"https:\/\/www.mdw.ac.at\/mdwpress\/en\/#organization","name":"mdwPress","url":"https:\/\/www.mdw.ac.at\/mdwpress\/en\/","logo":{"@type":"ImageObject","inLanguage":"de","@id":"https:\/\/www.mdw.ac.at\/mdwpress\/en\/#\/schema\/logo\/image\/","url":"https:\/\/www.mdw.ac.at\/mdwpress\/wordpress\/wp-content\/uploads\/2021\/02\/mdwpress-logo-schwarz.svg","contentUrl":"https:\/\/www.mdw.ac.at\/mdwpress\/wordpress\/wp-content\/uploads\/2021\/02\/mdwpress-logo-schwarz.svg","width":"1024","height":"1024","caption":"mdwPress"},"image":{"@id":"https:\/\/www.mdw.ac.at\/mdwpress\/en\/#\/schema\/logo\/image\/"}}]}},"_links":{"self":[{"href":"https:\/\/www.mdw.ac.at\/mdwpress\/wp-json\/wp\/v2\/pages\/518","targetHints":{"allow":["GET"]}}],"collection":[{"href":"https:\/\/www.mdw.ac.at\/mdwpress\/wp-json\/wp\/v2\/pages"}],"about":[{"href":"https:\/\/www.mdw.ac.at\/mdwpress\/wp-json\/wp\/v2\/types\/page"}],"author":[{"embeddable":true,"href":"https:\/\/www.mdw.ac.at\/mdwpress\/wp-json\/wp\/v2\/users\/1"}],"replies":[{"embeddable":true,"href":"https:\/\/www.mdw.ac.at\/mdwpress\/wp-json\/wp\/v2\/comments?post=518"}],"version-history":[{"count":62,"href":"https:\/\/www.mdw.ac.at\/mdwpress\/wp-json\/wp\/v2\/pages\/518\/revisions"}],"predecessor-version":[{"id":7636,"href":"https:\/\/www.mdw.ac.at\/mdwpress\/wp-json\/wp\/v2\/pages\/518\/revisions\/7636"}],"wp:attachment":[{"href":"https:\/\/www.mdw.ac.at\/mdwpress\/wp-json\/wp\/v2\/media?parent=518"}],"curies":[{"name":"wp","href":"https:\/\/api.w.org\/{rel}","templated":true}]}}