{"id":83,"date":"2025-01-29T16:25:42","date_gmt":"2025-01-29T15:25:42","guid":{"rendered":"https:\/\/www.mdw.ac.at\/ikm\/gender-studies\/icgp-beta\/?page_id=83"},"modified":"2026-04-21T11:36:47","modified_gmt":"2026-04-21T09:36:47","slug":"imprint","status":"publish","type":"page","link":"https:\/\/www.mdw.ac.at\/icgp\/en\/imprint\/","title":{"rendered":"Imprint"},"content":{"rendered":"<h1>Offenlegung gem. \u00a7 25 Mediengesetz<\/h1>\n<h2>Medieninhaberin, Herausgeberin, Eigentu\u0308merin<\/h2>\n<p>mdw \u2013 Universit\u00e4t fu\u0308r Musik und darstellende Kunst Wien\u00ae<br \/>\nAnton-von-Webern-Platz 1<br \/>\n1030 Wien<\/p>\n<p>Tel.: <a href=\"tel:+43 1 711 55\">+43 1 711 55<\/a><\/p>\n<p>Vertretungsbefugte Organe: <a href=\"https:\/\/www.mdw.ac.at\/591\/\" target=\"_blank\" rel=\"noopener\">Rektorin Ulrike Sych<\/a>, <a href=\"https:\/\/www.mdw.ac.at\/37\/\" target=\"_blank\" rel=\"noopener\">Rektorat<\/a><\/p>\n<p>UID-Nummer: ATU 37871004<\/p>\n<h2>Registrierungshinweise<\/h2>\n<p>Die Universit\u00e4t fu\u0308r Musik und darstellende Kunst Wien ist Inhaberin folgender geschu\u0308tzter Marken:<\/p>\n<ul>\n<li>mdw<\/li>\n<li>Universit\u00e4t fu\u0308r Musik und darstellende Kunst Wien<\/li>\n<li>University of Music and Performing Arts<\/li>\n<li>Logo der mdw<\/li>\n<\/ul>\n<p><img loading=\"lazy\" decoding=\"async\" class=\"alignnone wp-image-423 size-medium\" src=\"https:\/\/www.mdw.ac.at\/icgp\/wp-content\/uploads\/2025\/03\/mdw_Logo_R_DE_blau-300x237.png\" alt=\"Logo MDW\" width=\"300\" height=\"237\" srcset=\"https:\/\/www.mdw.ac.at\/icgp\/wp-content\/uploads\/2025\/03\/mdw_Logo_R_DE_blau-300x237.png 300w, https:\/\/www.mdw.ac.at\/icgp\/wp-content\/uploads\/2025\/03\/mdw_Logo_R_DE_blau-1024x810.png 1024w, https:\/\/www.mdw.ac.at\/icgp\/wp-content\/uploads\/2025\/03\/mdw_Logo_R_DE_blau-768x608.png 768w, https:\/\/www.mdw.ac.at\/icgp\/wp-content\/uploads\/2025\/03\/mdw_Logo_R_DE_blau-1536x1215.png 1536w, https:\/\/www.mdw.ac.at\/icgp\/wp-content\/uploads\/2025\/03\/mdw_Logo_R_DE_blau.png 1920w\" sizes=\"auto, (max-width: 300px) 100vw, 300px\" \/><\/p>\n<h2>Kontakt<\/h2>\n<h4>ICGP<\/h4>\n<p>Telefon: <a href=\"tel:+43 1 71155 3401\">+43 1 71155-3401<\/a><br \/>\nFax: +43 1 71155-199<br \/>\nE-Mail: <a href=\"mailto:ikm@mdw.ac.at\">ikm@mdw.ac.at<\/a><\/p>\n<h4>Fu\u0308r den Inhalt verantwortlich<\/h4>\n<p><a href=\"https:\/\/www.mdw.ac.at\/icgp\/team\/teammember-1\/\">Univ.-Prof. Dr. Evelyn Annu\u00df <\/a><\/p>\n<h4>Online-Team<\/h4>\n<ul>\n<li><a href=\"https:\/\/www.mdw.ac.at\/icgp\/team\/teammember-1\/\">Univ.-Prof. Dr. Evelyn Annu\u00df <\/a><\/li>\n<li>Dr. Philipp Hohmann<\/li>\n<li>Dr. Thari Jungen<\/li>\n<\/ul>\n<h1>Hausordnung<\/h1>\n<p><a href=\"https:\/\/www.mdw.ac.at\/upload\/mdwUNI\/files\/hausordnung_mdw_juli2024.pdf\" target=\"_blank\" rel=\"noopener\">Hausordnung der mdw<\/a><\/p>\n<h1>Datenschutzerkl\u00e4rung<\/h1>\n<p><a href=\"https:\/\/www.mdw.ac.at\/datenschutz\/datenschutzinformation-der-mdw\/\" target=\"_blank\" rel=\"noopener\">Datenschutzinformation der mdw gem. Art. 13 DSGVO<\/a><\/p>\n<h1>Erkl\u00e4rung zur Barrierefreiheit<\/h1>\n<p><a href=\"https:\/\/www.mdw.ac.at\/barrierefreiheitserklaerung\/\" target=\"_blank\" rel=\"noopener\">Erkl\u00e4rung zur Barrierefreiheit<\/a><\/p>\n<h1>Disclaimer<\/h1>\n<p>Diese Website kann Hinweise auf andere Eigentumsrechte und Informationen zu Urheberrechten enthalten, die beachtet und befolgt werden mu\u0308ssen. Dies gilt insbesondere fu\u0308r Logos, Bilder, Tondateien und Videos.<\/p>\n<p>Das Herunterladen, Drucken und Speichern von Dateien dieser Website fu\u0308r den ausschlie\u00dflich privaten Gebrauch ist gestattet, daru\u0308ber hinaus gehende Nutzung bedarf der ausdru\u0308cklichen Zustimmung der mdw \u2013 Universit\u00e4t fu\u0308r Musik und darstellende Kunst Wien.<\/p>\n<p>Die mdw u\u0308bernimmt keine Haftung fu\u0308r Datenverlust oder andere technische Beeintr\u00e4chtigungen, die beim Betrachten oder Herunterladen von Daten dieser Website entstehen k\u00f6nnen. Bei Links zu anderen Webseiten u\u0308bernimmt die mdw keine Haftung fu\u0308r deren Inhalt.<\/p>\n<p>Die auf dieser Website bereitgestellten Informationen werden durch die mdw sorgf\u00e4ltig gepru\u0308ft und regelm\u00e4\u00dfig aktualisiert. Fu\u0308r die Vollst\u00e4ndigkeit, Aktualit\u00e4t und Richtigkeit der Angaben der im Rahmen dieser Internetseiten angebotenen Inhalte wird keine Gew\u00e4hr u\u0308bernommen.<\/p>\n<p>\u00c4nderungen und Irrtu\u0308mer sind vorbehalten. Des Weiteren beh\u00e4lt sich die mdw vor, jederzeit den Inhalt und das Design dieser Website ohne vorhergehende Anku\u0308ndigung zu \u00e4ndern.<\/p>\n<h1>Die mdw Netiquette auf Social Media<\/h1>\n<p>Bitte beachten Sie die <a href=\"https:\/\/www.mdw.ac.at\/netiquette\/\" target=\"_blank\" rel=\"noopener\">Netiquette der mdw<\/a> wenn Sie auf unseren Social Media-Kan\u00e4len unterwegs sind.<\/p>\n","protected":false},"excerpt":{"rendered":"<p>Offenlegung gem. \u00a7 25 Mediengesetz Medieninhaberin, Herausgeberin, Eigentu\u0308merin mdw \u2013 Universit\u00e4t fu\u0308r Musik und darstellende Kunst Wien\u00ae Anton-von-Webern-Platz 1 1030 Wien Tel.: +43 1 711 55 Vertretungsbefugte Organe: Rektorin Ulrike Sych, Rektorat UID-Nummer: ATU 37871004 Registrierungshinweise Die Universit\u00e4t fu\u0308r Musik und darstellende Kunst Wien ist Inhaberin folgender geschu\u0308tzter Marken: mdw Universit\u00e4t fu\u0308r Musik und darstellende [&hellip;]<\/p>\n","protected":false},"author":1,"featured_media":0,"parent":0,"menu_order":0,"comment_status":"closed","ping_status":"closed","template":"page-custom.php","meta":{"_acf_changed":false,"footnotes":""},"class_list":["post-83","page","type-page","status-publish","hentry"],"acf":[],"_links":{"self":[{"href":"https:\/\/www.mdw.ac.at\/icgp\/wp-json\/wp\/v2\/pages\/83","targetHints":{"allow":["GET"]}}],"collection":[{"href":"https:\/\/www.mdw.ac.at\/icgp\/wp-json\/wp\/v2\/pages"}],"about":[{"href":"https:\/\/www.mdw.ac.at\/icgp\/wp-json\/wp\/v2\/types\/page"}],"author":[{"embeddable":true,"href":"https:\/\/www.mdw.ac.at\/icgp\/wp-json\/wp\/v2\/users\/1"}],"replies":[{"embeddable":true,"href":"https:\/\/www.mdw.ac.at\/icgp\/wp-json\/wp\/v2\/comments?post=83"}],"version-history":[{"count":13,"href":"https:\/\/www.mdw.ac.at\/icgp\/wp-json\/wp\/v2\/pages\/83\/revisions"}],"predecessor-version":[{"id":1950,"href":"https:\/\/www.mdw.ac.at\/icgp\/wp-json\/wp\/v2\/pages\/83\/revisions\/1950"}],"wp:attachment":[{"href":"https:\/\/www.mdw.ac.at\/icgp\/wp-json\/wp\/v2\/media?parent=83"}],"curies":[{"name":"wp","href":"https:\/\/api.w.org\/{rel}","templated":true}]}}