{"id":1074,"date":"2025-02-22T14:57:49","date_gmt":"2025-02-22T14:57:49","guid":{"rendered":"https:\/\/www.mdw.ac.at\/audio-ghosts\/?page_id=1074"},"modified":"2025-11-10T13:21:56","modified_gmt":"2025-11-10T13:21:56","slug":"ththbrsh","status":"publish","type":"page","link":"https:\/\/www.mdw.ac.at\/audio-ghosts\/ththbrsh\/","title":{"rendered":"CHRISTINE SCH\u00d6RKHUBER:\u00a0ththbrsh"},"content":{"rendered":"\t\t<div data-elementor-type=\"wp-page\" data-elementor-id=\"1074\" class=\"elementor elementor-1074\" data-elementor-post-type=\"page\">\n\t\t\t\t<div class=\"elementor-element elementor-element-7958b30 e-flex e-con-boxed e-con e-parent\" data-id=\"7958b30\" data-element_type=\"container\">\n\t\t\t\t\t<div class=\"e-con-inner\">\n\t\t<div class=\"elementor-element elementor-element-fc9564c e-con-full e-flex e-con e-child\" data-id=\"fc9564c\" data-element_type=\"container\">\n\t\t\t\t<div class=\"elementor-element elementor-element-5d00588 elementor-widget__width-initial elementor-widget elementor-widget-text-editor\" data-id=\"5d00588\" data-element_type=\"widget\" data-widget_type=\"text-editor.default\">\n\t\t\t\t<div class=\"elementor-widget-container\">\n\t\t\t\t\t\t\t\t\t<p><strong>GUEST ARTIST 1<\/strong><br \/><strong>Christine Sch\u00f6rkhuber: <em>ththbrsh<\/em> &#8211; sound installation<\/strong><br \/>Monday, October 14, 2024 @ SP\u2022CE, 19:00-22:00 (Opening)<br \/>Further opening hours: October 15 to 18, 2024, 18:00-20:00, October 19 and 20, 2024, 16:00-20:00<\/p><p>Part of the <a href=\"https:\/\/www.mdw.ac.at\/audio-ghosts\/guest-artists\/\">AUDIO GHOSTS Guest Artists<\/a> Series.\u00a0<\/p>\t\t\t\t\t\t\t\t<\/div>\n\t\t\t\t<\/div>\n\t\t\t\t<\/div>\n\t\t\t\t\t<\/div>\n\t\t\t\t<\/div>\n\t\t<div class=\"elementor-element elementor-element-86c2dcd e-flex e-con-boxed e-con e-parent\" data-id=\"86c2dcd\" data-element_type=\"container\">\n\t\t\t\t\t<div class=\"e-con-inner\">\n\t\t\t\t<div class=\"elementor-element elementor-element-5863446 elementor-widget-divider--separator-type-pattern elementor-widget-divider--no-spacing elementor-widget-divider--view-line elementor-widget elementor-widget-divider\" data-id=\"5863446\" data-element_type=\"widget\" data-widget_type=\"divider.default\">\n\t\t\t\t<div class=\"elementor-widget-container\">\n\t\t\t\t\t\t\t<div class=\"elementor-divider\" style=\"--divider-pattern-url: url(&quot;data:image\/svg+xml,%3Csvg xmlns=&#039;http:\/\/www.w3.org\/2000\/svg&#039; preserveAspectRatio=&#039;xMidYMid meet&#039; overflow=&#039;visible&#039; height=&#039;100%&#039; viewBox=&#039;0 0 126 26&#039; fill=&#039;black&#039; stroke=&#039;none&#039;%3E%3Cpath d=&#039;M3,10.2c2.6,0,2.6,2,2.6,3.2S4.4,16.5,3,16.5s-3-1.4-3-3.2S0.4,10.2,3,10.2z M18.8,10.2c1.7,0,3.2,1.4,3.2,3.2s-1.4,3.2-3.2,3.2c-1.7,0-3.2-1.4-3.2-3.2S17,10.2,18.8,10.2z M34.6,10.2c1.5,0,2.6,1.4,2.6,3.2s-0.5,3.2-1.9,3.2c-1.5,0-3.4-1.4-3.4-3.2S33.1,10.2,34.6,10.2z M50.5,10.2c1.7,0,3.2,1.4,3.2,3.2s-1.4,3.2-3.2,3.2c-1.7,0-3.3-0.9-3.3-2.6S48.7,10.2,50.5,10.2z M66.2,10.2c1.5,0,3.4,1.4,3.4,3.2s-1.9,3.2-3.4,3.2c-1.5,0-2.6-0.4-2.6-2.1S64.8,10.2,66.2,10.2z M82.2,10.2c1.7,0.8,2.6,1.4,2.6,3.2s-0.1,3.2-1.6,3.2c-1.5,0-3.7-1.4-3.7-3.2S80.5,9.4,82.2,10.2zM98.6,10.2c1.5,0,2.6,0.4,2.6,2.1s-1.2,4.2-2.6,4.2c-1.5,0-3.7-0.4-3.7-2.1S97.1,10.2,98.6,10.2z M113.4,10.2c1.2,0,2.2,0.9,2.2,3.2s-0.1,3.2-1.3,3.2s-3.1-1.4-3.1-3.2S112.2,10.2,113.4,10.2z&#039;\/%3E%3C\/svg%3E&quot;);\">\n\t\t\t<span class=\"elementor-divider-separator\">\n\t\t\t\t\t\t<\/span>\n\t\t<\/div>\n\t\t\t\t\t\t<\/div>\n\t\t\t\t<\/div>\n\t\t\t\t\t<\/div>\n\t\t\t\t<\/div>\n\t\t<div class=\"elementor-element elementor-element-986c4c1 e-flex e-con-boxed e-con e-parent\" data-id=\"986c4c1\" data-element_type=\"container\">\n\t\t\t\t\t<div class=\"e-con-inner\">\n\t\t<div class=\"elementor-element elementor-element-0205834 e-con-full e-flex e-con e-child\" data-id=\"0205834\" data-element_type=\"container\">\n\t\t\t\t<div class=\"elementor-element elementor-element-c6deb1f elementor-widget elementor-widget-text-editor\" data-id=\"c6deb1f\" data-element_type=\"widget\" data-widget_type=\"text-editor.default\">\n\t\t\t\t<div class=\"elementor-widget-container\">\n\t\t\t\t\t\t\t\t\t<p><strong>GUEST ARTIST 1<\/strong><\/p><p><strong>Christine Sch\u00f6rkhuber:<\/strong><em> ththbrsh<\/em> \u2013 sound installation<\/p><p>Acoustic illusions often occur randomly, ghostly, and unassignable in everyday life, consciously or unconsciously accompanying us throughout our days. Since the advent of electrification, electricity has been associated with supernatural phenomena.<\/p><p>The acoustic illusions generated by electrical currents frequently serve as harbingers of delusion or metaphysical events in cinematic narratives. Christine Sch\u00f6rkhuber has placed these phenomena at the center of her reflections and selected the electric toothbrush as the research subject. The artist manipulated these widespread, overtone-rich electrical household devices so that they can be deliberately and precisely brought into various vibrational states through programmed current control via microcontrollers. This way, specific acoustic illusions are intentionally generated and can be reproducibly retrieved.<\/p>\t\t\t\t\t\t\t\t<\/div>\n\t\t\t\t<\/div>\n\t\t\t\t<\/div>\n\t\t\t\t\t<\/div>\n\t\t\t\t<\/div>\n\t\t<div class=\"elementor-element elementor-element-4b1b471 e-flex e-con-boxed e-con e-parent\" data-id=\"4b1b471\" data-element_type=\"container\">\n\t\t\t\t\t<div class=\"e-con-inner\">\n\t\t\t\t<div class=\"elementor-element elementor-element-ffb2307 elementor--h-position-center elementor--v-position-middle elementor-arrows-position-inside elementor-pagination-position-inside elementor-widget elementor-widget-slides\" data-id=\"ffb2307\" data-element_type=\"widget\" data-settings=\"{&quot;autoplay_speed&quot;:7000,&quot;navigation&quot;:&quot;both&quot;,&quot;autoplay&quot;:&quot;yes&quot;,&quot;pause_on_hover&quot;:&quot;yes&quot;,&quot;pause_on_interaction&quot;:&quot;yes&quot;,&quot;infinite&quot;:&quot;yes&quot;,&quot;transition&quot;:&quot;slide&quot;,&quot;transition_speed&quot;:500}\" data-widget_type=\"slides.default\">\n\t\t\t\t<div class=\"elementor-widget-container\">\n\t\t\t\t\t\t\t\t\t<div class=\"elementor-swiper\">\n\t\t\t\t\t<div class=\"elementor-slides-wrapper elementor-main-swiper swiper\" role=\"region\" aria-roledescription=\"carousel\" aria-label=\"Slides\" dir=\"ltr\" data-animation=\"fadeInUp\">\n\t\t\t\t<div class=\"swiper-wrapper elementor-slides\">\n\t\t\t\t\t\t\t\t\t\t<div class=\"elementor-repeater-item-79b1ffb swiper-slide\" role=\"group\" aria-roledescription=\"slide\"><div class=\"swiper-slide-bg elementor-ken-burns elementor-ken-burns--in\" role=\"img\" aria-label=\"AG-Guest-Artist-1_Sch\u00f6rkhuber_13_w\"><\/div><div class=\"elementor-background-overlay\"><\/div><div class=\"swiper-slide-inner\" ><div class=\"swiper-slide-contents\"><\/div><\/div><\/div><div class=\"elementor-repeater-item-7c6457a swiper-slide\" role=\"group\" aria-roledescription=\"slide\"><div class=\"swiper-slide-bg elementor-ken-burns elementor-ken-burns--in\" role=\"img\" aria-label=\"AG-Guest-Artist-1_Sch\u00f6rkhuber_09_w\"><\/div><div class=\"elementor-background-overlay\"><\/div><div class=\"swiper-slide-inner\" ><div class=\"swiper-slide-contents\"><\/div><\/div><\/div><div class=\"elementor-repeater-item-da008d5 swiper-slide\" role=\"group\" aria-roledescription=\"slide\"><div class=\"swiper-slide-bg elementor-ken-burns elementor-ken-burns--in\" role=\"img\" aria-label=\"AG-Guest-Artist-1_Sch\u00f6rkhuber_06_w\"><\/div><div class=\"elementor-background-overlay\"><\/div><div class=\"swiper-slide-inner\" ><div class=\"swiper-slide-contents\"><\/div><\/div><\/div><div class=\"elementor-repeater-item-529f494 swiper-slide\" role=\"group\" aria-roledescription=\"slide\"><div class=\"swiper-slide-bg elementor-ken-burns elementor-ken-burns--in\" role=\"img\" aria-label=\"AG-Guest-Artist-1_Sch\u00f6rkhuber_02_w\"><\/div><div class=\"elementor-background-overlay\"><\/div><div class=\"swiper-slide-inner\" ><div class=\"swiper-slide-contents\"><div class=\"elementor-slide-description\">\n<\/div><\/div><\/div><\/div><div class=\"elementor-repeater-item-e7dae51 swiper-slide\" role=\"group\" aria-roledescription=\"slide\"><div class=\"swiper-slide-bg elementor-ken-burns elementor-ken-burns--in\" role=\"img\" aria-label=\"AG-Guest-Artist-1_Sch\u00f6rkhuber_08_w\"><\/div><div class=\"elementor-background-overlay\"><\/div><div class=\"swiper-slide-inner\" ><div class=\"swiper-slide-contents\"><\/div><\/div><\/div>\t\t\t\t<\/div>\n\t\t\t\t\t\t\t\t\t\t\t\t\t\t\t<div class=\"elementor-swiper-button elementor-swiper-button-prev\" role=\"button\" tabindex=\"0\" aria-label=\"Previous slide\">\n\t\t\t\t\t\t\t<svg aria-hidden=\"true\" class=\"e-font-icon-svg e-eicon-chevron-left\" viewBox=\"0 0 1000 1000\" xmlns=\"http:\/\/www.w3.org\/2000\/svg\"><path d=\"M646 125C629 125 613 133 604 142L308 442C296 454 292 471 292 487 292 504 296 521 308 533L604 854C617 867 629 875 646 875 663 875 679 871 692 858 704 846 713 829 713 812 713 796 708 779 692 767L438 487 692 225C700 217 708 204 708 187 708 171 704 154 692 142 675 129 663 125 646 125Z\"><\/path><\/svg>\t\t\t\t\t\t<\/div>\n\t\t\t\t\t\t<div class=\"elementor-swiper-button elementor-swiper-button-next\" role=\"button\" tabindex=\"0\" aria-label=\"Next slide\">\n\t\t\t\t\t\t\t<svg aria-hidden=\"true\" class=\"e-font-icon-svg e-eicon-chevron-right\" viewBox=\"0 0 1000 1000\" xmlns=\"http:\/\/www.w3.org\/2000\/svg\"><path d=\"M696 533C708 521 713 504 713 487 713 471 708 454 696 446L400 146C388 133 375 125 354 125 338 125 325 129 313 142 300 154 292 171 292 187 292 204 296 221 308 233L563 492 304 771C292 783 288 800 288 817 288 833 296 850 308 863 321 871 338 875 354 875 371 875 388 867 400 854L696 533Z\"><\/path><\/svg>\t\t\t\t\t\t<\/div>\n\t\t\t\t\t\t\t\t\t\t\t\t\t\t\t\t<div class=\"swiper-pagination\"><\/div>\n\t\t\t\t\t\t\t\t\t\t\t\t<\/div>\n\t\t\t\t<\/div>\n\t\t\t\t\t\t\t\t<\/div>\n\t\t\t\t<\/div>\n\t\t\t\t\t<\/div>\n\t\t\t\t<\/div>\n\t\t<div class=\"elementor-element elementor-element-5e31ef0 e-flex e-con-boxed e-con e-parent\" data-id=\"5e31ef0\" data-element_type=\"container\">\n\t\t\t\t\t<div class=\"e-con-inner\">\n\t\t\t\t<div class=\"elementor-element elementor-element-dca8547 elementor-widget-divider--separator-type-pattern elementor-widget-divider--no-spacing elementor-widget-divider--view-line elementor-widget elementor-widget-divider\" data-id=\"dca8547\" data-element_type=\"widget\" data-widget_type=\"divider.default\">\n\t\t\t\t<div class=\"elementor-widget-container\">\n\t\t\t\t\t\t\t<div class=\"elementor-divider\" style=\"--divider-pattern-url: url(&quot;data:image\/svg+xml,%3Csvg xmlns=&#039;http:\/\/www.w3.org\/2000\/svg&#039; preserveAspectRatio=&#039;xMidYMid meet&#039; overflow=&#039;visible&#039; height=&#039;100%&#039; viewBox=&#039;0 0 126 26&#039; fill=&#039;black&#039; stroke=&#039;none&#039;%3E%3Cpath d=&#039;M3,10.2c2.6,0,2.6,2,2.6,3.2S4.4,16.5,3,16.5s-3-1.4-3-3.2S0.4,10.2,3,10.2z M18.8,10.2c1.7,0,3.2,1.4,3.2,3.2s-1.4,3.2-3.2,3.2c-1.7,0-3.2-1.4-3.2-3.2S17,10.2,18.8,10.2z M34.6,10.2c1.5,0,2.6,1.4,2.6,3.2s-0.5,3.2-1.9,3.2c-1.5,0-3.4-1.4-3.4-3.2S33.1,10.2,34.6,10.2z M50.5,10.2c1.7,0,3.2,1.4,3.2,3.2s-1.4,3.2-3.2,3.2c-1.7,0-3.3-0.9-3.3-2.6S48.7,10.2,50.5,10.2z M66.2,10.2c1.5,0,3.4,1.4,3.4,3.2s-1.9,3.2-3.4,3.2c-1.5,0-2.6-0.4-2.6-2.1S64.8,10.2,66.2,10.2z M82.2,10.2c1.7,0.8,2.6,1.4,2.6,3.2s-0.1,3.2-1.6,3.2c-1.5,0-3.7-1.4-3.7-3.2S80.5,9.4,82.2,10.2zM98.6,10.2c1.5,0,2.6,0.4,2.6,2.1s-1.2,4.2-2.6,4.2c-1.5,0-3.7-0.4-3.7-2.1S97.1,10.2,98.6,10.2z M113.4,10.2c1.2,0,2.2,0.9,2.2,3.2s-0.1,3.2-1.3,3.2s-3.1-1.4-3.1-3.2S112.2,10.2,113.4,10.2z&#039;\/%3E%3C\/svg%3E&quot;);\">\n\t\t\t<span class=\"elementor-divider-separator\">\n\t\t\t\t\t\t<\/span>\n\t\t<\/div>\n\t\t\t\t\t\t<\/div>\n\t\t\t\t<\/div>\n\t\t\t\t\t<\/div>\n\t\t\t\t<\/div>\n\t\t<div class=\"elementor-element elementor-element-891ede0 e-flex e-con-boxed e-con e-parent\" data-id=\"891ede0\" data-element_type=\"container\">\n\t\t\t\t\t<div class=\"e-con-inner\">\n\t\t<div class=\"elementor-element elementor-element-bb174f5 e-con-full e-flex e-con e-child\" data-id=\"bb174f5\" data-element_type=\"container\">\n\t\t\t\t<div class=\"elementor-element elementor-element-72766c8 elementor-widget elementor-widget-text-editor\" data-id=\"72766c8\" data-element_type=\"widget\" data-widget_type=\"text-editor.default\">\n\t\t\t\t<div class=\"elementor-widget-container\">\n\t\t\t\t\t\t\t\t\t<figure id=\"attachment_849\" aria-describedby=\"caption-attachment-849\" style=\"width: 350px\" class=\"wp-caption alignright\"><a href=\"https:\/\/www.mdw.ac.at\/audio-ghosts\/wp-content\/uploads\/2024\/10\/Christine-Schorkhuber_photo_Sappert.jpg\"><img fetchpriority=\"high\" decoding=\"async\" class=\"wp-image-849\" title=\"[Christine Scho\u0308rkhuber; Foto: Stefan Sappert]\" src=\"https:\/\/www.mdw.ac.at\/audio-ghosts\/wp-content\/uploads\/2024\/10\/Christine-Schorkhuber_photo_Sappert-300x208.jpg\" alt=\"\" width=\"350\" height=\"243\" srcset=\"https:\/\/www.mdw.ac.at\/audio-ghosts\/wp-content\/uploads\/2024\/10\/Christine-Schorkhuber_photo_Sappert-300x208.jpg 300w, https:\/\/www.mdw.ac.at\/audio-ghosts\/wp-content\/uploads\/2024\/10\/Christine-Schorkhuber_photo_Sappert-768x533.jpg 768w, https:\/\/www.mdw.ac.at\/audio-ghosts\/wp-content\/uploads\/2024\/10\/Christine-Schorkhuber_photo_Sappert-389x270.jpg 389w, https:\/\/www.mdw.ac.at\/audio-ghosts\/wp-content\/uploads\/2024\/10\/Christine-Schorkhuber_photo_Sappert.jpg 832w\" sizes=\"(max-width: 350px) 100vw, 350px\" \/><\/a><figcaption id=\"caption-attachment-849\" class=\"wp-caption-text\">[Christine Scho\u0308rkhuber; Foto: Stefan Sappert]<\/figcaption><\/figure><p><strong>Christine Sch\u00f6rkhuber<\/strong><\/p><p>Christine Sch\u00f6rkhuber studied at the Academy of Fine Arts, Vienna. She primarily works with sound, electronics, and spatial installation, creating large-scale interventions and subtle sound performances, kinetic objects, video art, and compositions. The artist is interested in listening at the intersections of visual art, concept, and auditory art. Her work delves deeply into the dynamics of relationships and systems of order on social, physical, and technological levels. She has participated in national and international exhibitions, including at Rockbund Museum Shanghai, Paraflows, Tricky Women, Crossing Europe, UnOrtnung V, Soundart Konfrontationen Nickelsdorf, Pixxelpoint Media Art Festival Nova Gorica, cheLA Buenos Aires, das weisse haus, Forum Stadtpark Graz, Darmst\u00e4dter Ferienkurse, Unconscious Archives Festival, ACF London, Galerie 5020, Warsaw Biennale, Wien Modern, Kunstradio \u00d61; K\u00fcnstlerhaus, Vienna, Parallel 23, esc Medienkunstlabor, steirischer herbst23; Musikprotokoll 23, Heidi Horten Collection 24. She received the 2013 Start Scholarship from BMUKK for New Media and Video Art, participated in the 2014\/15 New Austrian Sound of Music program of the BMEIA for Experimental\/New Music, and won the 2019 Recognition Award for Media Art from the State of Lower Austria. In 2021, she received the SKE Publicity Award, and in 2023, the Shape+ Residence. Formerly a IG Kultur Austria board member, the Cultural Network Lower Austria, and the feminist hackerspace Mz. Baltazar&#8217;s Laboratory, she is also a co-founder and curator of the Klangmanifeste sound art festival with Ulla Rauter since 2010 and of the non-proprietary streaming platform echoraeume. She currently serves as the director of the Symposium Lindabrunn Association and holds a teaching position at the University of Art and Design Linz for time-based and interactive media.<\/p>\t\t\t\t\t\t\t\t<\/div>\n\t\t\t\t<\/div>\n\t\t\t\t<\/div>\n\t\t\t\t\t<\/div>\n\t\t\t\t<\/div>\n\t\t\t\t<\/div>\n\t\t","protected":false},"excerpt":{"rendered":"<p>GUEST ARTIST 1Christine Sch\u00f6rkhuber: ththbrsh &#8211; sound installationMonday, October 14, 2024 @ SP\u2022CE, 19:00-22:00 (Opening)Further opening hours: October 15 to 18, 2024, 18:00-20:00, October 19 &hellip;<\/p>\n","protected":false},"author":1,"featured_media":369,"parent":0,"menu_order":0,"comment_status":"closed","ping_status":"closed","template":"","meta":{"_price":"","_stock":"","_tribe_ticket_header":"","_tribe_default_ticket_provider":"","_tribe_ticket_capacity":"0","_ticket_start_date":"","_ticket_end_date":"","_tribe_ticket_show_description":"","_tribe_ticket_show_not_going":false,"_tribe_ticket_use_global_stock":"","_tribe_ticket_global_stock_level":"","_global_stock_mode":"","_global_stock_cap":"","_tribe_rsvp_for_event":"","_tribe_ticket_going_count":"","_tribe_ticket_not_going_count":"","_tribe_tickets_list":"[]","_tribe_ticket_has_attendee_info_fields":false,"footnotes":"","_tec_slr_enabled":"","_tec_slr_layout":""},"class_list":["post-1074","page","type-page","status-publish","has-post-thumbnail","hentry"],"yoast_head":"<!-- This site is optimized with the Yoast SEO plugin v26.3 - https:\/\/yoast.com\/wordpress\/plugins\/seo\/ -->\n<title>CHRISTINE SCH\u00d6RKHUBER:\u00a0ththbrsh - AUDIO GHOSTS<\/title>\n<meta name=\"robots\" content=\"index, follow, max-snippet:-1, max-image-preview:large, max-video-preview:-1\" \/>\n<link rel=\"canonical\" href=\"https:\/\/www.mdw.ac.at\/audio-ghosts\/ththbrsh\/\" \/>\n<meta property=\"og:locale\" content=\"en_US\" \/>\n<meta property=\"og:type\" content=\"article\" \/>\n<meta property=\"og:title\" content=\"CHRISTINE SCH\u00d6RKHUBER:\u00a0ththbrsh - AUDIO GHOSTS\" \/>\n<meta property=\"og:description\" content=\"GUEST ARTIST 1Christine Sch\u00f6rkhuber: ththbrsh &#8211; sound installationMonday, October 14, 2024 @ SP\u2022CE, 19:00-22:00 (Opening)Further opening hours: October 15 to 18, 2024, 18:00-20:00, October 19 &hellip;\" \/>\n<meta property=\"og:url\" content=\"https:\/\/www.mdw.ac.at\/audio-ghosts\/ththbrsh\/\" \/>\n<meta property=\"og:site_name\" content=\"AUDIO GHOSTS\" \/>\n<meta property=\"article:modified_time\" content=\"2025-11-10T13:21:56+00:00\" \/>\n<meta property=\"og:image\" content=\"https:\/\/www.mdw.ac.at\/audio-ghosts\/wp-content\/uploads\/2023\/11\/Audio-Ghosts_14.jpg\" \/>\n\t<meta property=\"og:image:width\" content=\"2048\" \/>\n\t<meta property=\"og:image:height\" content=\"2048\" \/>\n\t<meta property=\"og:image:type\" content=\"image\/jpeg\" \/>\n<meta name=\"twitter:card\" content=\"summary_large_image\" \/>\n<meta name=\"twitter:label1\" content=\"Est. reading time\" \/>\n\t<meta name=\"twitter:data1\" content=\"3 minutes\" \/>\n<script type=\"application\/ld+json\" class=\"yoast-schema-graph\">{\"@context\":\"https:\/\/schema.org\",\"@graph\":[{\"@type\":\"WebPage\",\"@id\":\"https:\/\/www.mdw.ac.at\/audio-ghosts\/ththbrsh\/\",\"url\":\"https:\/\/www.mdw.ac.at\/audio-ghosts\/ththbrsh\/\",\"name\":\"CHRISTINE SCH\u00d6RKHUBER:\u00a0ththbrsh - AUDIO GHOSTS\",\"isPartOf\":{\"@id\":\"https:\/\/www.mdw.ac.at\/audio-ghosts\/#website\"},\"primaryImageOfPage\":{\"@id\":\"https:\/\/www.mdw.ac.at\/audio-ghosts\/ththbrsh\/#primaryimage\"},\"image\":{\"@id\":\"https:\/\/www.mdw.ac.at\/audio-ghosts\/ththbrsh\/#primaryimage\"},\"thumbnailUrl\":\"https:\/\/www.mdw.ac.at\/audio-ghosts\/wp-content\/uploads\/2023\/11\/Audio-Ghosts_14.jpg\",\"datePublished\":\"2025-02-22T14:57:49+00:00\",\"dateModified\":\"2025-11-10T13:21:56+00:00\",\"breadcrumb\":{\"@id\":\"https:\/\/www.mdw.ac.at\/audio-ghosts\/ththbrsh\/#breadcrumb\"},\"inLanguage\":\"en-US\",\"potentialAction\":[{\"@type\":\"ReadAction\",\"target\":[\"https:\/\/www.mdw.ac.at\/audio-ghosts\/ththbrsh\/\"]}]},{\"@type\":\"ImageObject\",\"inLanguage\":\"en-US\",\"@id\":\"https:\/\/www.mdw.ac.at\/audio-ghosts\/ththbrsh\/#primaryimage\",\"url\":\"https:\/\/www.mdw.ac.at\/audio-ghosts\/wp-content\/uploads\/2023\/11\/Audio-Ghosts_14.jpg\",\"contentUrl\":\"https:\/\/www.mdw.ac.at\/audio-ghosts\/wp-content\/uploads\/2023\/11\/Audio-Ghosts_14.jpg\",\"width\":2048,\"height\":2048},{\"@type\":\"BreadcrumbList\",\"@id\":\"https:\/\/www.mdw.ac.at\/audio-ghosts\/ththbrsh\/#breadcrumb\",\"itemListElement\":[{\"@type\":\"ListItem\",\"position\":1,\"name\":\"Home\",\"item\":\"https:\/\/www.mdw.ac.at\/audio-ghosts\/\"},{\"@type\":\"ListItem\",\"position\":2,\"name\":\"CHRISTINE SCH\u00d6RKHUBER:\u00a0ththbrsh\"}]},{\"@type\":\"WebSite\",\"@id\":\"https:\/\/www.mdw.ac.at\/audio-ghosts\/#website\",\"url\":\"https:\/\/www.mdw.ac.at\/audio-ghosts\/\",\"name\":\"AUDIO GHOSTS\",\"description\":\"\",\"publisher\":{\"@id\":\"https:\/\/www.mdw.ac.at\/audio-ghosts\/#organization\"},\"potentialAction\":[{\"@type\":\"SearchAction\",\"target\":{\"@type\":\"EntryPoint\",\"urlTemplate\":\"https:\/\/www.mdw.ac.at\/audio-ghosts\/?s={search_term_string}\"},\"query-input\":{\"@type\":\"PropertyValueSpecification\",\"valueRequired\":true,\"valueName\":\"search_term_string\"}}],\"inLanguage\":\"en-US\"},{\"@type\":\"Organization\",\"@id\":\"https:\/\/www.mdw.ac.at\/audio-ghosts\/#organization\",\"name\":\"AUDIO GHOSTS\",\"url\":\"https:\/\/www.mdw.ac.at\/audio-ghosts\/\",\"logo\":{\"@type\":\"ImageObject\",\"inLanguage\":\"en-US\",\"@id\":\"https:\/\/www.mdw.ac.at\/audio-ghosts\/#\/schema\/logo\/image\/\",\"url\":\"https:\/\/www.mdw.ac.at\/audio-ghosts\/wp-content\/uploads\/2023\/11\/cropped-favicon.jpeg\",\"contentUrl\":\"https:\/\/www.mdw.ac.at\/audio-ghosts\/wp-content\/uploads\/2023\/11\/cropped-favicon.jpeg\",\"width\":512,\"height\":512,\"caption\":\"AUDIO GHOSTS\"},\"image\":{\"@id\":\"https:\/\/www.mdw.ac.at\/audio-ghosts\/#\/schema\/logo\/image\/\"}}]}<\/script>\n<!-- \/ Yoast SEO plugin. -->","yoast_head_json":{"title":"CHRISTINE SCH\u00d6RKHUBER:\u00a0ththbrsh - AUDIO GHOSTS","robots":{"index":"index","follow":"follow","max-snippet":"max-snippet:-1","max-image-preview":"max-image-preview:large","max-video-preview":"max-video-preview:-1"},"canonical":"https:\/\/www.mdw.ac.at\/audio-ghosts\/ththbrsh\/","og_locale":"en_US","og_type":"article","og_title":"CHRISTINE SCH\u00d6RKHUBER:\u00a0ththbrsh - AUDIO GHOSTS","og_description":"GUEST ARTIST 1Christine Sch\u00f6rkhuber: ththbrsh &#8211; sound installationMonday, October 14, 2024 @ SP\u2022CE, 19:00-22:00 (Opening)Further opening hours: October 15 to 18, 2024, 18:00-20:00, October 19 &hellip;","og_url":"https:\/\/www.mdw.ac.at\/audio-ghosts\/ththbrsh\/","og_site_name":"AUDIO GHOSTS","article_modified_time":"2025-11-10T13:21:56+00:00","og_image":[{"width":2048,"height":2048,"url":"https:\/\/www.mdw.ac.at\/audio-ghosts\/wp-content\/uploads\/2023\/11\/Audio-Ghosts_14.jpg","type":"image\/jpeg"}],"twitter_card":"summary_large_image","twitter_misc":{"Est. reading time":"3 minutes"},"schema":{"@context":"https:\/\/schema.org","@graph":[{"@type":"WebPage","@id":"https:\/\/www.mdw.ac.at\/audio-ghosts\/ththbrsh\/","url":"https:\/\/www.mdw.ac.at\/audio-ghosts\/ththbrsh\/","name":"CHRISTINE SCH\u00d6RKHUBER:\u00a0ththbrsh - AUDIO GHOSTS","isPartOf":{"@id":"https:\/\/www.mdw.ac.at\/audio-ghosts\/#website"},"primaryImageOfPage":{"@id":"https:\/\/www.mdw.ac.at\/audio-ghosts\/ththbrsh\/#primaryimage"},"image":{"@id":"https:\/\/www.mdw.ac.at\/audio-ghosts\/ththbrsh\/#primaryimage"},"thumbnailUrl":"https:\/\/www.mdw.ac.at\/audio-ghosts\/wp-content\/uploads\/2023\/11\/Audio-Ghosts_14.jpg","datePublished":"2025-02-22T14:57:49+00:00","dateModified":"2025-11-10T13:21:56+00:00","breadcrumb":{"@id":"https:\/\/www.mdw.ac.at\/audio-ghosts\/ththbrsh\/#breadcrumb"},"inLanguage":"en-US","potentialAction":[{"@type":"ReadAction","target":["https:\/\/www.mdw.ac.at\/audio-ghosts\/ththbrsh\/"]}]},{"@type":"ImageObject","inLanguage":"en-US","@id":"https:\/\/www.mdw.ac.at\/audio-ghosts\/ththbrsh\/#primaryimage","url":"https:\/\/www.mdw.ac.at\/audio-ghosts\/wp-content\/uploads\/2023\/11\/Audio-Ghosts_14.jpg","contentUrl":"https:\/\/www.mdw.ac.at\/audio-ghosts\/wp-content\/uploads\/2023\/11\/Audio-Ghosts_14.jpg","width":2048,"height":2048},{"@type":"BreadcrumbList","@id":"https:\/\/www.mdw.ac.at\/audio-ghosts\/ththbrsh\/#breadcrumb","itemListElement":[{"@type":"ListItem","position":1,"name":"Home","item":"https:\/\/www.mdw.ac.at\/audio-ghosts\/"},{"@type":"ListItem","position":2,"name":"CHRISTINE SCH\u00d6RKHUBER:\u00a0ththbrsh"}]},{"@type":"WebSite","@id":"https:\/\/www.mdw.ac.at\/audio-ghosts\/#website","url":"https:\/\/www.mdw.ac.at\/audio-ghosts\/","name":"AUDIO GHOSTS","description":"","publisher":{"@id":"https:\/\/www.mdw.ac.at\/audio-ghosts\/#organization"},"potentialAction":[{"@type":"SearchAction","target":{"@type":"EntryPoint","urlTemplate":"https:\/\/www.mdw.ac.at\/audio-ghosts\/?s={search_term_string}"},"query-input":{"@type":"PropertyValueSpecification","valueRequired":true,"valueName":"search_term_string"}}],"inLanguage":"en-US"},{"@type":"Organization","@id":"https:\/\/www.mdw.ac.at\/audio-ghosts\/#organization","name":"AUDIO GHOSTS","url":"https:\/\/www.mdw.ac.at\/audio-ghosts\/","logo":{"@type":"ImageObject","inLanguage":"en-US","@id":"https:\/\/www.mdw.ac.at\/audio-ghosts\/#\/schema\/logo\/image\/","url":"https:\/\/www.mdw.ac.at\/audio-ghosts\/wp-content\/uploads\/2023\/11\/cropped-favicon.jpeg","contentUrl":"https:\/\/www.mdw.ac.at\/audio-ghosts\/wp-content\/uploads\/2023\/11\/cropped-favicon.jpeg","width":512,"height":512,"caption":"AUDIO GHOSTS"},"image":{"@id":"https:\/\/www.mdw.ac.at\/audio-ghosts\/#\/schema\/logo\/image\/"}}]}},"jetpack_sharing_enabled":true,"ticketed":false,"_links":{"self":[{"href":"https:\/\/www.mdw.ac.at\/audio-ghosts\/wp-json\/wp\/v2\/pages\/1074","targetHints":{"allow":["GET"]}}],"collection":[{"href":"https:\/\/www.mdw.ac.at\/audio-ghosts\/wp-json\/wp\/v2\/pages"}],"about":[{"href":"https:\/\/www.mdw.ac.at\/audio-ghosts\/wp-json\/wp\/v2\/types\/page"}],"author":[{"embeddable":true,"href":"https:\/\/www.mdw.ac.at\/audio-ghosts\/wp-json\/wp\/v2\/users\/1"}],"replies":[{"embeddable":true,"href":"https:\/\/www.mdw.ac.at\/audio-ghosts\/wp-json\/wp\/v2\/comments?post=1074"}],"version-history":[{"count":16,"href":"https:\/\/www.mdw.ac.at\/audio-ghosts\/wp-json\/wp\/v2\/pages\/1074\/revisions"}],"predecessor-version":[{"id":1669,"href":"https:\/\/www.mdw.ac.at\/audio-ghosts\/wp-json\/wp\/v2\/pages\/1074\/revisions\/1669"}],"wp:featuredmedia":[{"embeddable":true,"href":"https:\/\/www.mdw.ac.at\/audio-ghosts\/wp-json\/wp\/v2\/media\/369"}],"wp:attachment":[{"href":"https:\/\/www.mdw.ac.at\/audio-ghosts\/wp-json\/wp\/v2\/media?parent=1074"}],"curies":[{"name":"wp","href":"https:\/\/api.w.org\/{rel}","templated":true}]}}