{"id":3318,"date":"2025-04-24T08:06:27","date_gmt":"2025-04-24T08:06:27","guid":{"rendered":"https:\/\/www.mdw.ac.at\/ar_center\/?page_id=3318"},"modified":"2026-03-26T09:05:45","modified_gmt":"2026-03-26T09:05:45","slug":"stephanie-schroedter_de","status":"publish","type":"page","link":"https:\/\/www.mdw.ac.at\/ar_center\/de\/stephanie-schroedter_de\/","title":{"rendered":"Stephanie Schroedter"},"content":{"rendered":"<p>[vc_section css=&#8221;.vc_custom_1592596618839{margin-top: 100px !important;}&#8221;][vc_row][vc_column width=&#8221;1\/4&#8243;]<div  class=\"wpb_content_element   clearfix\"><style type=\"text\/css\">#ut_am_69d051aac23d3 { opacity: 1; }#ut_am_wrap_69d051aac23d4 .ut-image-gallery-item-caption-title h3 { letter-spacing: 0em; }#ut_am_wrap_69d051aac23d4 .ut-gallery-slider-caption { font-weight: bold; }#ut_am_wrap_69d051aac23d4 { text-align: left; }@media (min-width: 768px) and (max-width: 1024px) { #ut_am_wrap_69d051aac23d4 { text-align: left !important; } }@media (max-width: 767px) { #ut_am_wrap_69d051aac23d4 { text-align: center !important; } }<\/style><div id=\"ut_am_wrap_69d051aac23d4\" class=\"ut-image-gallery-image \"><div id=\"ut_reveal_69d051aac23d5\"  data-appear-top-offset=\"auto\" class=\"ut-animated-image-item ut-image-gallery-item ut-animation-done \"><a class=\"ut-deactivated-link\" href=\"#\"><div class=\"ut-animated-image-zoom\"><img class=\"ut-lazy skip-lazy ut-animated-image\"  id=\"ut_am_69d051aac23d3\" src=\"data:image\/svg+xml;charset=utf-8,%3Csvg xmlns%3D'http%3A%2F%2Fwww.w3.org%2F2000%2Fsvg' viewBox%3D'0 0 325 217'%2F%3E\" data-src=\"https:\/\/www.mdw.ac.at\/ar_center\/wp-content\/uploads\/2025\/05\/IMAGE-325x217.jpeg\" width=\"325\" height=\"217\" alt=\"\"\/><\/div><div data-image-caption class=\"ut-image-gallery-image-caption\"><div class=\"ut-image-gallery-item-caption-title\"><h3>credits: Katharina Sturm<\/h3><\/div><\/div><\/a><\/div><\/div><\/div>[\/vc_column][vc_column width=&#8221;3\/4&#8243;][vc_column_text]<\/p>\n<div class=\"page\" title=\"Page 2\">\n<div class=\"section\">\n<div class=\"layoutArea\">\n<div class=\"column\">\n<p><strong>Stephanie Schroedter<\/strong> arbeitet seit ihrer musik-\/tanzwissenschaftlichen Promotion an der Universit\u00e4t Salzburg (gef\u00f6rdert vom FWF Wien und ausgezeichnet mit dem Tanzwissenschaftspreis NRW) an der Schnittstelle von Musik, Tanz und Theater\/Performance. Sie lehrte als Forschungsassistentin, Gast- und Vertretungsprofessorin in der Musik-, Tanz-, Theater- und Medienwissenschaft u.a. an Universit\u00e4ten in Bayreuth, Berlin (Freie Universit\u00e4t und Universit\u00e4t der K\u00fcnste), Heidelberg und Bern\/CH. Zudem war sie in die Konzeption und Durchf\u00fchrung von mehreren DFG- und SNF-gef\u00f6rderten Forschungsprojekten involviert. 2015 habilitierte sie sich an der FU Berlin (venia legendi\/docendi: Musik- und Tanzwissen\u00adschaft) und wurde 2021 auf eine Professur zu einer transdisziplin\u00e4ren k\u00fcnstlerischen Theoriebildung an die Universit\u00e4t f\u00fcr Musik und darstellende Kunst Wien berufen. Ihr besonderes Interesse gilt der Erforschung eines musikalisch\/klanglich bewegten Wissens an der Schnittstelle von k\u00fcnstlerischer Praxis und \u00e4sthetischer Reflexion.<\/p>\n<p>Der j\u00fcngste, von ihr herausgegebene Sammelband <em>Music and Motion. Interweaving Artistic Practice and Theory<\/em><em> in Dance and beyond<\/em> (Wien und Bielefeld: mdw-press in Kooperation mit transcript 2026) mit Beitr\u00e4gen von 41 internationalen Autor:innen aus Bereichen der Musik-\/Tanz-\/Theater- und Medienwissenschaft sowie praxisorientierten F\u00e4chern wie z.B. Artistic Research, Komposition\/Improvisation, Sound Studies, Th\u00e9\u00e2tre musical\/Performance sowie Musik- und Bewegungsp\u00e4dagogik\/Rhythmik ist \u00fcber <a href=\"https:\/\/www.mdw.ac.at\/mdwpress\/books-music-motion\/\">https:\/\/www.mdw.ac.at\/mdwpress\/books-music-motion\/<\/a> verf\u00fcgbar (open access ohne Beschr\u00e4nkungen).<\/p>\n<\/div>\n<\/div>\n<\/div>\n<\/div>\n<p>[\/vc_column_text][\/vc_column][\/vc_row][\/vc_section][vc_section css=&#8221;.vc_custom_1592596618839{margin-top: 100px !important;}&#8221;][vc_row][vc_column]<div  class=\"wpb_content_element   clearfix\"><style type=\"text\/css\">#ut_am_69d051aac26c9 { opacity: 1; }#ut_am_wrap_69d051aac26ca .ut-image-gallery-item-caption-title h3 { letter-spacing: 0em; }#ut_am_wrap_69d051aac26ca .ut-gallery-slider-caption { font-weight: bold; }#ut_am_wrap_69d051aac26ca { text-align: left; }@media (min-width: 768px) and (max-width: 1024px) { #ut_am_wrap_69d051aac26ca { text-align: left !important; } }@media (max-width: 767px) { #ut_am_wrap_69d051aac26ca { text-align: center !important; } }<\/style><div id=\"ut_am_wrap_69d051aac26ca\" class=\"ut-image-gallery-image \"><div id=\"ut_reveal_69d051aac26cb\"  data-appear-top-offset=\"auto\" class=\"ut-animated-image-item ut-image-gallery-item ut-animation-done \"><a class=\"ut-deactivated-link\" href=\"#\"><div class=\"ut-animated-image-zoom\"><img class=\"ut-lazy skip-lazy ut-animated-image\"  id=\"ut_am_69d051aac26c9\" src=\"data:image\/svg+xml;charset=utf-8,%3Csvg xmlns%3D'http%3A%2F%2Fwww.w3.org%2F2000%2Fsvg' viewBox%3D'0 0 500 600'%2F%3E\" data-src=\"https:\/\/www.mdw.ac.at\/ar_center\/wp-content\/uploads\/2020\/07\/ARC-Design-Element-6-1.svg\" width=\"500\" height=\"\" alt=\"\"\/><\/div><\/a><\/div><\/div><\/div>[\/vc_column][\/vc_row][\/vc_section]<\/p>\n","protected":false},"excerpt":{"rendered":"<p>[vc_section css=&#8221;.vc_custom_1592596618839{margin-top: 100px !important;}&#8221;][vc_row][vc_column width=&#8221;1\/4&#8243;][\/vc_column][vc_column width=&#8221;3\/4&#8243;][vc_column_text] Stephanie Schroedter arbeitet seit ihrer musik-\/tanzwissenschaftlichen Promotion an der Universit\u00e4t Salzburg (gef\u00f6rdert vom FWF Wien und ausgezeichnet mit dem Tanzwissenschaftspreis NRW) an der Schnittstelle von Musik, Tanz und Theater\/Performance. Sie lehrte als Forschungsassistentin, Gast- und Vertretungsprofessorin in der Musik-, Tanz-, Theater- und Medienwissenschaft u.a. an Universit\u00e4ten in Bayreuth, Berlin [&hellip;]<\/p>\n","protected":false},"author":4,"featured_media":0,"parent":0,"menu_order":0,"comment_status":"closed","ping_status":"closed","template":"","meta":[],"_links":{"self":[{"href":"https:\/\/www.mdw.ac.at\/ar_center\/wp-json\/wp\/v2\/pages\/3318"}],"collection":[{"href":"https:\/\/www.mdw.ac.at\/ar_center\/wp-json\/wp\/v2\/pages"}],"about":[{"href":"https:\/\/www.mdw.ac.at\/ar_center\/wp-json\/wp\/v2\/types\/page"}],"author":[{"embeddable":true,"href":"https:\/\/www.mdw.ac.at\/ar_center\/wp-json\/wp\/v2\/users\/4"}],"replies":[{"embeddable":true,"href":"https:\/\/www.mdw.ac.at\/ar_center\/wp-json\/wp\/v2\/comments?post=3318"}],"version-history":[{"count":3,"href":"https:\/\/www.mdw.ac.at\/ar_center\/wp-json\/wp\/v2\/pages\/3318\/revisions"}],"predecessor-version":[{"id":3669,"href":"https:\/\/www.mdw.ac.at\/ar_center\/wp-json\/wp\/v2\/pages\/3318\/revisions\/3669"}],"wp:attachment":[{"href":"https:\/\/www.mdw.ac.at\/ar_center\/wp-json\/wp\/v2\/media?parent=3318"}],"curies":[{"name":"wp","href":"https:\/\/api.w.org\/{rel}","templated":true}]}}