{"id":3111,"date":"2025-03-18T08:35:27","date_gmt":"2025-03-18T08:35:27","guid":{"rendered":"https:\/\/www.mdw.ac.at\/ar_center\/?page_id=3111"},"modified":"2026-03-12T13:52:41","modified_gmt":"2026-03-12T13:52:41","slug":"information-for-applicants-cap_de","status":"publish","type":"page","link":"https:\/\/www.mdw.ac.at\/ar_center\/de\/information-for-applicants-cap_de\/","title":{"rendered":"Informationen f\u00fcr Studienbewerber_innen"},"content":{"rendered":"<p>[vc_row][vc_column][vc_column_text]Der Studienbeginn des CAP-Masters ist nur im Wintersemester m\u00f6glich.<\/p>\n<p>&nbsp;<\/p>\n<h2>Online Informationsveranstaltung<\/h2>\n<p>F\u00fcr Studieninteressierte findet am<\/p>\n<ul>\n<li><strong>Dienstag, 17. M\u00e4rz 2026<\/strong> um <strong>18:00 Uhr<\/strong> (<a href=\"https:\/\/mdw-ac-at.zoom.us\/j\/68782414435?pwd=KisKJrdgDwCCJGdJ8bZMMaaa7GKjvM.1\">zoom<\/a>)<\/li>\n<li><strong>Donnerstag, 07. Mai 2026<\/strong> um <strong>18:30 Uhr<\/strong> (<a href=\"https:\/\/mdw-ac-at.zoom.us\/j\/62573024326?pwd=Mba37nZ3dI5febkmQaFV4kGvCVlXCi.1\">zoom<\/a>)<\/li>\n<\/ul>\n<p>eine Informationsveranstaltung statt.<\/p>\n<p>Um Anmeldung wird gebeten bis 14:00 Uhr des Informations-Tages, unter <a href=\"mailto:cap-master@mdw.ac.at\">cap-master@mdw.ac.at<\/a><\/p>\n<p>&nbsp;<\/p>\n<p>&nbsp;<\/p>\n<p>&nbsp;<\/p>\n<h2>Ablauf der Studienbewerbung<\/h2>\n<p>Die Anmeldung erfolgt ausschlie\u00dflich \u00fcber das Online-Portal<br \/>\n<a href=\"http:\/\/online.mdw.ac.at\/mdw_online\/webnav.ini\">online.mdw.ac.at\/mdw_online\/webnav.ini<\/a><\/p>\n<p>Wenn man noch nicht Studierende\/r der mdw ist, muss man einen Bewerber\/innen-Account erstellen, bevor man sich f\u00fcr die Zulassungspr\u00fcfung registrieren kann.<br \/>\nEtwaige Fragen richten Sie an <a href=\"mailto:zulassungspruefung@mdw.ac.at\">zulassungspruefung@mdw.ac.at<\/a><\/p>\n<p>&nbsp;<\/p>\n<div id=\"GroupWiseSection_1678178703000_cap-master@mdw.ac.at_0A1F05100DA50000996D647734636137_\" class=\"GroupWiseMessageBody active\">\n<h5><\/h5>\n<h5>von 02. M\u00e4rz bis 10. Juni 2026<br \/>\nAnmeldung zur Zulassungspr\u00fcfung f\u00fcr das Studienjahr 2026\/27<\/h5>\n<p>auf <a href=\"http:\/\/online.mdw.ac.at\">online.mdw.ac.at<\/a><\/p>\n<p>Studienbeginn: Wintersemester 2026\/27<br \/>\nArt des Studiums: Masterstudium<br \/>\nStudium: Masterstudium Contemporary Arts Practice<\/p>\n<p><em>Einreichung der schriftlichen Unterlagen.<\/em><\/p>\n<p>&nbsp;<\/p>\n<h5>von 06. bis 10. Juli 2026<br \/>\nK\u00fcnstlerische Pr\u00e4sentation und Gestaltungsaufgabe<\/h5>\n<p>an der Universit\u00e4t f\u00fcr Musik und darstellenden Kunst Wien<br \/>\n(genaue Einteilung erfolgt voraussichtlich Mitte Juni 2026)<\/p>\n<div><\/div>\n<div><\/div>\n<div><\/div>\n<\/div>\n<p>[\/vc_column_text][\/vc_column][\/vc_row][vc_row][vc_column][vc_column_text]<img decoding=\"async\" loading=\"lazy\" class=\"alignnone size-full wp-image-1871\" src=\"https:\/\/www.mdw.ac.at\/ar_center\/wp-content\/uploads\/2023\/01\/ARC-CAP-Design-Element-4-1.png\" alt=\"\" width=\"1921\" height=\"253\" srcset=\"https:\/\/www.mdw.ac.at\/ar_center\/wp-content\/uploads\/2023\/01\/ARC-CAP-Design-Element-4-1.png 1921w, https:\/\/www.mdw.ac.at\/ar_center\/wp-content\/uploads\/2023\/01\/ARC-CAP-Design-Element-4-1-768x101.png 768w, https:\/\/www.mdw.ac.at\/ar_center\/wp-content\/uploads\/2023\/01\/ARC-CAP-Design-Element-4-1-1536x202.png 1536w, https:\/\/www.mdw.ac.at\/ar_center\/wp-content\/uploads\/2023\/01\/ARC-CAP-Design-Element-4-1-1280x169.png 1280w\" sizes=\"(max-width: 1921px) 100vw, 1921px\" \/>[\/vc_column_text][\/vc_column][\/vc_row][vc_row][vc_column][\/vc_column][\/vc_row][vc_row][vc_column][vc_column_text]<\/p>\n<h2>Zulassungspr\u00fcfung<\/h2>\n<p>Vorbemerkung: Die Zulassungspr\u00fcfung kann immer nur in einem Studienprofil absolviert werden.<\/p>\n<h3><\/h3>\n<h3><\/h3>\n<h3>Allgemeine Zulassungspr\u00fcfungskriterien<\/h3>\n<p>Alle Bewerber_innen m\u00fcssen jene Fertigkeiten und Erfahrungen auf einem Niveau nachweisen, das es ihnen erm\u00f6glicht, das Studium voraussichtlich erfolgreich durchf\u00fchren zu k\u00f6nnen. Im Detail sind dies:<br \/>\n\u2022 k\u00fcnstlerisch-performative Kompetenzen<br \/>\n\u2022 Kompetenz im Bereich der k\u00fcnstlerischen Improvisation<br \/>\n\u2022 Bef\u00e4higung zur Planung und Durchf\u00fchrung k\u00fcnstlerischer bzw. kunst- und kulturvermittelnder Projekte<br \/>\n\u2022 Bef\u00e4higung zum wissenschaftlichen Arbeiten<\/p>\n<p>&nbsp;<\/p>\n<h3><\/h3>\n<h3>Einzureichende Unterlagen<\/h3>\n<h4><\/h4>\n<h4>1) Darstellung der eigenen Motivation<\/h4>\n<p>Stellen Sie Ihre pers\u00f6nliche Motivation und individuellen Voraussetzungen f\u00fcr die Aufnahme des k\u00fcnstlerisch-wissenschaftlichen Masterstudiums Contemporary Arts Practice dar. Sie k\u00f6nnen daf\u00fcr ein Medium Ihrer Wahl benutzen (zB Videolink, Audiolink, Text, Bilddatei .. Denken Sie gerne out oft the box).<br \/>\nDauer bzw. Umfang: zwischen 1 \u2013 3 Minuten, oder maximal 3000 Zeichen inkl. LZ<\/p>\n<p>&nbsp;<\/p>\n<h4><\/h4>\n<h4>2) Projektdarstellung<\/h4>\n<p>Bitte stellen Sie die k\u00fcnstlerische bzw. beim <em>Profil Musikvermittlung\/Community Music<\/em> die kunstvermittelnde Grundidee und Vision Ihres Projekts inkl. vorl\u00e4ufigem Zeitplan dar.<\/p>\n<p>Orientieren Sie sich dabei an den folgenden Fragen, um Ihr Projekt m\u00f6glichst umfassend zu beschreiben:<br \/>\n\u2022 Wer ist beteiligt?<br \/>\n\u2022 Wo findet es statt?<br \/>\n\u2022 Wann findet es statt?<br \/>\n\u2022 Wie findet es statt?<br \/>\n\u2022 Warum findet es statt?<br \/>\n\u2022 F\u00fcr wen findet es statt?<\/p>\n<p>Ihre Projektdarstellung wird nach folgenden Kriterien beurteilt:<br \/>\n\u2022 Originalit\u00e4t, Neuartigkeit und Qualit\u00e4t des Projekts<br \/>\n\u2022 Umsetzbarkeit des Projekts<br \/>\n\u2022 Klarheit des Konzepts<br \/>\n\u2022 Ber\u00fccksichtigung der zentralen Themenfelder: Improvisation*Performing-Composing, Cross Arts, Community Engagement<\/p>\n<p>&nbsp;<\/p>\n<p>Bei Bedarf k\u00f6nnen Sie Bildmaterial verwenden sowie Links zu Video- oder Audioaufnahmen angeben.<br \/>\nUmfang: empfohlen werden ca. 12.000 Zeichen inkl. Leerzeichen<\/p>\n<p>&nbsp;<\/p>\n<h4>3) Schriftliche Ausarbeitung einer vorgegebenen Fragestellung nach wissenschaftlichen Standards<\/h4>\n<p>Beantworten Sie die folgenden Fragestellung(en) betreffend des von Ihnen gew\u00e4hlten Studienprofil. Es ist <strong>ein<\/strong> Studienprofil zu w\u00e4hlen und entsprechend a), b) c)<strong> oder<\/strong> d) zu beantworten.<\/p>\n<p>&nbsp;<\/p>\n<h4>a) <a href=\"https:\/\/www.mdw.ac.at\/ar_center\/de\/elementares-musizieren\/\">Interartistic Music Practice \/ Elementares Musizieren<\/a><\/h4>\n<p>Was bedeutet der kunstverbindende Ansatz des Elementaren Musizierens f\u00fcr Sie und wie k\u00f6nnte dieser gesellschaftlich bedeutsam sein?<\/p>\n<p>Folgende Literatur kann als Anregung dienen:<br \/>\nDartsch, M. (2020). Didaktik des k\u00fcnstlerischen Musizierens f\u00fcr Instrumentalunterricht und Elementare Musikpraxis. Wiesbaden: Breitkopf &amp; H\u00e4rtel<\/p>\n<p>Kanitz-Pock, Chr. (2022) Elementares Musizieren als inklusives Musizieren. In: Hennenberg, B. und R\u00f6bke, P. (Hg.). Inklusives Musizieren. Praxis, P\u00e4dagogik, \u00c4sthetik \u2013 am Beispiel der All Stars Inclusive Band Wien. M\u00fcnster: Waxmann, 319-334<\/p>\n<p>Kinsky, V. (2022). Elementares Musizieren und die musikalische Situation. Versuch einer Ann\u00e4herung. In: Khittl, Chr. und Hirsch, M. (Hg.), \u201cIn Musik-sein\u201d \u2013 Die musikalische Situation nach G\u00fcnther Anders. M\u00fcnster: Waxmann, 251-268<\/p>\n<p>Schneidewind, R. (2011). Die Wirklichkeit des Elementaren Musizierens. Wiesbaden: Re\u00edchert<\/p>\n<p>Schneidewind, R. (2020). Die Praxis des Elementaren Musizierens. Innsbruck: Helbling<\/p>\n<p>Schneidewind, R.\/Widmer, M. (Hg.) (2016). Die Kunst der Verbindung. Innsbruck: Helbling<\/p>\n<p>W\u00fcstehube, B. (2019). \u201c\u2026etwas, was in keine Schachtel passt!\u201d. Studio Weinberg<\/p>\n<p>&nbsp;<\/p>\n<h4>b) <a href=\"https:\/\/www.mdw.ac.at\/ar_center\/de\/improvisercomposer-performer\/\">Improviser*Composer-Performer<\/a><\/h4>\n<p>Was motiviert Sie im Feld Improviser*Composer-Performer zu agieren? Welche gesellschaftlichen und k\u00fcnstlerischen Fragen bewegen Sie?<\/p>\n<p>Folgende Literatur kann als Anregung dienen:<br \/>\nBailey, D. (1987). Improvisation \u2013 Kunst ohne Werk, Hofheim: Wolke Verlag.<\/p>\n<p>Br\u00fcstle, C. (2001). Performativit\u00e4t\/Performance in der neuen Musik, in: Paragrana. Internationale Zeitschrift f\u00fcr Historische Anthropologie 10, Heft 1, S. 271-283.<\/p>\n<p>Fei\u00dft, S. (1997). Der Begriff \u201eImprovisation\u201c in der neuen Musik, W\u00fcrzburg: Verlag K\u00f6nigshausen &amp; Neumann.<\/p>\n<p>Gst\u00e4ttner, M. (2020). Ephemeres Verdichten. \u00dcber das Potential von intuitiver Improvisation zum H\u00f6r\/F\u00fchlbarmachen &#8211; Translation und Transformation von unverwortbaren Ereignissen in Klang, In: A. Jacobshagen (Hrsg.), Musik, die Wissen schafft. Perspektiven k\u00fcnstlerischer Musikforschung. W\u00fcrzburg: Verlag K\u00f6nigshausen &amp; Neumann, S. 167-182.<\/p>\n<p>Nauck, G. (2011). Ausblick: Einige \u00dcberlegungen zur Freiheit (nicht nur) musikalischen Handelns oder Improvisation und\/oder Komposition. In: B. Beins, C. Kesten, G. Nauck, A. Neumann (Hg.), echtzeitmusik berlin. Hofheim: Wolke Verlag, S. 215-221.<\/p>\n<p>Polaschegg, N. (2014). Hear and Now &#8211; (Einige) Entwicklungen seit 1990. In: P. Wilson (Hg.), Hear and Now. Gedanken zur improvisierten Musik. Hofheim: Wolke Verlag, [online] <a href=\"https:\/\/www.wolke-verlag.de\/wp-content\/uploads\/2018\/06\/Peter-Niklas-Wilson-Hear-and-Now.pdf\">https:\/\/www.wolke-verlag.de\/wp-content\/uploads\/2018\/06\/Peter-Niklas-Wilson-Hear-and-Now.pdf<\/a><\/p>\n<p>&nbsp;<\/p>\n<h4>c) <a href=\"https:\/\/www.mdw.ac.at\/ar_center\/de\/musikvermittlung-community-music\/\">Musikvermittlung\/ Community Music<\/a><\/h4>\n<p>Was sind aus Ihrer Sicht m\u00f6gliche Ziele und Inhalte von Musikvermittlung und Community Music zu Beginn des 21. Jahrhunderts?<\/p>\n<p>Folgende Literatur kann als Anregung dienen:<br \/>\nBartleet, B.-L. &amp; Higgins, L. (2018). Introduction: An Overview of Community Music in the Twenty-First Century. In: B.-L. Bartleet &amp; L. Higgins (Hrsg.), The Oxford Handbook of Community Music. New York: Oxford University Press, 1\u201322.<\/p>\n<p>Chaker, S. &amp; Petri-Preis, A. (2022). Musikvermittlung and its Innovative Potential \u2013 Terminological, Historical and Sociological Remarks. In: S. Chaker &amp; A. Petri-Preis (Hrsg.), Tuning Up! The Innovative Potential of Musikvermittlung. Bielefeld: transcript, 11\u201338.<\/p>\n<p>Matarasso, F. (2019). A Restless Art. How participation won, and why it matters. Lissabon\/London: Calouste Gulbenkian Foundation.<\/p>\n<p>Mautner-Obst, H. (2018). Musikvermittlung. In: W. Gruhn &amp; P. R\u00f6bke (Hg.), Handbuch Musiklernen. Innsbruck: Helbling, 335\u2013357.<\/p>\n<p>Kertz-Welzel, A. (2018). Community Music, oder: die Faszination des Nicht-Lernens. In: W. Gruhn &amp; P. R\u00f6bke (Hg.), Handbuch Musiklernen. Innsbruck: Helbling, 358\u2013379.<\/p>\n<p>Petri-Preis, A. &amp; Voit, J. (2023). Handbuch Musikvermittlung. Bielefeld: transcript.<\/p>\n<p>&nbsp;<\/p>\n<h4>d) <a href=\"https:\/\/www.mdw.ac.at\/ar_center\/de\/transmediale-performance\/\">Transmediale Performance<\/a><\/h4>\n<p>Machen Sie sich Gedanken zur Relevanz von transmedialer, performativer Kunst f\u00fcr die Gesellschaft des 21. Jahrhunderts. Nehmen Sie Stellung zum K\u00f6rper als Ausdrucksmedium im Kontext zu R\u00e4umen und anderen Medien.<\/p>\n<p>Folgende Literatur kann als Anregung dienen:<br \/>\nBrandst\u00e4tter, U. (2008). Grundfragen der \u00c4sthetik:Bild-Musik-Sprache-K\u00f6rper. utb GmbH.<\/p>\n<p>Fischer-Lichte, E. (2004). \u00c4sthetik des Performativen. Frankfurt a. M.: Verlag Suhrkamp.<\/p>\n<p>Gr\u00fcny, C. (2015): R\u00e4nder der Darstellung. Leiblichkeit in den K\u00fcnsten. [online]<br \/>\n<a href=\"https:\/\/www.uio.no\/ritmo\/english\/about\/\">https:\/\/www.uio.no\/ritmo\/english\/about\/<\/a><\/p>\n<p>Luman, N. (1997). Die Kunst der Gesellschaft. Frankfurt\/ Main: Verlag Suhrkamp.<\/p>\n<p>Montague, S. (1985). John Cage at Seventy: An Interview, From &#8220;AmericanMusic&#8221; Summeredition, University of Illinois Press, 205-216.<\/p>\n<p>Von Steinaecker, T. (2021). Ende offen \u2013 Das Buch der gescheiterten Kunstwerke, Frankfurt\/Main: Verlag S. FISCHER<\/p>\n<p>&nbsp;<\/p>\n<p><strong>Umfang: empfohlen werden ca. 6.000 Zeichen inkl. Leerzeichen, erg\u00e4nzt durch ein Deckblatt und ein Literaturverzeichnis mit min. 3 wissenschaftlichen Quellen. Achten Sie auf eine einheitliche und korrekte Zitierweise.<\/strong><\/p>\n<p>&nbsp;<\/p>\n<h4><strong>Formale Vorgaben f\u00fcr alle drei einzureichenden schriftlichen Unterlagen:<\/strong><\/h4>\n<p><strong>Schriftart: Times New Roman<\/strong><br \/>\n<strong>Schriftgr\u00f6\u00dfe 12 Punkt<\/strong><br \/>\n<strong>Zeilenabstand 1,5<\/strong><br \/>\n<strong>PDF-Format (1. + 3.: max. 5 MB, 2.: max. 8 MB)<\/strong><br \/>\n<strong>Sprache: Deutsch<\/strong><\/p>\n<p>&nbsp;<\/p>\n<h2><\/h2>\n<h2>Informationen zur k\u00fcnstlerischen Pr\u00e4sentation und Gestaltungsaufgabe<\/h2>\n<h4>K\u00fcnstlerische Pr\u00e4sentation<\/h4>\n<p>Die k\u00fcnstlerische Pr\u00e4sentation umfasst eine Darbietung, in der die Studienwerber_innen sich k\u00fcnstlerisch pr\u00e4sentieren und dabei in geeigneter Weise auf ihr eingereichtes Projekt Bezug nehmen. Die Darbietung soll 8 Minuten nicht \u00fcberschreiten und kann neben den performativen Elementen auch erl\u00e4uternde Anteile umfassen. Die Pr\u00e4sentation dient der Pr\u00fcfungskommission zur Feststellung des k\u00fcnstlerischen Niveaus im Hinblick auf das Masterstudium Contemporary Arts Practice. Auf die Pr\u00e4sentation folgt ein Gespr\u00e4ch in der Dauer von ca. 10 Minuten, das auf die schriftlichen Arbeiten sowie die Pr\u00e4sentation Bezug nimmt.<\/p>\n<p>&nbsp;<\/p>\n<h4>Vorhandenes Equipment f\u00fcr die Pr\u00e4sentation:<\/h4>\n<p>Fl\u00fcgel, Laptop, Monitor mit hdmi-Anschluss, Lautsprecher, Verst\u00e4rker mit AUX-Anschluss, CD\/DVD\/Blueray-Player, PA und Mischpult.<\/p>\n<p>&nbsp;<\/p>\n<h4>K\u00fcnstlerische Gestaltungsaufgabe:<\/h4>\n<p>Es werden Medien aus Musik, Bildender Kunst, Film\/Video oder Literatur zur Verf\u00fcgung gestellt, die als Impuls f\u00fcr eine max. 5-min\u00fctige Gruppendarbietung dienen. Daf\u00fcr stehen 10 Minuten gemeinsame Vorbereitungszeit zur Verf\u00fcgung.<\/p>\n<p>&nbsp;<\/p>\n<h4>Die Zulassungspr\u00fcfung gilt als bestanden, wenn alle Pr\u00fcfungsteile positiv abgelegt wurden.<\/h4>\n<p>[\/vc_column_text][vc_column_text]\u00a0[\/vc_column_text][vc_column_text]<img decoding=\"async\" loading=\"lazy\" class=\"alignnone size-full wp-image-1871\" src=\"https:\/\/www.mdw.ac.at\/ar_center\/wp-content\/uploads\/2023\/01\/ARC-CAP-Design-Element-4-1.png\" alt=\"\" width=\"1921\" height=\"253\" srcset=\"https:\/\/www.mdw.ac.at\/ar_center\/wp-content\/uploads\/2023\/01\/ARC-CAP-Design-Element-4-1.png 1921w, https:\/\/www.mdw.ac.at\/ar_center\/wp-content\/uploads\/2023\/01\/ARC-CAP-Design-Element-4-1-768x101.png 768w, https:\/\/www.mdw.ac.at\/ar_center\/wp-content\/uploads\/2023\/01\/ARC-CAP-Design-Element-4-1-1536x202.png 1536w, https:\/\/www.mdw.ac.at\/ar_center\/wp-content\/uploads\/2023\/01\/ARC-CAP-Design-Element-4-1-1280x169.png 1280w\" sizes=\"(max-width: 1921px) 100vw, 1921px\" \/>[\/vc_column_text][vc_column_text]<\/p>\n<h2>Nachweis der Kenntnis der deutschen Sprache<\/h2>\n<p>Studienwerber_innen, deren Erstsprache nicht Deutsch ist, haben die Kenntnis der deutschen Sprache<br \/>\nauf dem Niveau B2 vor der Zulassung zum Studium nachzuweisen.<\/p>\n<p>Der Nachweis wird durch folgende Belege erbracht:<\/p>\n<ul>\n<li>Goethe-Zertifikat B2 der Goethe-Pr\u00fcfungszentren, nicht \u00e4lter als 5 Jahre (Datum des letzten abgelegten Pr\u00fcfungsteils).<\/li>\n<li>\u00d6SD Zertifikat B2 der \u00d6SD-Pr\u00fcfungszentren, nicht \u00e4lter als 5 Jahre (Datum des letzten abgelegten Pr\u00fcfungsteils). Nicht ausreichend sind Pr\u00fcfungen, die den Zusatz \u201e\u00d6sterreich\u201c tragen.<\/li>\n<li>Deutschtest an der mdw (Anmeldung unter deutschtest@mdw.ac.at, Anmeldeschluss und Termin erfahren Sie nach Anmeldung zur Zulassungspr\u00fcfung)<\/li>\n<li>Best\u00e4tigung \u00fcber aufrechte Zulassung zu einem deutschsprachigen Studium oder Abschluss eines deutschsprachigen Studiums an einer anderen anerkannten inl\u00e4ndischen oder ausl\u00e4ndischen postsekund\u00e4ren Bildungseinrichtung und Best\u00e4tigung dieser Bildungseinrichtung \u00fcber das verlangte Sprachniveau. Die Zulassung oder der Abschluss d\u00fcrfen nicht l\u00e4nger als 5 Jahre zur\u00fcckliegen (ab Datum der letzten abgelegten Pr\u00fcfung)<\/li>\n<li>Reifezeugnis auf Grund des Unterrichts in deutscher Sprache (z.B. Matura an einer deutschsprachigen Auslandschule)<\/li>\n<li>Aufrechte Zulassung zu einem Studium oder Abschluss eines Studiums an der mdw mit Sprachnachweis B2<\/li>\n<\/ul>\n<p>Die \u00d6SD-Pr\u00fcfungszentrale (<a href=\"https:\/\/www.osd.at\/\">osd.at<\/a>) sowie das Goethe-Institut (<a href=\"https:\/\/www.goethe.de\/\">goethe.de<\/a>) f\u00fchren eine Liste von autorisierten internationalen Institutionen und Sprachschulen, die Pr\u00fcfungstermine zum Erwerb des Sprachdiploms anbieten. Auf den oben genannten Internetseiten sind auch Musterpr\u00fcfungen abrufbar. Es wird empfohlen, eines dieser Diplome nach M\u00f6glichkeit bereits im Heimatland abzulegen.[\/vc_column_text][\/vc_column][\/vc_row][vc_section][vc_row][vc_column]<div class=\"wpb_content_element \"><style type=\"text\/css\">#ut_sb_69d03be37eca6 .ut-icon-box .ut-service-box-icon { color: #FFF; }#ut_sb_69d03be37eca6 .ut-arrow-right { border-left: 10px solid rgba(62, 136, 179, 1); }#ut_sb_69d03be37eca6 .ut-icon-box { background: rgba(62, 136, 179, 1); }#ut_sb_69d03be37eca6 .ut-info a.ut-service-box-link { font-size: 12px; }<\/style><div id=\"ut_sb_69d03be37eca6\" class=\" clearfix  clearfix\"><div  class=\"ut-icon-box ut-icon-box-large \"><div class=\"ut-arrow-right\"><\/div><i class=\"fa-4x fa fa-book ut-service-box-icon\"><\/i><\/div><div class=\"ut-info\"><h3>Information Zulassungspr\u00fcfung (PDF)<\/h3><a class=\"ut-service-box-link ut-service-box-link-icon-before ut-service-box-link-with-animation\" title=\"INFORMATION ZULASSUNGSPR\u00dcFUNG Download \" href=\"https:\/\/www.mdw.ac.at\/ar_center\/wp-content\/uploads\/2025\/03\/masterstudium_contemporary_arts_practice-1.pdf\" target=\" _blank\" ><i class=\"fa fa-arrow-circle-right\"><\/i>INFORMATION ZULASSUNGSPR\u00dcFUNG Download <\/a><\/div><\/div><\/div>[\/vc_column][\/vc_row][vc_row][vc_column]<div class=\"wpb_content_element \"><style type=\"text\/css\">#ut_sb_69d03be37ecfc .ut-icon-box .ut-service-box-icon { color: #FFF; }#ut_sb_69d03be37ecfc .ut-arrow-right { border-left: 10px solid rgba(62, 136, 179, 1); }#ut_sb_69d03be37ecfc .ut-icon-box { background: rgba(62, 136, 179, 1); }#ut_sb_69d03be37ecfc .ut-info a.ut-service-box-link { font-size: 12px; }<\/style><div id=\"ut_sb_69d03be37ecfc\" class=\" clearfix  clearfix\"><div  class=\"ut-icon-box ut-icon-box-large \"><div class=\"ut-arrow-right\"><\/div><i class=\"fa-4x fa fa-book ut-service-box-icon\"><\/i><\/div><div class=\"ut-info\"><h3>Curriculum (PDF)<\/h3><a class=\"ut-service-box-link ut-service-box-link-icon-before ut-service-box-link-with-animation\" title=\"Curriculum CAP MA Download \" href=\"https:\/\/www.mdw.ac.at\/ar_center\/wp-content\/uploads\/2025\/04\/Curriculum-MA-CAP-25W.pdf\" target=\" _blank\" ><i class=\"fa fa-arrow-circle-right\"><\/i>Curriculum CAP MA Download <\/a><\/div><\/div><\/div>[\/vc_column][\/vc_row][vc_row][vc_column]<div class=\"wpb_content_element \"><style type=\"text\/css\">#ut_sb_69d03be37ed2f .ut-icon-box .ut-service-box-icon { color: #FFF; }#ut_sb_69d03be37ed2f .ut-arrow-right { border-left: 10px solid rgba(62, 136, 179, 1); }#ut_sb_69d03be37ed2f .ut-icon-box { background: rgba(62, 136, 179, 1); }#ut_sb_69d03be37ed2f .ut-info a.ut-service-box-link { font-size: 12px; }<\/style><div id=\"ut_sb_69d03be37ed2f\" class=\" clearfix  clearfix\"><div  class=\"ut-icon-box ut-icon-box-large \"><div class=\"ut-arrow-right\"><\/div><i class=\"fa-4x fa fa-book ut-service-box-icon\"><\/i><\/div><div class=\"ut-info\"><h3>LV-\u00dcbersicht (PDF)<\/h3><a class=\"ut-service-box-link ut-service-box-link-icon-before ut-service-box-link-with-animation\" title=\"LV-\u00dcbersicht CAP MA Download \" href=\"https:\/\/www.mdw.ac.at\/ar_center\/wp-content\/uploads\/2025\/04\/CAP-Ubersicht-Version-Februar-2025.pdf\" target=\" _blank\" ><i class=\"fa fa-arrow-circle-right\"><\/i>LV-\u00dcbersicht CAP MA Download <\/a><\/div><\/div><\/div>[\/vc_column][\/vc_row][\/vc_section][vc_section][vc_row][vc_column][vc_column_text]<img decoding=\"async\" loading=\"lazy\" class=\"alignnone size-full wp-image-1871\" src=\"https:\/\/www.mdw.ac.at\/ar_center\/wp-content\/uploads\/2023\/01\/ARC-CAP-Design-Element-4-1.png\" alt=\"\" width=\"1921\" height=\"253\" srcset=\"https:\/\/www.mdw.ac.at\/ar_center\/wp-content\/uploads\/2023\/01\/ARC-CAP-Design-Element-4-1.png 1921w, https:\/\/www.mdw.ac.at\/ar_center\/wp-content\/uploads\/2023\/01\/ARC-CAP-Design-Element-4-1-768x101.png 768w, https:\/\/www.mdw.ac.at\/ar_center\/wp-content\/uploads\/2023\/01\/ARC-CAP-Design-Element-4-1-1536x202.png 1536w, https:\/\/www.mdw.ac.at\/ar_center\/wp-content\/uploads\/2023\/01\/ARC-CAP-Design-Element-4-1-1280x169.png 1280w\" sizes=\"(max-width: 1921px) 100vw, 1921px\" \/>[\/vc_column_text][\/vc_column][\/vc_row][\/vc_section]<\/p>\n","protected":false},"excerpt":{"rendered":"<p>[vc_row][vc_column][vc_column_text]Der Studienbeginn des CAP-Masters ist nur im Wintersemester m\u00f6glich. &nbsp; Online Informationsveranstaltung F\u00fcr Studieninteressierte findet am Dienstag, 17. M\u00e4rz 2026 um 18:00 Uhr (zoom) Donnerstag, 07. Mai 2026 um 18:30 Uhr (zoom) eine Informationsveranstaltung statt. Um Anmeldung wird gebeten bis 14:00 Uhr des Informations-Tages, unter cap-master@mdw.ac.at &nbsp; &nbsp; &nbsp; Ablauf der Studienbewerbung Die Anmeldung erfolgt [&hellip;]<\/p>\n","protected":false},"author":4,"featured_media":0,"parent":0,"menu_order":0,"comment_status":"closed","ping_status":"closed","template":"","meta":[],"_links":{"self":[{"href":"https:\/\/www.mdw.ac.at\/ar_center\/wp-json\/wp\/v2\/pages\/3111"}],"collection":[{"href":"https:\/\/www.mdw.ac.at\/ar_center\/wp-json\/wp\/v2\/pages"}],"about":[{"href":"https:\/\/www.mdw.ac.at\/ar_center\/wp-json\/wp\/v2\/types\/page"}],"author":[{"embeddable":true,"href":"https:\/\/www.mdw.ac.at\/ar_center\/wp-json\/wp\/v2\/users\/4"}],"replies":[{"embeddable":true,"href":"https:\/\/www.mdw.ac.at\/ar_center\/wp-json\/wp\/v2\/comments?post=3111"}],"version-history":[{"count":27,"href":"https:\/\/www.mdw.ac.at\/ar_center\/wp-json\/wp\/v2\/pages\/3111\/revisions"}],"predecessor-version":[{"id":3629,"href":"https:\/\/www.mdw.ac.at\/ar_center\/wp-json\/wp\/v2\/pages\/3111\/revisions\/3629"}],"wp:attachment":[{"href":"https:\/\/www.mdw.ac.at\/ar_center\/wp-json\/wp\/v2\/media?parent=3111"}],"curies":[{"name":"wp","href":"https:\/\/api.w.org\/{rel}","templated":true}]}}