{"id":2540,"date":"2024-05-23T06:54:08","date_gmt":"2024-05-23T06:54:08","guid":{"rendered":"https:\/\/www.mdw.ac.at\/ar_center\/?page_id=2540"},"modified":"2025-03-25T08:45:28","modified_gmt":"2025-03-25T08:45:28","slug":"artistic-research-lab-presentations-2024_de","status":"publish","type":"page","link":"https:\/\/www.mdw.ac.at\/ar_center\/de\/artistic-research-lab-presentations-2024_de\/","title":{"rendered":"AR Lab \u2013 2024 Pr\u00e4sentationen"},"content":{"rendered":"<p><strong>14. und 15. Juni 2024, 19:00h<\/strong><\/p>\n<p>mdw \u2013 Future Art Lab, Klangtheater<\/p>\n<p>Anton-von-Webern-Platz 1<\/p>\n<p>1030 Wien<\/p>\n<p>In Mediathek ansehen <a href=\"https:\/\/mdw.vhx.tv\/artistic-research-lab-2024\" target=\"_blank\" rel=\"noopener\">LINK<\/a><\/p>\n<p>&nbsp;<\/p>\n<p>Als \u00f6ffentliche Schlussveranstaltung des Artistic Research Lab im k\u00fcnstlerischen Doktoratsstudium pr\u00e4sentieren sechzehn Studierende der mdw audiovisuelle Beitr\u00e4ge aus ihren aktuellen k\u00fcnstlerischen Forschungsprojekten. Der Bogen spannt sich dabei von neuen mitunter auch transkulturellen Formen der Komposition und Interpretation \u00fcber experimentelle Zugangsweisen zu Kreation, Kuratierung, Medienkunst, Film und Theater bis hin zu historisch informierter Auff\u00fchrungspraxis ebenso wie zu innovativem Turntablism.<\/p>\n<p><img decoding=\"async\" class=\"alignnone size-full wp-image-134\" src=\"https:\/\/www.mdw.ac.at\/ar_center\/wp-content\/uploads\/2020\/06\/Header_Bg_04_02.svg\" alt=\"\" \/><\/p>\n<p>&nbsp;<\/p>\n<p><strong>PR\u00c4SENTATION DER K\u00dcNSTERISCHEN DISSERTATIONSPROJEKTE (TEIL 1)<\/strong><\/p>\n<p><strong>Freitag, 14. Juni 2024, 19:00h \u2013 Future Art Lab, Klangtheater\u00a0<\/strong><\/p>\n<p>Es pr\u00e4sentieren: David Panzl, Tong Zhang, Jagoda Szmytka, Dustin Zorn, Chidi Obijiaku, Birgitta Flick und Karl Salzmann.<\/p>\n<p>&nbsp;<\/p>\n<p>David Panzl\u00a0\u00a0\u00a0\u00a0\u00a0\u00a0\u00a0\u00a0\u00a0\u00a0\u00a0\u00a0\u00a0\u00a0\u00a0\u00a0 \u00a0\u00a0\u00a0\u00a0\u00a0\u00a0 <em>Gravity Beats<\/em><\/p>\n<p>Tong Zhang\u00a0\u00a0\u00a0\u00a0\u00a0\u00a0\u00a0\u00a0\u00a0\u00a0\u00a0\u00a0\u00a0\u00a0\u00a0\u00a0\u00a0\u00a0\u00a0\u00a0\u00a0\u00a0\u00a0 <em>Out-of-sync<\/em><\/p>\n<p>Jagoda Szmytka\u00a0\u00a0\u00a0\u00a0\u00a0\u00a0\u00a0\u00a0\u00a0 \u00a0\u00a0\u00a0\u00a0\u00a0\u00a0 <em>On Music Fundamentals and Elementary Counterpoint in Extended Composition \u2014 An Overview of the Doctoral Artistic Research Project<\/em><\/p>\n<p>Dustin Zorn\u00a0\u00a0\u00a0\u00a0\u00a0\u00a0\u00a0\u00a0\u00a0\u00a0\u00a0\u00a0\u00a0\u00a0\u00a0\u00a0\u00a0\u00a0\u00a0\u00a0\u00a0\u00a0\u00a0 <em>From Stria to Metastasia \u2013\u00a0<\/em><em> fantastic proliferations of a revived algorithm <\/em><\/p>\n<p>&nbsp;<\/p>\n<p>&#8212;&#8212;&#8212;&#8212;\u00a0 PAUSE\u00a0 &#8212;&#8212;&#8212;&#8212;<\/p>\n<p>&nbsp;<\/p>\n<p>Chidi Obijiaku\u00a0\u00a0\u00a0\u00a0\u00a0\u00a0\u00a0\u00a0\u00a0\u00a0\u00a0\u00a0\u00a0\u00a0\u00a0\u00a0\u00a0\u00a0\u00a0 <em>from street to score<\/em><\/p>\n<p>Birgitta Flick\u00a0\u00a0\u00a0\u00a0\u00a0\u00a0\u00a0\u00a0\u00a0\u00a0\u00a0\u00a0\u00a0\u00a0\u00a0\u00a0\u00a0\u00a0\u00a0\u00a0\u00a0\u00a0 <em>Scores as tools and transformers in collective practices: Reflections on the creative collaboration for PlanetWoman<\/em><\/p>\n<p>Karl Salzmann\u00a0\u00a0\u00a0\u00a0\u00a0\u00a0\u00a0\u00a0\u00a0\u00a0\u00a0\u00a0\u00a0\u00a0\u00a0\u00a0\u00a0\u00a0\u00a0 <em>Final Scratch<\/em><\/p>\n<p>&nbsp;<\/p>\n<p>&nbsp;<\/p>\n<p><strong>PR\u00c4SENTATION DER K\u00dcNSTERISCHEN DISSERTATIONSPROJEKTE (TEIL 2)<\/strong><\/p>\n<p><strong>Samstag, 15. Juni 2024, 19:00h \u2013 Future Art Lab, Klangtheater\u00a0<\/strong><\/p>\n<p>Es pr\u00e4sentieren: Ettore Biagi, Ginan Seidl, Ragnhei\u00f0ur Erla Bj\u00f6rnsd\u00f3ttir, Arne Vogelgesang, Christoph Wichert, Patrik Lechner, Athanasia Kontou und Gerhild Steinbuch.<\/p>\n<p>&nbsp;<\/p>\n<p>Ettore Biagi\u00a0\u00a0\u00a0\u00a0\u00a0\u00a0\u00a0\u00a0\u00a0\u00a0\u00a0\u00a0\u00a0\u00a0\u00a0\u00a0\u00a0\u00a0\u00a0\u00a0\u00a0\u00a0\u00a0\u00a0\u00a0\u00a0\u00a0 \u00a0\u00a0\u00a0\u00a0\u00a0\u00a0\u00a0\u00a0\u00a0\u00a0\u00a0 <em>Creative Empowerment for ensemble of river stones<\/em><\/p>\n<p>Ginan Seidl\u00a0\u00a0\u00a0\u00a0\u00a0\u00a0\u00a0\u00a0\u00a0\u00a0\u00a0\u00a0\u00a0\u00a0\u00a0\u00a0\u00a0\u00a0\u00a0\u00a0\u00a0\u00a0\u00a0\u00a0\u00a0\u00a0\u00a0\u00a0\u00a0\u00a0\u00a0\u00a0\u00a0\u00a0\u00a0\u00a0\u00a0\u00a0\u00a0\u00a0 <em>tonal territories<\/em><\/p>\n<p>Arne Vogelgesang\u00a0\u00a0\u00a0\u00a0\u00a0\u00a0\u00a0\u00a0\u00a0\u00a0\u00a0\u00a0\u00a0\u00a0\u00a0\u00a0\u00a0\u00a0\u00a0\u00a0\u00a0\u00a0\u00a0\u00a0\u00a0\u00a0\u00a0\u00a0\u00a0 <em>Edging the Cut<\/em><\/p>\n<p>Ragnhei\u00f0ur Erla Bj\u00f6rnsd\u00f3ttir \u00a0\u00a0\u00a0\u00a0\u00a0\u00a0\u00a0\u00a0\u00a0\u00a0\u00a0 <em>Multispecies Vocal Weaving \u2013 Vibrational Practices<\/em><\/p>\n<p>&nbsp;<\/p>\n<p>&#8212;&#8212;&#8212;&#8212; PAUSE &#8212;&#8212;&#8212;&#8212;<\/p>\n<p>&nbsp;<\/p>\n<p>Christoph Wichert\u00a0\u00a0\u00a0\u00a0\u00a0 \u00a0\u00a0\u00a0\u00a0\u00a0\u00a0\u00a0\u00a0\u00a0\u00a0\u00a0\u00a0\u00a0\u00a0\u00a0\u00a0\u00a0\u00a0\u00a0\u00a0\u00a0\u00a0\u00a0 <em>Lost in Transcription<\/em><\/p>\n<p>Patrik Lechner\u00a0\u00a0\u00a0\u00a0\u00a0\u00a0\u00a0\u00a0\u00a0\u00a0\u00a0 \u00a0\u00a0\u00a0\u00a0\u00a0\u00a0\u00a0\u00a0\u00a0\u00a0\u00a0\u00a0\u00a0\u00a0\u00a0\u00a0\u00a0\u00a0\u00a0\u00a0\u00a0\u00a0\u00a0 <em>Biconic Walk<\/em><\/p>\n<p>Athanasia Kontou\u00a0\u00a0\u00a0\u00a0\u00a0 \u00a0\u00a0\u00a0\u00a0\u00a0\u00a0\u00a0\u00a0\u00a0\u00a0\u00a0\u00a0\u00a0\u00a0\u00a0\u00a0\u00a0\u00a0\u00a0\u00a0\u00a0\u00a0\u00a0 <em>Eight and a half months of \u201cgetting personal\u201d \u2013 <\/em>Reflecting on\u00a0shifting and expanding towards an experimental, interdisciplinary practice, in service of personal, vulnerable storytelling.<\/p>\n<p>Gerhild Steinbuch \u00a0\u00a0\u00a0\u00a0\u00a0\u00a0\u00a0\u00a0\u00a0\u00a0\u00a0\u00a0\u00a0\u00a0\u00a0\u00a0\u00a0\u00a0\u00a0\u00a0\u00a0\u00a0\u00a0\u00a0\u00a0\u00a0\u00a0\u00a0 <em>Stratifying perspectives \u2013 (Per)forming dramaturgies along tectonic shifts<\/em><\/p>\n","protected":false},"excerpt":{"rendered":"<p>14. und 15. Juni 2024, 19:00h mdw \u2013 Future Art Lab, Klangtheater Anton-von-Webern-Platz 1 1030 Wien In Mediathek ansehen LINK &nbsp; Als \u00f6ffentliche Schlussveranstaltung des Artistic Research Lab im k\u00fcnstlerischen Doktoratsstudium pr\u00e4sentieren sechzehn Studierende der mdw audiovisuelle Beitr\u00e4ge aus ihren aktuellen k\u00fcnstlerischen Forschungsprojekten. Der Bogen spannt sich dabei von neuen mitunter auch transkulturellen Formen der [&hellip;]<\/p>\n","protected":false},"author":4,"featured_media":0,"parent":0,"menu_order":0,"comment_status":"closed","ping_status":"closed","template":"","meta":[],"_links":{"self":[{"href":"https:\/\/www.mdw.ac.at\/ar_center\/wp-json\/wp\/v2\/pages\/2540"}],"collection":[{"href":"https:\/\/www.mdw.ac.at\/ar_center\/wp-json\/wp\/v2\/pages"}],"about":[{"href":"https:\/\/www.mdw.ac.at\/ar_center\/wp-json\/wp\/v2\/types\/page"}],"author":[{"embeddable":true,"href":"https:\/\/www.mdw.ac.at\/ar_center\/wp-json\/wp\/v2\/users\/4"}],"replies":[{"embeddable":true,"href":"https:\/\/www.mdw.ac.at\/ar_center\/wp-json\/wp\/v2\/comments?post=2540"}],"version-history":[{"count":13,"href":"https:\/\/www.mdw.ac.at\/ar_center\/wp-json\/wp\/v2\/pages\/2540\/revisions"}],"predecessor-version":[{"id":2612,"href":"https:\/\/www.mdw.ac.at\/ar_center\/wp-json\/wp\/v2\/pages\/2540\/revisions\/2612"}],"wp:attachment":[{"href":"https:\/\/www.mdw.ac.at\/ar_center\/wp-json\/wp\/v2\/media?parent=2540"}],"curies":[{"name":"wp","href":"https:\/\/api.w.org\/{rel}","templated":true}]}}