{"id":2431,"date":"2024-03-12T09:37:22","date_gmt":"2024-03-12T09:37:22","guid":{"rendered":"https:\/\/www.mdw.ac.at\/ar_center\/?page_id=2431"},"modified":"2026-03-25T13:11:51","modified_gmt":"2026-03-25T13:11:51","slug":"former-faculty","status":"publish","type":"page","link":"https:\/\/www.mdw.ac.at\/ar_center\/former-faculty\/","title":{"rendered":"Former faculty"},"content":{"rendered":"<p>[vc_section css=&#8221;.vc_custom_1592596618839{margin-top: 100px !important;}&#8221;][vc_row][vc_column width=&#8221;1\/4&#8243;]<div  class=\"wpb_content_element   clearfix\"><style type=\"text\/css\">#ut_am_69e98d454ab01 { opacity: 1; }#ut_am_wrap_69e98d454ab02 .ut-image-gallery-item-caption-title h3 { letter-spacing: 0em; }#ut_am_wrap_69e98d454ab02 .ut-gallery-slider-caption { font-weight: bold; }#ut_am_wrap_69e98d454ab02 { text-align: left; }@media (min-width: 768px) and (max-width: 1024px) { #ut_am_wrap_69e98d454ab02 { text-align: left !important; } }@media (max-width: 767px) { #ut_am_wrap_69e98d454ab02 { text-align: center !important; } }<\/style><div id=\"ut_am_wrap_69e98d454ab02\" class=\"ut-image-gallery-image \"><div id=\"ut_reveal_69e98d454ab03\"  data-appear-top-offset=\"auto\" class=\"ut-animated-image-item ut-image-gallery-item ut-animation-done \"><a class=\"ut-deactivated-link\" href=\"#\"><div class=\"ut-animated-image-zoom\"><img class=\"ut-lazy skip-lazy ut-animated-image\"  id=\"ut_am_69e98d454ab01\" src=\"data:image\/svg+xml;charset=utf-8,%3Csvg xmlns%3D'http%3A%2F%2Fwww.w3.org%2F2000%2Fsvg' viewBox%3D'0 0 325 217'%2F%3E\" data-src=\"https:\/\/www.mdw.ac.at\/ar_center\/wp-content\/uploads\/2025\/03\/Anderwald_Grond-325x217.jpg\" width=\"325\" height=\"217\" alt=\"\"\/><\/div><div data-image-caption class=\"ut-image-gallery-image-caption\"><div class=\"ut-image-gallery-item-caption-title\"><h3>credits: private<\/h3><\/div><\/div><\/a><\/div><\/div><\/div>[\/vc_column][vc_column width=&#8221;3\/4&#8243;][vc_column_text]<strong>Ruth Anderwald + Leonhard Grond<\/strong> work as artists, curators, and artist-researchers and are guest professors at the Artistic Research Center. Since 2025, they have been affiliated members at the CSS Centre for Sensory Studies, Concordia University, Montreal. Until 2024, they were professors at the University of Applied Arts, Vienna, responsible for the PhD in Art Artistic Research program.<\/p>\n<p>Ruth\u2019s and Leonhard\u2019s artistic work has been shown internationally, e.g., at 15th Bienal de la Habana (2025), Centre Pompidou, Paris (2009, 2020), Himalayas Art Museum, Shanghai (2010), or Tate Modern, London (2008).<\/p>\n<p>They have curated exhibitions, as well as discoursive and screening programmes for institutions such as Kunsthalle Wien (2012), Whitechapel Gallery London (2013), Kunsthaus Graz (2017) and U-jazdowski Castle Warsaw (2018).<\/p>\n<p>They have led two FWF-PEEK projects, Dizziness-A Resource (2015-2017) and Navigating Dizziness Together (2020-24), and initiated the EU-funded projects\u00a0The Arts of Resistance\u00a0(2024-2025) and\u00a0ART WORKS! European Culture of Resistance and Liberation\u00a0(2019-21) with Museion Bolzano, MSU Museum of Contemporary Art Zagreb, wannseeFORUM Foundation, HKW Haus der Kulturen der Welt Berlin, Foundation Between Bridges, HBK Braunschweig and the University of Applied Arts Vienna.\u00a0ART WORKS!\u00a0was recognized by the European Commission as best practice project in response to the COVID-19 crisis.\u00a0The Construction Site of Remembrance\u00a0(2018-2023) accompanied the remodelling of the Austrian exhibition (Blog 17) at Auschwitz-Birkenau Memorial Museum commissioned by the Austrian National Fund.<\/p>\n<p>Researching states of dizziness for the last 15 years, they recently initiated Iliggocene\u2013The Age of Dizziness together with curator Sergio Edelsztein, an arts-based research project in the decentralized form of a network exhibition and discursive series, including screenings and performances; its process and findings will be documented and published in an audio archive. The Iliggocene explores the socio-political and artistic side of dizziness as states of unpredictability and uncertainty. The term Iliggocene (from iliggos &#8211; Greek for \u201cdizziness\u201d) refers to states of dizziness as investigated through artistic research by Ruth and Leonhard together with Sergio Edelsztein laid out in their podcast series On Certain Groundlessness (downloaded in more than 40 countries, available on Spotify, Apple Podcast and here: <a href=\"https:\/\/www.on-dizziness.com\/resources-overview\/podcast\">https:\/\/www.on-dizziness.com\/resources-overview\/podcast<\/a>).<\/p>\n<p>The first Iliggocene exhibition opens at KINDL-Centre for Contemporary Art Berlin in March 2026, funded by KSB, followed by events, performances, lectures, and further exhibitions at Museum of Contemporary Art Zagreb, Kunsthaus Graz, and n.b.k. Neuer Berliner Kunstverein, 2026-28.<\/p>\n<p>Recent academic publications include \u2018Contemplations: A Perspective on Reflexivity out of the \u201cBrackish Waters\u201d of Artistic Research\u2019 in Revisiting Reflexivity: Liveable Worlds in Research and Beyond. (Eds. Sarah R Davies, Andrea Schikowitz, Fredy Mora G\u00e1mez, Elaine Goldberg, Esther Dessewffy, Bao-Chau Pham, Ariadne Avk\u0131ran, &amp; Kathleen Gregory) The Bristol University Press, Bristol (2025), as well as the reader Dizziness\u2014A Resource, (Eds. Ruth Anderwald, Karoline Feyertag, Leonhard Grond) Sternberg Press, Berlin (2019).<\/p>\n<p>&nbsp;<\/p>\n<p><a href=\"http:\/\/www.on-dizziness.com\">www.on-dizziness.com<\/a><br \/>\n<a href=\"http:\/\/www.culture-of-resistance.eu\">www.culture-of-resistance.eu<\/a>[\/vc_column_text][\/vc_column][\/vc_row][\/vc_section][vc_section css=&#8221;.vc_custom_1592596618839{margin-top: 100px !important;}&#8221;][vc_row][vc_column width=&#8221;1\/4&#8243;]<div  class=\"wpb_content_element   clearfix\"><style type=\"text\/css\">#ut_am_69e98d454ae75 { opacity: 1; }#ut_am_wrap_69e98d454ae76 .ut-image-gallery-item-caption-title h3 { letter-spacing: 0em; }#ut_am_wrap_69e98d454ae76 .ut-gallery-slider-caption { font-weight: bold; }#ut_am_wrap_69e98d454ae76 { text-align: left; }@media (min-width: 768px) and (max-width: 1024px) { #ut_am_wrap_69e98d454ae76 { text-align: left !important; } }@media (max-width: 767px) { #ut_am_wrap_69e98d454ae76 { text-align: center !important; } }<\/style><div id=\"ut_am_wrap_69e98d454ae76\" class=\"ut-image-gallery-image \"><div id=\"ut_reveal_69e98d454ae77\"  data-appear-top-offset=\"auto\" class=\"ut-animated-image-item ut-image-gallery-item ut-animation-done \"><a class=\"ut-deactivated-link\" href=\"#\"><div class=\"ut-animated-image-zoom\"><img class=\"ut-lazy skip-lazy ut-animated-image\"  id=\"ut_am_69e98d454ae75\" src=\"data:image\/svg+xml;charset=utf-8,%3Csvg xmlns%3D'http%3A%2F%2Fwww.w3.org%2F2000%2Fsvg' viewBox%3D'0 0 325 217'%2F%3E\" data-src=\"https:\/\/www.mdw.ac.at\/ar_center\/wp-content\/uploads\/2023\/11\/Saglam-for-AR-Website-325x217.jpg\" width=\"325\" height=\"217\" alt=\"\"\/><\/div><div data-image-caption class=\"ut-image-gallery-image-caption\"><div class=\"ut-image-gallery-item-caption-title\"><h3>credits: private<\/h3><\/div><\/div><\/a><\/div><\/div><\/div>[\/vc_column][vc_column width=&#8221;3\/4&#8243;][vc_column_text]<strong>Hande Sa\u011flam (Mag. art. PhD)<\/strong> was born in Istanbul. She is the head of the audio-visual archive of the Department of Folk Music Research and Ethnomusicology at the University of Music and Performing Arts Vienna. She studied composition at Bilkent University\/Ankara, obtained her master\u2019s degree in music theory from the University of Music and Performing Arts Vienna, and received her doctoral degree in ethnomusicology at the Department of Folk Music Research and Ethnomusicology of the same university. Her dissertation was on the musical differences between Alevi and Sunni \u00c2\u015f\u0131ks in Sivas\/Turkey.<\/p>\n<p>Her research interests include music and minorities, Anatolian \u00c2\u015f\u0131k tradition and the musical identity of immigrants in Europe, with a special focus on Turkish immigrants in Austria, traditional music transmission methodologies, cultural memory, interculturality, bi- and multi-musicality. She has worked on a range of research projects on music and minorities, on audio-visual archives in Austria and Turkey, and on the transmission methods of traditional musics. She has organized many symposiums and written a large number of publications.<\/p>\n<p>Since 2005, she is a member of the ICTMD Study Group on Music and Minorities and acts as the secretary of this group since 2017. Between 2015 and 2019 was she vice chair of the ICTMD National Committee of Austria and served there as chair between 2019 and 2021.<\/p>\n<p>Since 2022 Hande Sa\u011flam is working on a research project called \u201cTransmission of Knowledges: The Master-Apprentice Relationship in the \u00c2\u015f\u0131kTradition\u201d funded by the European Commission Horizon 2020 Marie Sk\u0142odowska-Curie Actions Program.<\/p>\n<p>&nbsp;<\/p>\n<p><strong>Conducted Research Projects:<\/strong><br \/>\n2022-2023 Transmission of Knowledges: The Master-Apprentice Relationship in the \u00c2\u015f\u0131k Tradition., funded by Co-Funded Brain Circulation2 Scheme European Commission Horizon 2020 Marie Sk\u0142odowska-Curie Actions programe<br \/>\n2018-2022 Towards an alliance for distributed ethnomusicology data (funded by ASEA-Uninet)<br \/>\n2016-2017 Bi- Multimusicality &#8211; Changing mdw sound landscapes and their constructions&#8221; Funded by mdw<br \/>\n2014-2015 Music without Borders \u2013 Multilingualism in Music and Understanding the \u2018Other\u2019 and the Unfamiliar (https:\/\/www.mdw.ac.at\/upload\/MDWeb\/ifs\/downloads\/Musik-ohne-Grenzen_ENG_Langfassung.pdf)<br \/>\n2013-2015 Music \u2013 Religion \u2013 Integration: Muslims in Styria\/Austria<br \/>\n2010 \u2013 2015 Digitalizing of historical records \u2013 Constructing a database and archiving digital sound materials of the IVE &#8211; mdw<br \/>\n2009 \u2013 2010 Bi-musicality and intercultural dialogue at mdw<br \/>\n2007 \u2013 2009 Embedded Industries. Cultural entrepreneurs in different immigrant communities of Vienna<br \/>\n2005 \u2013 2007 Immigrant Music in Vienna \u2013 Musical identity and the acculturation process of immigrants in Vienna<\/p>\n<p>&nbsp;<\/p>\n<p><strong>Teaching experience (selection):<\/strong><br \/>\nUniversity of Vienna &#8211; Department of Musicology: &#8220;Transcription and Analysis&#8221;, &#8220;Introduction to Music from Turkey&#8221;, &#8220;Makam Music in Turkey&#8221;<br \/>\nmdw: &#8220;Introduction to Field Research&#8221;, &#8220;Field Research Practice&#8221; &#8220;Field Research at Viennese Schools&#8221;, &#8220;European Folk Music&#8221;<br \/>\nK\u00e4rntner State Conservatory &#8220;Introduction to Ethnomusicology&#8221;,<br \/>\nMimar Sinan University State Conservatory &#8211; Ethnomusicology Department: &#8220;Current Studies in Ethnomusicology&#8221;, &#8220;Research Projects in Ethnomusicology&#8221;.[\/vc_column_text][\/vc_column][\/vc_row][\/vc_section][vc_section css=&#8221;.vc_custom_1592596618839{margin-top: 100px !important;}&#8221;][vc_row][vc_column width=&#8221;1\/4&#8243;]<div  class=\"wpb_content_element   clearfix\"><style type=\"text\/css\">#ut_am_69e98d454b1ad { opacity: 1; }#ut_am_wrap_69e98d454b1ae .ut-image-gallery-item-caption-title h3 { letter-spacing: 0em; }#ut_am_wrap_69e98d454b1ae .ut-gallery-slider-caption { font-weight: bold; }#ut_am_wrap_69e98d454b1ae { text-align: left; }@media (min-width: 768px) and (max-width: 1024px) { #ut_am_wrap_69e98d454b1ae { text-align: left !important; } }@media (max-width: 767px) { #ut_am_wrap_69e98d454b1ae { text-align: center !important; } }<\/style><div id=\"ut_am_wrap_69e98d454b1ae\" class=\"ut-image-gallery-image \"><div id=\"ut_reveal_69e98d454b1af\"  data-appear-top-offset=\"auto\" class=\"ut-animated-image-item ut-image-gallery-item ut-animation-done \"><a class=\"ut-deactivated-link\" href=\"#\"><div class=\"ut-animated-image-zoom\"><img class=\"ut-lazy skip-lazy ut-animated-image\"  id=\"ut_am_69e98d454b1ad\" src=\"data:image\/svg+xml;charset=utf-8,%3Csvg xmlns%3D'http%3A%2F%2Fwww.w3.org%2F2000%2Fsvg' viewBox%3D'0 0 325 217'%2F%3E\" data-src=\"https:\/\/www.mdw.ac.at\/ar_center\/wp-content\/uploads\/2023\/11\/Wolf-GeorgZaddach-1-Copyright-Bente-Bruning-Berlin-1-e1701166634401-325x217.jpg\" width=\"325\" height=\"217\" alt=\"???????????????????????????????\"\/><\/div><div data-image-caption class=\"ut-image-gallery-image-caption\"><div class=\"ut-image-gallery-item-caption-title\"><h3>credits: Bente Bru\u0308ning, Berlin<\/h3><\/div><\/div><\/a><\/div><\/div><\/div>[\/vc_column][vc_column width=&#8221;3\/4&#8243;][vc_column_text]<strong>Wolf-Georg Zaddach<\/strong>, PhD (*1985) studied musicology as well as cultural management at the Music University Franz Liszt Weimar and modern history at the Friedrich Schiller University Jena as well as jazz guitar at the VOS Praha with David Dor\u016f\u017eka.<\/p>\n<p>From 2011 to 2021, he worked at the department of musicology in Weimar in the DFG-funded research project \u201eMelodic-Rhythmic Design of Jazz Improvisations. Computer-based musical analysis of monophonic jazz solos\u201c (Prof. Dr. Martin Pfleiderer) and at the Chairof Cultural Management (Prof. Dr. Steffen H\u00f6hne). Since May 2021, he is employed at the Institute for Art, Music and their Mediation at the Leuphana University of L\u00fcneburg with a focus on studio practice, since April 2023 in the DFG \/ AHRC-funded project \u201eSongwritingCamps in the 21st Century\u201c (Prof. Dr. Michael Ahlers). Since March 2024 he is Professor for Music Production and Songwriting at Macromedia University of Applied Sciences in Berlin. His research interests are in the fields of Artistic Research (methods, applications), Climate Change and Music Culture, Jazz (history, theory and analysis), Rock &amp; Heavy Metal, Music Business &amp; AI, and Sociology and Psychology of Music (creativity &amp; improvisation,analysis and digital methods, youth cultures).<\/p>\n<p>Wolf-Georg Zaddach has taught at numerous institutions in scientific and artistic departments, including the British and Irish Modern Music Institute (BIMM) in Berlin, the Popakademie Baden-W\u00fcrttemberg, Columbia University NYC, Bauhaus University Weimar, InitiativeMusik Berlin, Stiftung Ettersberg Weimar, Demokratie jetzt e.V., Deutsche POP Dresden. In addition, Wolf-Georg Zaddach is artistically active as a guitarist and music producer in various genres and for several labels.<\/p>\n<p><a href=\"https:\/\/Wolf-georgzaddach.com\">https:\/\/Wolf-georgzaddach.com<\/a><br \/>\n<a href=\"https:\/\/zaddachmusic.com\/about\">https:\/\/zaddachmusic.com\/about<\/a>[\/vc_column_text][\/vc_column][\/vc_row][\/vc_section][vc_section css=&#8221;.vc_custom_1592596618839{margin-top: 100px !important;}&#8221;][vc_row][vc_column width=&#8221;1\/4&#8243;]<div  class=\"wpb_content_element   clearfix\"><style type=\"text\/css\">#ut_am_69e98d454b4e0 { opacity: 1; }#ut_am_wrap_69e98d454b4e1 .ut-image-gallery-item-caption-title h3 { letter-spacing: 0em; }#ut_am_wrap_69e98d454b4e1 .ut-gallery-slider-caption { font-weight: bold; }#ut_am_wrap_69e98d454b4e1 { text-align: left; }@media (min-width: 768px) and (max-width: 1024px) { #ut_am_wrap_69e98d454b4e1 { text-align: left !important; } }@media (max-width: 767px) { #ut_am_wrap_69e98d454b4e1 { text-align: center !important; } }<\/style><div id=\"ut_am_wrap_69e98d454b4e1\" class=\"ut-image-gallery-image \"><div id=\"ut_reveal_69e98d454b4e2\"  data-appear-top-offset=\"auto\" class=\"ut-animated-image-item ut-image-gallery-item ut-animation-done \"><a class=\"ut-deactivated-link\" href=\"#\"><div class=\"ut-animated-image-zoom\"><img class=\"ut-lazy skip-lazy ut-animated-image\"  id=\"ut_am_69e98d454b4e0\" src=\"data:image\/svg+xml;charset=utf-8,%3Csvg xmlns%3D'http%3A%2F%2Fwww.w3.org%2F2000%2Fsvg' viewBox%3D'0 0 325 217'%2F%3E\" data-src=\"https:\/\/www.mdw.ac.at\/ar_center\/wp-content\/uploads\/2025\/02\/image002-325x217.jpg\" width=\"325\" height=\"217\" alt=\"\"\/><\/div><div data-image-caption class=\"ut-image-gallery-image-caption\"><div class=\"ut-image-gallery-item-caption-title\"><h3>credits: private<\/h3><\/div><\/div><\/a><\/div><\/div><\/div>[\/vc_column][vc_column width=&#8221;3\/4&#8243;][vc_column_text]<\/p>\n<div id=\"GroupWiseSection_1739353993948_gussmann@mdw.ac.at_23AAF6501ACB0000AD646F7863623934_\" class=\"GroupWiseMessageBody\">\n<div>\n<div>\n<p><strong>Lucia D&#8217;Errico<\/strong> is an artist<span lang=\"EN-US\">&#8211;<\/span>researcher in the field of music with a special focus on experimental performance practices and wide-ranging interests in transmediality, the visual arts, post-structural philosophy, semiotics and epistemology. She works as a performer, composer, sound artist, and graphic designer.<\/p>\n<p>After she dedicated the first decades of her artistic career to music performance with a special focus on Western new and experimental music, her work today focuses on the transformative power of artistic research. Her research milestones include the decisive contribution to the ERC founded project \u201cMusicExperiment21\u201d as a doctoral researcher (led by Dr. Paulo de Assis) and the foundation of a multi-disciplinary doctoral programme at the University Mozarteum Salzburg.<\/p>\n<\/div>\n<div>\n<p>As an artist-researcher, she has explored new musical practices (especially the practice of \u201cdivergent performances\u201d and \u201crhopophony\u201d), new concepts (especially the concept of the \u201coperator\u201d), new methods (e.g. \u201ctechniques of minoration\u201d), new epistemological frameworks (the tetrapartition of the relationship between knowledge and the unknown, the monadic approach to artistic research, the notion of the \u201cknowledge rift,\u201d the concept of \u201cimages of research\u201d), as well as artistic-political concepts (\u201cmicro-formalism\u201d and \u201cmicro-universalism\u201d).<\/p>\n<p>Her research focus is strongly transdisciplinary and aims to challenge current approaches in music performance and composition by relating them to concepts and practices from other fields. Other areas of research include the critique of representation, the role of the human in relation to the non-human, the paradoxical relationship between writing and what escapes writing, the suspension of teleological temporalities, the status of the question in artistic research, and the Investigation of machinic ontologies. She is dedicated to the study of a particular line of post-structural philosophy that focuses primarily on the figures of Jacques Lacan, Maurice Blanchot, Gilles Deleuze, F\u00e9lix Guattari and Salvoj \u017di\u017eek.<\/p>\n<\/div>\n<div><span lang=\"EN-US\">She is currently professor for artistic research at the <\/span>University Mozarteum Salzburg<span lang=\"EN-US\">.<\/span><\/div>\n<div><\/div>\n<\/div>\n<\/div>\n<p>[\/vc_column_text][\/vc_column][\/vc_row][\/vc_section][vc_section css=&#8221;.vc_custom_1592596618839{margin-top: 100px !important;}&#8221;][vc_row][vc_column][vc_column_text]<img decoding=\"async\" class=\"alignnone size-full wp-image-502\" src=\"https:\/\/www.mdw.ac.at\/ar_center\/wp-content\/uploads\/2020\/07\/ARC-Design-Element-6.svg\" alt=\"\" \/>[\/vc_column_text][\/vc_column][\/vc_row][\/vc_section]<\/p>\n","protected":false},"excerpt":{"rendered":"<p>[vc_section css=&#8221;.vc_custom_1592596618839{margin-top: 100px !important;}&#8221;][vc_row][vc_column width=&#8221;1\/4&#8243;][\/vc_column][vc_column width=&#8221;3\/4&#8243;][vc_column_text]Ruth Anderwald + Leonhard Grond work as artists, curators, and artist-researchers and are guest professors at the Artistic Research Center. Since 2025, they have been affiliated members at the CSS Centre for Sensory Studies, Concordia University, Montreal. Until 2024, they were professors at the University of Applied Arts, Vienna, responsible [&hellip;]<\/p>\n","protected":false},"author":4,"featured_media":0,"parent":0,"menu_order":0,"comment_status":"closed","ping_status":"closed","template":"","meta":[],"_links":{"self":[{"href":"https:\/\/www.mdw.ac.at\/ar_center\/wp-json\/wp\/v2\/pages\/2431"}],"collection":[{"href":"https:\/\/www.mdw.ac.at\/ar_center\/wp-json\/wp\/v2\/pages"}],"about":[{"href":"https:\/\/www.mdw.ac.at\/ar_center\/wp-json\/wp\/v2\/types\/page"}],"author":[{"embeddable":true,"href":"https:\/\/www.mdw.ac.at\/ar_center\/wp-json\/wp\/v2\/users\/4"}],"replies":[{"embeddable":true,"href":"https:\/\/www.mdw.ac.at\/ar_center\/wp-json\/wp\/v2\/comments?post=2431"}],"version-history":[{"count":10,"href":"https:\/\/www.mdw.ac.at\/ar_center\/wp-json\/wp\/v2\/pages\/2431\/revisions"}],"predecessor-version":[{"id":3667,"href":"https:\/\/www.mdw.ac.at\/ar_center\/wp-json\/wp\/v2\/pages\/2431\/revisions\/3667"}],"wp:attachment":[{"href":"https:\/\/www.mdw.ac.at\/ar_center\/wp-json\/wp\/v2\/media?parent=2431"}],"curies":[{"name":"wp","href":"https:\/\/api.w.org\/{rel}","templated":true}]}}