{"id":2225,"date":"2023-11-28T10:34:13","date_gmt":"2023-11-28T10:34:13","guid":{"rendered":"https:\/\/www.mdw.ac.at\/ar_center\/?page_id=2225"},"modified":"2023-11-30T07:40:16","modified_gmt":"2023-11-30T07:40:16","slug":"wolf-georg-zaddach_de","status":"publish","type":"page","link":"https:\/\/www.mdw.ac.at\/ar_center\/de\/wolf-georg-zaddach_de\/","title":{"rendered":"Wolf-Georg Zaddach"},"content":{"rendered":"<p>[vc_section css=&#8221;.vc_custom_1592596618839{margin-top: 100px !important;}&#8221;][vc_row][vc_column width=&#8221;1\/4&#8243;]<div  class=\"wpb_content_element   clearfix\"><style type=\"text\/css\">#ut_am_69d24cf7bc1a8 { opacity: 1; }#ut_am_wrap_69d24cf7bc1a9 .ut-image-gallery-item-caption-title h3 { letter-spacing: 0em; }#ut_am_wrap_69d24cf7bc1a9 .ut-gallery-slider-caption { font-weight: bold; }#ut_am_wrap_69d24cf7bc1a9 { text-align: center; }@media (min-width: 768px) and (max-width: 1024px) { #ut_am_wrap_69d24cf7bc1a9 { text-align: center !important; } }@media (max-width: 767px) { #ut_am_wrap_69d24cf7bc1a9 { text-align: center !important; } }<\/style><div id=\"ut_am_wrap_69d24cf7bc1a9\" class=\"ut-image-gallery-image \"><div id=\"ut_reveal_69d24cf7bc1aa\"  data-appear-top-offset=\"auto\" class=\"ut-animated-image-item ut-image-gallery-item ut-animation-done \"><a class=\"ut-deactivated-link\" href=\"#\"><div class=\"ut-animated-image-zoom\"><img class=\"ut-lazy skip-lazy ut-animated-image\"  id=\"ut_am_69d24cf7bc1a8\" src=\"data:image\/svg+xml;charset=utf-8,%3Csvg xmlns%3D'http%3A%2F%2Fwww.w3.org%2F2000%2Fsvg' viewBox%3D'0 0 325 217'%2F%3E\" data-src=\"https:\/\/www.mdw.ac.at\/ar_center\/wp-content\/uploads\/2023\/11\/Wolf-GeorgZaddach-1-Copyright-Bente-Bruning-Berlin-3-325x217.jpg\" width=\"325\" height=\"217\" alt=\"\"\/><\/div><div data-image-caption class=\"ut-image-gallery-image-caption\"><div class=\"ut-image-gallery-item-caption-title\"><h3>credits: Bente Bru\u0308ning, Berlin<\/h3><\/div><\/div><\/a><\/div><\/div><\/div>[\/vc_column][vc_column width=&#8221;3\/4&#8243;][vc_column_text]Dr. Wolf-Georg Zaddach (*1985) studierte Musikwissenschaft sowie Kulturmanagement an der Hochschule f\u00fcr Musik Franz Liszt Weimar und Neuere Geschichte an der Friedrich-Schiller-Universit\u00e4t Jena sowie Jazzgitarre an der VOS Praha bei David Dor\u016f\u017eka.<\/p>\n<p>2011 bis 2021 arbeitete er am Institut f\u00fcr Musikwissenschaft in Weimar, u.a. im von der DFG gef\u00f6rderten Forschungsprojekt \u201eMelodisch-rhythmische Gestaltung von Jazzimprovisationen. Rechnerbasierte Musikanalyse einstimmiger Jazzsoli\u201c (Prof. Dr. Martin Pfleiderer) sowie am Lehrstuhl f\u00fcr Kulturmanagement (Prof. Dr. Steffen H\u00f6hne). Seit Mai 2021 ist am Institut f\u00fcr Kunst, Musik und ihre Vermittlung der Leuphana Universit\u00e4t L\u00fcneburg mit dem Schwerpunkt Studiopraxis besch\u00e4ftigt, seit April 2023 im DFG \/ AHRC-gef\u00f6rderten Projekt \u201eSongwriting Camps in the 21st Century\u201c (Prof. Dr. Michael Ahlers).<br \/>\nSeine Forschungsinteressen liegen in den Bereichen Artistic Research (Methoden, Anwendungen), Klimawandel und Musikkultur, Jazz (Geschichte, Theorie und Analyse), Rock &amp; Heavy Metal, Musikwirtschaft &amp; AI sowie Musiksoziologie und -psychologie (Kreativit\u00e4t &amp; Improvisation, Analyse und digitale Methoden, Jugendkulturen).<\/p>\n<p>Wolf-Georg Zaddach unterrichtete an zahlreichen Institutionen in wissenschaftlichen und k\u00fcnstlerischen F\u00e4chern, u.a. dem British and Irish Modern Music Institute (BIMM) in Berlin, der Popakademie Baden-W\u00fcrttemberg, der Columbia-University NYC, der Bauhaus-Universit\u00e4t Weimar, der Initiative Musik Berlin, der Stiftung Ettersberg Weimar, dem Demokratie jetzt e.V., der Deutschen POP Dresden.<br \/>\nDar\u00fcber hinaus ist Wolf-Georg Zaddach k\u00fcnstlerisch als Gitarrist und Musikproduzent in verschiedenen Genres t\u00e4tig. 2023 wurde er bei Grrrow! Records (Vertrieb \u00fcber SPV\/ Napalm Records) unter Vertrag genommen und ver\u00f6ffentlichte mit \u201eSolastalgia I\u201c sein ersten Full-length Solo-Album im experimentellen Black Metal. Daneben arbeitet er als Songwriter und Sessionmusiker im Jazz und HipHop.<\/p>\n<p><a href=\"https:\/\/Wolf-georgzaddach.com\">https:\/\/Wolf-georgzaddach.com<\/a><br \/>\n<a href=\"https:\/\/zaddachmusic.com\/about\">https:\/\/zaddachmusic.com\/about<\/a>[\/vc_column_text][\/vc_column][\/vc_row][\/vc_section][vc_section css=&#8221;.vc_custom_1592596618839{margin-top: 100px !important;}&#8221;][vc_row][vc_column]<div  class=\"wpb_content_element   clearfix\"><style type=\"text\/css\">#ut_am_69d24cf7bc4e8 { opacity: 1; }#ut_am_wrap_69d24cf7bc4e9 .ut-image-gallery-item-caption-title h3 { letter-spacing: 0em; }#ut_am_wrap_69d24cf7bc4e9 .ut-gallery-slider-caption { font-weight: bold; }#ut_am_wrap_69d24cf7bc4e9 { text-align: left; }@media (min-width: 768px) and (max-width: 1024px) { #ut_am_wrap_69d24cf7bc4e9 { text-align: left !important; } }@media (max-width: 767px) { #ut_am_wrap_69d24cf7bc4e9 { text-align: center !important; } }<\/style><div id=\"ut_am_wrap_69d24cf7bc4e9\" class=\"ut-image-gallery-image \"><div id=\"ut_reveal_69d24cf7bc4ea\"  data-appear-top-offset=\"auto\" class=\"ut-animated-image-item ut-image-gallery-item ut-animation-done \"><a class=\"ut-deactivated-link\" href=\"#\"><div class=\"ut-animated-image-zoom\"><img class=\"ut-lazy skip-lazy ut-animated-image\"  id=\"ut_am_69d24cf7bc4e8\" src=\"data:image\/svg+xml;charset=utf-8,%3Csvg xmlns%3D'http%3A%2F%2Fwww.w3.org%2F2000%2Fsvg' viewBox%3D'0 0 500 600'%2F%3E\" data-src=\"https:\/\/www.mdw.ac.at\/ar_center\/wp-content\/uploads\/2020\/07\/ARC-Design-Element-6-1.svg\" width=\"500\" height=\"\" alt=\"\"\/><\/div><\/a><\/div><\/div><\/div>[\/vc_column][\/vc_row][\/vc_section]<\/p>\n","protected":false},"excerpt":{"rendered":"<p>[vc_section css=&#8221;.vc_custom_1592596618839{margin-top: 100px !important;}&#8221;][vc_row][vc_column width=&#8221;1\/4&#8243;][\/vc_column][vc_column width=&#8221;3\/4&#8243;][vc_column_text]Dr. Wolf-Georg Zaddach (*1985) studierte Musikwissenschaft sowie Kulturmanagement an der Hochschule f\u00fcr Musik Franz Liszt Weimar und Neuere Geschichte an der Friedrich-Schiller-Universit\u00e4t Jena sowie Jazzgitarre an der VOS Praha bei David Dor\u016f\u017eka. 2011 bis 2021 arbeitete er am Institut f\u00fcr Musikwissenschaft in Weimar, u.a. im von der DFG gef\u00f6rderten Forschungsprojekt [&hellip;]<\/p>\n","protected":false},"author":4,"featured_media":0,"parent":0,"menu_order":0,"comment_status":"closed","ping_status":"closed","template":"","meta":[],"_links":{"self":[{"href":"https:\/\/www.mdw.ac.at\/ar_center\/wp-json\/wp\/v2\/pages\/2225"}],"collection":[{"href":"https:\/\/www.mdw.ac.at\/ar_center\/wp-json\/wp\/v2\/pages"}],"about":[{"href":"https:\/\/www.mdw.ac.at\/ar_center\/wp-json\/wp\/v2\/types\/page"}],"author":[{"embeddable":true,"href":"https:\/\/www.mdw.ac.at\/ar_center\/wp-json\/wp\/v2\/users\/4"}],"replies":[{"embeddable":true,"href":"https:\/\/www.mdw.ac.at\/ar_center\/wp-json\/wp\/v2\/comments?post=2225"}],"version-history":[{"count":4,"href":"https:\/\/www.mdw.ac.at\/ar_center\/wp-json\/wp\/v2\/pages\/2225\/revisions"}],"predecessor-version":[{"id":2237,"href":"https:\/\/www.mdw.ac.at\/ar_center\/wp-json\/wp\/v2\/pages\/2225\/revisions\/2237"}],"wp:attachment":[{"href":"https:\/\/www.mdw.ac.at\/ar_center\/wp-json\/wp\/v2\/media?parent=2225"}],"curies":[{"name":"wp","href":"https:\/\/api.w.org\/{rel}","templated":true}]}}