{"id":192,"date":"2020-06-19T20:18:09","date_gmt":"2020-06-19T20:18:09","guid":{"rendered":"http:\/\/www.mdw.ac.at\/ar_center\/?page_id=192"},"modified":"2025-11-27T08:43:54","modified_gmt":"2025-11-27T08:43:54","slug":"doctor-artium-program_de","status":"publish","type":"page","link":"https:\/\/www.mdw.ac.at\/ar_center\/de\/doctor-artium-program_de\/","title":{"rendered":"K\u00fcnstlerisches Doktorat"},"content":{"rendered":"<p>[vc_section css=&#8221;.vc_custom_1592276193308{margin-top: 100px !important;}&#8221;][vc_row][vc_column][vc_column_text]Das k\u00fcnstlerische Doktoratsstudium (Doctor Artium) widmet sich <b class=\"\">innovativer k\u00fcnstlerischer Arbeit<\/b>. Sie f\u00fchrt zur <b class=\"\">Produktion neuen Wissens<\/b> und dient als eigenst\u00e4ndiger <b class=\"\">Beitrag zur Entwicklung und Erschlie\u00dfung der K\u00fcnste<\/b>.\u00a0Dabei ist von einer <b class=\"\">Vielfalt an Wissens- und Verstehensformen<\/b> auszugehen. Das Studium bef\u00e4higt die Absolvent_innen, den internationalen Standards entsprechende, <b class=\"\">eigenst\u00e4ndige k\u00fcnstlerische Forschungsleistungen<\/b> zu erbringen.[\/vc_column_text][vc_column_text]W\u00e4hrend das <a href=\"https:\/\/www.mdw.ac.at\/1512\">wissenschaftliche Doktoratsstudium der mdw (Doctor of Philosophy)<\/a> \u00fcber die wissenschaftliche Berufsvorbildung hinaus der Weiterentwicklung der Bef\u00e4higung zu selbst\u00e4ndiger wissenschaftlicher Arbeit dient, steht <strong>im Zentrum des Dr. Artium Studiums die eigene k\u00fcnstlerische Praxis im Kontext der k\u00fcnstlerischen Forschung<\/strong>.[\/vc_column_text][\/vc_column][\/vc_row][vc_row][vc_column][vc_column_text]<\/p>\n<h2>Was sollte ich \u00fcber k\u00fcnstlerische Forschung \/ <em>artistic research<\/em> wissen?<\/h2>\n<p class=\"p2\"><span class=\"s2\">Wir empfehlen, unsere <a href=\"https:\/\/www.mdw.ac.at\/ar_center\/literature-links\/\">Literatursammlung<\/a> und die <a href=\"https:\/\/www.mdw.ac.at\/ar_center\/artistic-research\/\">bisherigen Projekte<\/a> zu studieren, <\/span><span class=\"s2\">um eine Orientierung bez\u00fcglich folgender Fragen zu bekommen:<\/span><\/p>\n<ul class=\"ul1\">\n<li class=\"li3\"><span class=\"s1\">Was ist k\u00fcnstlerische Forschung? (Oder was k\u00f6nnte sie sein?)<\/span><\/li>\n<li class=\"li3\"><span class=\"s1\">Was ist\/war bis jetzt k\u00fcnstlerische Forschung an der mdw?<\/span><\/li>\n<li class=\"li3\"><span class=\"s1\">Wie kann ich mein Dissertationsprojekt in diesem Kontext situieren?<\/span><\/li>\n<\/ul>\n<p class=\"p3\"><span class=\"s1\">Hiermit sollten Sie in der Lage sein, Ihre Bewerbung gut vorzubereiten.<\/span><\/p>\n<p>[\/vc_column_text][\/vc_column][\/vc_row][vc_row][vc_column][vc_column_text]<\/p>\n<h2>Themen von Dissertationsprojekten und m\u00f6gliche Betreuer_innen<\/h2>\n<p>Das k\u00fcnstlerische Doktoratsstudium der mdw f\u00f6rdert Forschung, die sich auf k\u00fcnstlerische Praxis und plurale Methoden und Wissensformen bezieht und diese weiterentwickelt. Dissertationsprojekte sind typischerweise gekennzeichnet durch Inter- und Transdisziplinarit\u00e4t, Prozessorientierung und einer Kontextualisierung in kultur- und gesellschaftspolitischen Realit\u00e4ten.<\/p>\n<p>Das Doktoratsstudium ist offen gegen\u00fcber allen an der Universit\u00e4t vertretenen Kunstdisziplinen (<strong>Musik, Theater, Film<\/strong>) sowie auch dar\u00fcber hinaus gehenden transdisziplin\u00e4ren k\u00fcnstlerisch forschenden Ans\u00e4tzen.<\/p>\n<p>Das Studium motiviert auch Verbindungen zu Wissenschaft und Forschung an der mdw (beispielsweise Musikwissenschaft, Ethnomusikologie, Filmwissenschaft sowie die Theater\/Performance Studies\/Dramaturgie, Tanzwissenschaft, Musiktherapie, Musiksoziologie, Kulturwissenschaften, Gender Studies, Queer Studies, Akustik).<\/p>\n<p>Eine \u00dcbersicht \u00fcber die an der mdw vertretenen Bereiche erhalten Sie anhand der\u00a0<a href=\"https:\/\/www.mdw.ac.at\/421\/\">Liste der Institute<\/a> bzw. der <a href=\"https:\/\/www.mdw.ac.at\/1229\/\">Master- und Diplomstudien<\/a>.<\/p>\n<p>Die mdw setzt sich f\u00fcr <strong>Geschlechtergerechtigkeit, Chancengleichheit, Critical Diversity und Internationalisierung<\/strong> ein. Wir begr\u00fc\u00dfen ganz besonders die Bewerbung von hochqualifizierten K\u00fcnstler_innen bislang unterrepr\u00e4sentierter Personen-Gruppen und bieten f\u00fcr entsprechende Bewerber_innen gerne Beratungsgespr\u00e4che an. Bei Bedarf ersuchen wir, sich per Email an <a href=\"mailto:ar_center@mdw.ac.at\">ar_center@mdw.ac.at<\/a> zu wenden.<\/p>\n<p>Die <strong>Betreuung eines Dissertationsprojekts erfolgt durch ein Team<\/strong> von mindestens drei fachlich qualifizierten Lehrenden, die die inhaltliche Bandbreite eines Vorhabens abdecken. Auch mdw-externe Personen k\u00f6nnen Teil des Teams sein, mindestens eine Person muss eine Lehrbefugnis (Professur, Habilitation) an der mdw innehaben. Studienwerber_innen sind berechtigt, Wunschbetreuer_innen als m\u00f6gliche Mitglieder des Betreuungsteams zu nennen. Es ist nicht notwendig, die Frage der Betreuung vor der Zulassungspr\u00fcfung zu kl\u00e4ren.[\/vc_column_text][\/vc_column][\/vc_row][vc_row full_width=&#8221;stretch_row_content_no_spaces&#8221;][vc_column]<div  class=\"wpb_content_element   clearfix\"><style type=\"text\/css\">#ut_am_69d066746da33 { opacity: 1; }#ut_am_wrap_69d066746da34 .ut-image-gallery-item-caption-title h3 { letter-spacing: 0em; }#ut_am_wrap_69d066746da34 .ut-gallery-slider-caption { font-weight: bold; }#ut_am_wrap_69d066746da34 { text-align: center; }@media (min-width: 768px) and (max-width: 1024px) { #ut_am_wrap_69d066746da34 { text-align: center !important; } }@media (max-width: 767px) { #ut_am_wrap_69d066746da34 { text-align: center !important; } }<\/style><div id=\"ut_am_wrap_69d066746da34\" class=\"ut-image-gallery-image \"><div id=\"ut_reveal_69d066746da35\"  data-appear-top-offset=\"auto\" class=\"ut-animated-image-item ut-image-gallery-item ut-animation-done \"><a class=\"ut-deactivated-link\" href=\"#\"><div class=\"ut-animated-image-zoom\"><img class=\"ut-lazy skip-lazy ut-animated-image\"  id=\"ut_am_69d066746da33\" src=\"data:image\/svg+xml;charset=utf-8,%3Csvg xmlns%3D'http%3A%2F%2Fwww.w3.org%2F2000%2Fsvg' viewBox%3D'0 0 1300 867'%2F%3E\" data-src=\"https:\/\/www.mdw.ac.at\/ar_center\/wp-content\/uploads\/2020\/06\/Header_Bg_04_02.svg\" width=\"1300\" height=\"867\" alt=\"\"\/><\/div><\/a><\/div><\/div><\/div>[\/vc_column][\/vc_row][vc_row][vc_column][vc_column_text]<\/p>\n<h2 class=\"p1\"><span class=\"s1\">Ablauf der Studienbewerbung<\/span><\/h2>\n<p><span class=\"s2\">Die Studienbewerbung erfolgt ausschlie\u00dflich \u00fcber <b><\/b><a href=\"http:\/\/online.mdw.ac.at\/\"><b>http:\/\/online.mdw.ac.at<\/b><\/a><\/span><\/p>\n<p class=\"p1\"><span class=\"s1\">Wenn man noch nicht Studierende\/r der mdw ist, muss man einen Bewerber\/innen-Account erstellen, bevor man sich f\u00fcr die Zulassungspr\u00fcfung registrieren kann. Das K\u00fcnstlerische Doktorat findet man in der Kategorie &#8220;Doktoratsstudium&#8221;.\u00a0<\/span><\/p>\n<p>Bewerbungen werden ausschlie\u00dflich \u00fcber das StudienCenter verwaltet.<\/p>\n<p class=\"p1\">F\u00fcr Fragen zum Bewerbungsprozess wenden Sie sich bitte an:<span class=\"s1\">\u00a0<\/span><a href=\"https:\/\/www.mdw.ac.at\/StudienCenter\/\" target=\"_blank\" rel=\"noopener noreferrer\"><span class=\"s1\"><b>StudienCenter<\/b>,<\/span><\/a><span class=\"s1\">\u00a0<\/span><span class=\"s1\">Anton-von-Webern-Platz 1,\u00a0<\/span><span class=\"s1\">1030 Wien,\u00a0<\/span><span class=\"s1\">Telefon: +43-1-711 55-6900 bis 6922, <\/span><span class=\"s2\">Email: <a href=\"mailto:studiencenter@mdw.ac.at\"><span class=\"s3\">studiencenter@mdw.ac.at<\/span><\/a><\/span><\/p>\n<p>[\/vc_column_text][\/vc_column][\/vc_row][vc_row][vc_column][vc_column_text]<\/p>\n<h3 style=\"text-align: center;\">Zeitplan<\/h3>\n<p>[\/vc_column_text]<style type=\"text\/css\">#ut_simple_time_line_69d066746daa2::before { border-color: #197faa; }#ut_simple_time_line_69d066746daa2 .ut-simple-time-line-event-marker-small { border-color: #197faa; }#ut_simple_time_line_69d066746daa2 .ut-marker-large-animation-1 { border-color: #1a7fb2; }#ut_simple_time_line_69d066746daa2 .ut-marker-large-animation-1 { border-style: solid; }#ut_simple_time_line_69d066746daa2 .ut-marker-large-animation-2 { border-color: #1ba2b7; }#ut_simple_time_line_69d066746daa2 .ut-marker-large-animation-2 { border-style: solid; }#ut_simple_time_line_69d066746daa2 .ut-marker-large-animation-3 { border-style: solid; }#ut_simple_time_line_69d066746daa2 .ut-marker-large-animation-4 { border-style: solid; }<\/style><div id=\"ut_simple_time_line_69d066746daa2\" class=\"ut-simple-time-line-wrap\" data-settings=\"{&quot;animate&quot;:true,&quot;delay_animation&quot;:true,&quot;global_delay_animation&quot;:false,&quot;delay_timer&quot;:200,&quot;delay_timer_marker&quot;:100,&quot;animation_style_marker&quot;:&quot;none&quot;,&quot;global_delay_timer&quot;:200}\"><div class=\"ut-simple-time-line  clearfix\"><div class=\"ut-simple-time-line-event\"><div  class=\"ut-simple-time-line-event-marker ut-simple-time-line-event-marker-small \"><\/div><div class=\"ut-simple-time-line-event-title\">02. Februar 2026 \u2013 15. April 2026<\/div><h3 class=\"ut-simple-time-line-event-subtitle\">Anmeldung zur Zulassungspr\u00fcfung f\u00fcr das Studienjahr 2026\/27<\/h3><div class=\"ut-simple-time-line-event-text\"><p>auf <a href=\"http:\/\/online.mdw.ac.at\">online.mdw.ac.at<\/a><br \/>\n<br \/>\nArt des Studiums: \"Doktoratsstudium\"<br \/>\nStudium: \"k\u00fcnstlerisches Doktorat\"<br \/>\n<br \/>\nEinreichung der schriftlichen Unterlagen.<\/p><\/div><\/div><div class=\"ut-simple-time-line-event\"><div  class=\"ut-simple-time-line-event-marker ut-simple-time-line-event-marker-small \"><\/div><div class=\"ut-simple-time-line-event-title\">15. April 2026<\/div><h3 class=\"ut-simple-time-line-event-subtitle\">Deadline f\u00fcr die Anmeldung zur Zulassungspr\u00fcfung<\/h3><\/div><div class=\"ut-simple-time-line-event\"><div  class=\"ut-simple-time-line-event-marker ut-simple-time-line-event-marker-small \"><\/div><div class=\"ut-simple-time-line-event-title\">10. Juni 2026<\/div><h3 class=\"ut-simple-time-line-event-subtitle\">M\u00fcndlicher Teil der Zulassungspr\u00fcfung<\/h3><\/div><\/div><div class=\"clear\"><\/div><\/div>[vc_column_text][\/vc_column_text][\/vc_column][\/vc_row][vc_row][vc_column][vc_column_text]<\/p>\n<h2><strong>Unterlagen f\u00fcr den ersten Teil der Zulassungspr\u00fcfung:<\/strong><\/h2>\n<p><strong>Alle Unterlagen sind ausschlie\u00dflich in englischer Sprache elektronisch einzureichen.<\/strong><\/p>\n<h4>a) Nachweis eines qualifizierten k\u00fcnstlerischen Werdegangs:<\/h4>\n<ul>\n<li>Lebenslauf<\/li>\n<li>Dokumentation bisheriger k\u00fcnstlerischer Leistungen<\/li>\n<\/ul>\n<h4>b) Vorlage einer Dokumentation aus k\u00fcnstlerischen Arbeitsproben und allenfalls zus\u00e4tzlichen Materialien, aus denen auch die Bef\u00e4higung zu analytischem und eigenst\u00e4ndigem Denken und Reflexion ablesbar sind:<\/h4>\n<ul>\n<li>Audio- \/ Video-Material in Form von Online-Links<\/li>\n<li>Links zu Websites, Online-Dokumentation<\/li>\n<li>Texte<\/li>\n<li>Ver\u00f6ffentlichungen<\/li>\n<\/ul>\n<h4>c) Eine schriftliche Darstellung des Dissertationsprojekts:<\/h4>\n<ul>\n<li>allgemeine Projektbeschreibung \/ \u00dcberblick<\/li>\n<li>Projektziel(e), k\u00fcnstlerischen Forschungsfrage(n), deren Kontext und (internationale) Relevanz<\/li>\n<li>Intendierte Methoden<\/li>\n<li>Prozentuale Angabe der Gewichtung der f\u00fcr das Projekt relevanten k\u00fcnstlerischen und\/oder wissenschaftlichen Teildisziplinen<\/li>\n<li>M\u00f6glicherweise geeignete Formen der Dokumentation und Dissemination<\/li>\n<li>die Position des eigenen Arbeitsvorhabens\n<ul>\n<li>in Bezug auf Gesellschaft und soziale Relevanz<\/li>\n<li>potentielle Wirkung des Projektes<\/li>\n<li>eventuell: nationale und internationale Vernetzungen<\/li>\n<\/ul>\n<\/li>\n<li>weitere inhaltliche Aspekte, ethische Fragen, Mehrwert (optional)<\/li>\n<\/ul>\n<p>[\/vc_column_text][\/vc_column][\/vc_row][vc_row full_width=&#8221;stretch_row_content_no_spaces&#8221;][vc_column]<div  class=\"wpb_content_element   clearfix\"><style type=\"text\/css\">#ut_am_69d066746db7a { opacity: 1; }#ut_am_wrap_69d066746db7b .ut-image-gallery-item-caption-title h3 { letter-spacing: 0em; }#ut_am_wrap_69d066746db7b .ut-gallery-slider-caption { font-weight: bold; }#ut_am_wrap_69d066746db7b { text-align: center; }@media (min-width: 768px) and (max-width: 1024px) { #ut_am_wrap_69d066746db7b { text-align: center !important; } }@media (max-width: 767px) { #ut_am_wrap_69d066746db7b { text-align: center !important; } }<\/style><div id=\"ut_am_wrap_69d066746db7b\" class=\"ut-image-gallery-image \"><div id=\"ut_reveal_69d066746db7c\"  data-appear-top-offset=\"auto\" class=\"ut-animated-image-item ut-image-gallery-item ut-animation-done \"><a class=\"ut-deactivated-link\" href=\"#\"><div class=\"ut-animated-image-zoom\"><img class=\"ut-lazy skip-lazy ut-animated-image\"  id=\"ut_am_69d066746db7a\" src=\"data:image\/svg+xml;charset=utf-8,%3Csvg xmlns%3D'http%3A%2F%2Fwww.w3.org%2F2000%2Fsvg' viewBox%3D'0 0 1300 867'%2F%3E\" data-src=\"https:\/\/www.mdw.ac.at\/ar_center\/wp-content\/uploads\/2020\/06\/Header_Bg_04_02.svg\" width=\"1300\" height=\"867\" alt=\"\"\/><\/div><\/a><\/div><\/div><\/div>[\/vc_column][\/vc_row][vc_row][vc_column][vc_column_text]<\/p>\n<h2>Informationen \u00fcber erforderliche Sprachkenntnisse<\/h2>\n<p>Kenntnisse der englischen Sprache sind auf dem Niveau C1 erforderlich. Der Nachweis kann anhand vorhandener Publikationen und Korrespondenz bzw. im Zuge der Zulassungspr\u00fcfung festgestellt werden. Im Zweifel ist zur Studienzulassung ein entsprechendes Zertifikat zu erbringen.<\/p>\n<p><a href=\"https:\/\/www.mdw.ac.at\/vr-lehre\/sprachkompetenzverordnung\/\">Sprachkenntnisse allgemeine Informationen<\/a><\/p>\n<p class=\"p1\"><span class=\"s1\"><a href=\"https:\/\/www.mdw.ac.at\/upload\/MDWeb\/orb\/downloads\/Sprachkompetenzverordnung.pdf\" target=\"_blank\" rel=\"noopener noreferrer\">Sprachkompetenzverordnung der mdw<\/a><\/span><\/p>\n<p class=\"p1\"><span class=\"s1\"><a href=\"https:\/\/www.mdw.ac.at\/upload\/mdwUNI\/files\/erforderliche_sprachnachweise_ab_wintersemester_2020.pdf\" target=\"_blank\" rel=\"noopener noreferrer\">Erforderliche Sprachnachweise f\u00fcr Studienprogramme der mdw<\/a><\/span><\/p>\n<p>[\/vc_column_text][\/vc_column][\/vc_row][vc_row][vc_column][vc_column_text]<\/p>\n<h2>Information \u00fcber Studiengeb\u00fchren und F\u00f6rderm\u00f6glichkeiten<\/h2>\n<p>Bitte besuchen Sie die Website des <a href=\"https:\/\/www.mdw.ac.at\/studiencenter\/studienbeitrag\/\" target=\"_blank\" rel=\"noopener noreferrer\">StudienCenter!<\/a><\/p>\n<p>Bitte beachten Sie, dass das ARC nicht f\u00fcr Stipendien oder finanziellen Support von Studierenden des k\u00fcnstlerischen Doktorats zust\u00e4ndig ist. Folgende Webseiten k\u00f6nnten in diesem Zusammenhang f\u00fcr Sie n\u00fctzlich sein:<\/p>\n<p><a href=\"https:\/\/www.mdw.ac.at\/1488\/\">https:\/\/www.mdw.ac.at\/1488\/<\/a><\/p>\n<p><a href=\"https:\/\/www.hmdw.ac.at\/index.php\/uv-referate\/referat-fuer-sozialpolitik-und-inklusion\">https:\/\/www.hmdw.ac.at\/index.php\/uv-referate\/referat-fuer-sozialpolitik-und-inklusion<\/a><\/p>\n<p><a href=\"https:\/\/www.mdw.ac.at\/stdir\/stipendien\/\">https:\/\/www.mdw.ac.at\/stdir\/stipendien\/<\/a><\/p>\n<p><a href=\"https:\/\/www.oeaw.ac.at\/foerderungen\/stipendien-preise\">https:\/\/www.oeaw.ac.at\/foerderungen\/stipendien-preise<\/a>[\/vc_column_text][\/vc_column][\/vc_row][vc_row][vc_column][vc_column_text]<\/p>\n<h2>Studienordnung<\/h2>\n<p>[\/vc_column_text][vc_row_inner][vc_column_inner width=&#8221;1\/2&#8243;]<div class=\"wpb_content_element \"><style type=\"text\/css\">#ut_sb_69d066746dbc8 .ut-icon-box .ut-service-box-icon { color: #FFF; }#ut_sb_69d066746dbc8 .ut-arrow-right { border-left: 10px solid rgba(62, 136, 179, 1); }#ut_sb_69d066746dbc8 .ut-icon-box { background: rgba(62, 136, 179, 1); }#ut_sb_69d066746dbc8 .ut-info a.ut-service-box-link { font-size: 12px; }<\/style><div id=\"ut_sb_69d066746dbc8\" class=\" clearfix  clearfix\"><div  class=\"ut-icon-box ut-icon-box-medium \"><div class=\"ut-arrow-right\"><\/div><i class=\"fa-4x fa fa-book ut-service-box-icon\"><\/i><\/div><div class=\"ut-info\"><h3>Curriculum (Studienplan, als PDF)<\/h3><a class=\"ut-service-box-link ut-service-box-link-icon-before ut-service-box-link-with-animation\" title=\"Curriculum Download\" href=\"http:\/\/www.mdw.ac.at\/ar_center\/wp-content\/uploads\/2020\/06\/Curriculum-Ku\u0308nstl.DoktoratsstudiumBeilage.pdf\" target=\" _blank\" ><i class=\"fa fa-chevron-down\"><\/i>Curriculum Download<\/a><\/div><\/div><\/div>[\/vc_column_inner][vc_column_inner width=&#8221;1\/2&#8243;]<div class=\"wpb_content_element \"><style type=\"text\/css\">#ut_sb_69d066746dc0d .ut-icon-box .ut-service-box-icon { color: #FFF; }#ut_sb_69d066746dc0d .ut-arrow-right { border-left: 10px solid rgba(62, 136, 179, 1); }#ut_sb_69d066746dc0d .ut-icon-box { background: rgba(62, 136, 179, 1); }#ut_sb_69d066746dc0d .ut-info a.ut-service-box-link { font-size: 12px; }<\/style><div id=\"ut_sb_69d066746dc0d\" class=\" clearfix  clearfix\"><div  class=\"ut-icon-box ut-icon-box-medium \"><div class=\"ut-arrow-right\"><\/div><i class=\"fa-4x fa fa-book ut-service-box-icon\"><\/i><\/div><div class=\"ut-info\"><h3>Satzungsteil \u00a737a and 39, Studienrecht (PDF)<\/h3><a class=\"ut-service-box-link ut-service-box-link-icon-before ut-service-box-link-with-animation\" title=\"Satzungsteil, Studienrecht Download \" href=\"https:\/\/www.mdw.ac.at\/ar_center\/wp-content\/uploads\/2024\/02\/Satzung.pdf\" target=\" _blank\" ><i class=\"fa fa-chevron-down\"><\/i>Satzungsteil, Studienrecht Download <\/a><\/div><\/div><\/div>[\/vc_column_inner][\/vc_row_inner][\/vc_column][\/vc_row][vc_row][vc_column][vc_row_inner][vc_column_inner width=&#8221;1\/2&#8243;]<div class=\"wpb_content_element \"><style type=\"text\/css\">#ut_sb_69d066746dc40 .ut-icon-box .ut-service-box-icon { color: #FFF; }#ut_sb_69d066746dc40 .ut-arrow-right { border-left: 10px solid rgba(62, 136, 179, 1); }#ut_sb_69d066746dc40 .ut-icon-box { background: rgba(62, 136, 179, 1); }#ut_sb_69d066746dc40 .ut-info a.ut-service-box-link { font-size: 12px; }<\/style><div id=\"ut_sb_69d066746dc40\" class=\" clearfix  clearfix\"><div  class=\"ut-icon-box ut-icon-box-medium \"><div class=\"ut-arrow-right\"><\/div><i class=\"fa-4x fa fa-book ut-service-box-icon\"><\/i><\/div><div class=\"ut-info\"><h3>Informationen zu Visum und Aufenthaltstitel (PDF)<\/h3><a class=\"ut-service-box-link ut-service-box-link-icon-before ut-service-box-link-with-animation\" title=\"Visum Download\" href=\"https:\/\/www.mdw.ac.at\/ar_center\/wp-content\/uploads\/2021\/04\/Information-zu-Visum-und-Aufenthaltstitel.pdf\" target=\" _blank\" ><i class=\"fa fa-chevron-down\"><\/i>Visum Download<\/a><\/div><\/div><\/div>[\/vc_column_inner][\/vc_row_inner][\/vc_column][\/vc_row][\/vc_section][vc_section disable_element=&#8221;yes&#8221;][vc_row][vc_column][vc_column_text]<\/p>\n<h3>Informationen zur Bewerbung \u2013 Zulassungspr\u00fcfungen<\/h3>\n<p>&nbsp;<\/p>\n<h3 class=\"p1\"><span class=\"s1\">Voraussichtlicher Zeitplan <\/span><\/h3>\n<p><strong>Anmeldung zur Zulassungspr\u00fcfung:<\/strong> voraussichtlich ab 2. Juli 2020<\/p>\n<p><strong>Termin der Zulassungspr\u00fcfung:<\/strong> voraussichtlich 30. September 2020<\/p>\n<p><strong>Deadline f\u00fcr die Einreichung des schriftlichen Teils der Zulassungspr\u00fcfung<\/strong>: 15. August 2020<\/p>\n<p>&nbsp;<\/p>\n<p>Alle diese Termine werden demn\u00e4chst noch offiziell best\u00e4tigt werden, k\u00f6nnen sich aber noch geringf\u00fcgig \u00e4ndern. Bitte um Geduld!<\/p>\n<p>&nbsp;<\/p>\n<h3>Informationen \u00fcber die erforderlichen Sprachkenntnisse<\/h3>\n<p>Kenntnisse der englischen Sprache sind auf dem Niveau C1 erforderlich. Der Nachweis kann anhand vorhandener Publikationen und Korrespondenz bzw. im Zuge der Zulassungspr\u00fcfung festgestellt werden. Im Zweifel ist zur Studienzulassung ein entsprechendes Zertifikat zu erbringen.<\/p>\n<p class=\"p1\"><span class=\"s1\"><a href=\"https:\/\/www.mdw.ac.at\/upload\/MDWeb\/orb\/downloads\/Sprachkompetenzverordnung.pdf\" target=\"_blank\" rel=\"noopener noreferrer\">Sprachkompetenzverordnung der mdw<\/a><\/span><\/p>\n<p class=\"p1\"><span class=\"s1\"><a href=\"https:\/\/www.mdw.ac.at\/upload\/mdwUNI\/files\/erforderliche_sprachnachweise_ab_wintersemester_2020.pdf\" target=\"_blank\" rel=\"noopener noreferrer\">Erforderliche Sprachnachweise f\u00fcr Studienprogramme der mdw<\/a><\/span><\/p>\n<p>[\/vc_column_text][\/vc_column][\/vc_row][\/vc_section]<\/p>\n","protected":false},"excerpt":{"rendered":"<p>[vc_section css=&#8221;.vc_custom_1592276193308{margin-top: 100px !important;}&#8221;][vc_row][vc_column][vc_column_text]Das k\u00fcnstlerische Doktoratsstudium (Doctor Artium) widmet sich innovativer k\u00fcnstlerischer Arbeit. Sie f\u00fchrt zur Produktion neuen Wissens und dient als eigenst\u00e4ndiger Beitrag zur Entwicklung und Erschlie\u00dfung der K\u00fcnste.\u00a0Dabei ist von einer Vielfalt an Wissens- und Verstehensformen auszugehen. Das Studium bef\u00e4higt die Absolvent_innen, den internationalen Standards entsprechende, eigenst\u00e4ndige k\u00fcnstlerische Forschungsleistungen zu erbringen.[\/vc_column_text][vc_column_text]W\u00e4hrend das wissenschaftliche [&hellip;]<\/p>\n","protected":false},"author":1,"featured_media":0,"parent":0,"menu_order":0,"comment_status":"closed","ping_status":"closed","template":"","meta":[],"_links":{"self":[{"href":"https:\/\/www.mdw.ac.at\/ar_center\/wp-json\/wp\/v2\/pages\/192"}],"collection":[{"href":"https:\/\/www.mdw.ac.at\/ar_center\/wp-json\/wp\/v2\/pages"}],"about":[{"href":"https:\/\/www.mdw.ac.at\/ar_center\/wp-json\/wp\/v2\/types\/page"}],"author":[{"embeddable":true,"href":"https:\/\/www.mdw.ac.at\/ar_center\/wp-json\/wp\/v2\/users\/1"}],"replies":[{"embeddable":true,"href":"https:\/\/www.mdw.ac.at\/ar_center\/wp-json\/wp\/v2\/comments?post=192"}],"version-history":[{"count":94,"href":"https:\/\/www.mdw.ac.at\/ar_center\/wp-json\/wp\/v2\/pages\/192\/revisions"}],"predecessor-version":[{"id":3537,"href":"https:\/\/www.mdw.ac.at\/ar_center\/wp-json\/wp\/v2\/pages\/192\/revisions\/3537"}],"wp:attachment":[{"href":"https:\/\/www.mdw.ac.at\/ar_center\/wp-json\/wp\/v2\/media?parent=192"}],"curies":[{"name":"wp","href":"https:\/\/api.w.org\/{rel}","templated":true}]}}